000
CXUS53 KDLH 200637
CF6INL
PRELIMINARY LOCAL CLIMATOLOGICAL DATA (WS FORM: F-6)

                                          STATION:   INTERNATIONAL FALLS
                                          MONTH:     JUNE
                                          YEAR:      2018
                                          LATITUDE:   48 34 N
                                          LONGITUDE:  93 23 W

  TEMPERATURE IN F:       :PCPN:    SNOW:  WIND      :SUNSHINE: SKY     :PK WND
================================================================================
1   2   3   4   5  6A  6B    7    8   9   10  11  12  13   14  15   16   17  18
                                     12Z  AVG MX 2MIN
DY MAX MIN AVG DEP HDD CDD  WTR  SNW DPTH SPD SPD DIR MIN PSBL S-S WX    SPD DR
================================================================================

 1  57  48  53  -4  12   0 0.00  0.0    0 12.3 25 120   M    M  10 1      32 120
 2  56  49  53  -4  12   0 1.02  0.0    0 10.3 28 120   M    M  10 1      34 120
 3  62  43  53  -4  12   0 0.11  0.0    0  9.9 26 310   M    M   8 1      38 320
 4  68  43  56  -2   9   0 0.00  0.0    0  9.2 23 320   M    M   1        28 320
 5  72  37  55  -3  10   0 0.00  0.0    0  5.7 13 140   M    M   1        19 150
 6  71  44  58   0   7   0    T  0.0    0  8.2 23 300   M    M   3        30 320
 7  77  39  58  -1   7   0 0.00  0.0    0  2.4 10 140   M    M   1 1      18 150
 8  80  49  65   6   0   0 0.00  0.0    0  7.4 15 130   M    M   1        20 140
 9  67  55  61   2   4   0 0.23  0.0    0  8.5 16 130   M    M  10 1      21 150
10  79  56  68   8   0   3 0.00  0.0    0 11.0 21 130   M    M   2        28 120
11  75  52  64   4   1   0 0.09  0.0    0  9.2 35 140   M    M   6 1      46 130
12  74  46  60   0   5   0 0.01  0.0    0  5.5 15 330   M    M   4 1      18 320
13  80  42  61   1   4   0 0.00  0.0    0  5.6 16 290   M    M   0        22 300
14  81  44  63   2   2   0    T  0.0    0  8.2 18 130   M    M   1        26 120
15  76  59  68   7   0   3 0.23  0.0    0  6.8 23 330   M    M   8 13     32 330
16  74  66  70   9   0   5 0.35  0.0    0  3.4  9  20   M    M   9 13     12 150
17  72  53  63   2   2   0 0.49  0.0    0  5.5 14 360   M    M   8 1      17 360
18  79  50  65   3   0   0 0.00  0.0    0  4.0 12  30   M    M   0        16  10
19  80  46  63   1   2   0 0.00  0.0    0  1.7 12  20   M    M   0 1      17  20
================================================================================
SM 1380  921        89  11  2.53     0.0 134.8          M       83
================================================================================
AV 72.6 48.5                               7.1 FASTST   M    M   4    MAX(MPH)
                                 MISC ---->  # 35 140               # 46  130
================================================================================
NOTES:
# LAST OF SEVERAL OCCURRENCES

COLUMN 17 PEAK WIND IN M.P.H.

PRELIMINARY LOCAL CLIMATOLOGICAL DATA (WS FORM: F-6) , PAGE 2

                                          STATION:  INTERNATIONAL FALLS
                                          MONTH:    JUNE
                                          YEAR:     2018
                                          LATITUDE:   48 34 N
                                          LONGITUDE:  93 23 W

[TEMPERATURE DATA]      [PRECIPITATION DATA]       SYMBOLS USED IN COLUMN 16

AVERAGE MONTHLY: 60.6   TOTAL FOR MONTH:   2.53    1 = FOG OR MIST
DPTR FM NORMAL:   1.1   DPTR FM NORMAL:    0.19    2 = FOG REDUCING VISIBILITY
HIGHEST:    81 ON 14    GRTST 24HR  1.02 ON  2- 2      TO 1/4 MILE OR LESS
LOWEST:     37 ON  5                               3 = THUNDER
                        SNOW, ICE PELLETS, HAIL    4 = ICE PELLETS
                        TOTAL MONTH:   0.0 INCH    5 = HAIL
                        GRTST 24HR     0.0         6 = FREEZING RAIN OR DRIZZLE
                        GRTST DEPTH:   0           7 = DUSTSTORM OR SANDSTORM:
                                                       VSBY 1/2 MILE OR LESS
                                                   8 = SMOKE OR HAZE
[NO. OF DAYS WITH]      [WEATHER - DAYS WITH]      9 = BLOWING SNOW
                                                   X = TORNADO
MAX 32 OR BELOW:   0    0.01 INCH OR MORE:   8
MAX 90 OR ABOVE:   0    0.10 INCH OR MORE:   6
MIN 32 OR BELOW:   0    0.50 INCH OR MORE:   1
MIN  0 OR BELOW:   0    1.00 INCH OR MORE:   1

[HDD (BASE 65) ]
TOTAL THIS MO.    89    CLEAR  (SCALE 0-3)  10
DPTR FM NORMAL   -35    PTCLDY (SCALE 4-7)   5
TOTAL FM JUL 1 10448    CLOUDY (SCALE 8-10)  4
DPTR FM NORMAL   267

[CDD (BASE 65) ]
TOTAL THIS MO.    11
DPTR FM NORMAL    -9    [PRESSURE DATA]
TOTAL FM JAN 1    46    HIGHEST SLP M ON M
DPTR FM NORMAL    17    LOWEST  SLP 29.74 ON M

[REMARKS]
