000
CXUS53 KDLH 260920
CF6INL
PRELIMINARY LOCAL CLIMATOLOGICAL DATA (WS FORM: F-6)

                                          STATION:   INTERNATIONAL FALLS
                                          MONTH:     OCTOBER
                                          YEAR:      2020
                                          LATITUDE:   48 34 N
                                          LONGITUDE:  93 23 W

  TEMPERATURE IN F:       :PCPN:    SNOW:  WIND      :SUNSHINE: SKY     :PK WND
================================================================================
1   2   3   4   5  6A  6B    7    8   9   10  11  12  13   14  15   16   17  18
                                     12Z  AVG MX 2MIN
DY MAX MIN AVG DEP HDD CDD  WTR  SNW DPTH SPD SPD DIR MIN PSBL S-S WX    SPD DR
================================================================================

 1  44  36  40  -7  25   0 0.02  0.0    0  9.2 17 320   M    M   9 18     25 360
 2  40  33  37 -10  28   0    T    T    0  3.1  9 130   M    M   9 18     12 120
 3  48  31  40  -6  25   0 0.00  0.0    0  1.8  8  30   M    M   9        11 350
 4  55  26  41  -5  24   0 0.04  0.0    0  6.6 16 210   M    M   5        26 200
 5  63  37  50   5  15   0 0.02  0.0    0  7.1 17 300   M    M   4        27 230
 6  64  36  50   5  15   0 0.19  0.0    0  7.2 25 300   M    M   6 13     37 300
 7  57   M   M   M   M   M 0.01  0.0    0  6.5 20 320   M    M   6 18     28 330
 8   M   M   M   M   M   M    M    M    M    M  M   M   M    M   M         M   M
 9   M   M   M   M   M   M    M    M    M    M  M   M   M    M   M         M   M
10  53  36  45   1  20   0 0.00  0.0    0  7.0 16 350   M    M   4        22 300
11  64  37  51   8  14   0 0.50    T    0 13.0 26 140   M    M   2 13     40 130
12  57  32  45   2  20   0 0.50  0.0    0  8.9 22 290   M    M   4 1      41 290
13  55  33  44   2  21   0 0.08  0.0    0  8.3 24 270   M    M   4 1      40 240
14  41  32  37  -5  28   0 0.86  0.0    0  8.8 25 340   M    M   7 1      38 340
15  41  28  35  -7  30   0    T    T    0  7.8 23 340   M    M   7        34 340
16  34  18  26 -15  39   0 0.02  0.2    T  4.8 16 280   M    M   7 128    23 290
17  36  19  28 -13  37   0    T    T    T  4.4  9 230   M    M   5 18     13 240
18  33  19  26 -14  39   0    T    T    0  6.9 16 260   M    M   8 8      25 270
19  35  13  24 -16  41   0    T    T    0  4.6 10 240   M    M   9 18     17 200
20  33  10  22 -18  43   0 0.11  1.4    1  6.9 15 130   M    M   6 18     20 140
21  33  24  29 -10  36   0 0.02  0.4    2  5.5 14 270   M    M  10 1      20 260
22  36  23  30  -9  35   0 0.00  0.0    1  3.2 10  10   M    M   7 1      14 360
23  35  24  30  -8  35   0 0.02  0.6    1  7.0 15 290   M    M  10 12     24 290
24  32  22  27 -11  38   0 0.02  1.2    2  7.4 15 330   M    M  10 1      19 300
25  31  22  27 -10  38   0 0.01    T    1  5.4 13 300   M    M  10        19 290
================================================================================
SM 1020  591       646   0  2.42  3.8    151.4          M      158
================================================================================
AV 44.3 26.9                               6.6 FASTST   M    M   7    MAX(MPH)
                                 MISC ---->    26 140                 41 290
================================================================================
NOTES:
# LAST OF SEVERAL OCCURRENCES

COLUMN 17 PEAK WIND IN M.P.H.

PRELIMINARY LOCAL CLIMATOLOGICAL DATA (WS FORM: F-6) , PAGE 2

                                          STATION:   INTERNATIONAL FALLS
                                          MONTH:     OCTOBER
                                          YEAR:      2020
                                          LATITUDE:   48 34 N
                                          LONGITUDE:  93 23 W

[TEMPERATURE DATA]      [PRECIPITATION DATA]       SYMBOLS USED IN COLUMN 16

AVERAGE MONTHLY: 35.6   TOTAL FOR MONTH:   2.42    1 = FOG OR MIST
DPTR FM NORMAL:  -6.7   DPTR FM NORMAL:    0.68    2 = FOG REDUCING VISIBILITY
HIGHEST:    64 ON 11, 6  GRTST 24HR  1.00 ON 11-12      TO 1/4 MILE OR LESS
LOWEST:     10 ON 20                               3 = THUNDER
                        SNOW, ICE PELLETS, HAIL    4 = ICE PELLETS
                        TOTAL MONTH:   3.8 INCHES  5 = HAIL
                        GRTST 24HR   1.4 ON 20-20  6 = FREEZING RAIN OR DRIZZLE
                        GRTST DEPTH:   2 ON 24,21  7 = DUSTSTORM OR SANDSTORM:
                                                       VSBY 1/2 MILE OR LESS
                                                   8 = SMOKE OR HAZE
[NO. OF DAYS WITH]      [WEATHER - DAYS WITH]      9 = BLOWING SNOW
                                                   X = TORNADO
MAX 32 OR BELOW:   2    0.01 INCH OR MORE:  15
MAX 90 OR ABOVE:   0    0.10 INCH OR MORE:   5
MIN 32 OR BELOW:  15    0.50 INCH OR MORE:   3
MIN  0 OR BELOW:   0    1.00 INCH OR MORE:   0

[HDD (BASE 65) ]
TOTAL THIS MO.   646    CLEAR  (SCALE 0-3)   1
DPTR FM NORMAL    79    PTCLDY (SCALE 4-7)  14
TOTAL FM JUL 1  1102    CLOUDY (SCALE 8-10) 10
DPTR FM NORMAL     1

[CDD (BASE 65) ]
TOTAL THIS MO.     0
DPTR FM NORMAL     0    [PRESSURE DATA]
TOTAL FM JAN 1   249    HIGHEST SLP M ON M
DPTR FM NORMAL    57    LOWEST  SLP 28.60 ON 10

[REMARKS]
