000
CXUS56 KFGZ 170900
CF6INW
PRELIMINARY LOCAL CLIMATOLOGICAL DATA (WS FORM: F-6)

                                          STATION:   WINSLOW AZ AIRPORT
                                          MONTH:     DECEMBER
                                          YEAR:      2018
                                          LATITUDE:   35  1 N
                                          LONGITUDE: 110 44 W

  TEMPERATURE IN F:       :PCPN:    SNOW:  WIND      :SUNSHINE: SKY     :PK WND
================================================================================
1   2   3   4   5  6A  6B    7    8   9   10  11  12  13   14  15   16   17  18
                                     12Z  AVG MX 2MIN
DY MAX MIN AVG DEP HDD CDD  WTR  SNW DPTH SPD SPD DIR MIN PSBL S-S WX    SPD DR
================================================================================

 1  53  33  43   5  22   0 0.00    M    M 11.5 23 220   M    M   3        30 220
 2  49  26  38   1  27   0    T    M    M 11.8 26 230   M    M   5        33 290
 3  44  18  31  -6  34   0 0.00    M    M  3.0  9  40   M    M   0        12  50
 4  44  16  30  -7  35   0 0.00  0.0    0  3.5  9  10   M    M   0        12  30
 5  50  15  33  -3  32   0 0.00    M    M  3.2 12 310   M    M   0        14 310
 6  41  23  32  -4  33   0 0.02    M    M  3.9 15 310   M    M   7        17 310
 7  45  34  40   4  25   0 0.03    M    M  5.3 14 300   M    M  10 1      16 300
 8  50  27  39   3  26   0 0.00    M    M  4.3  9 290   M    M   5        11 300
 9  51  20  36   1  29   0 0.00    M    M  2.3  9 220   M    M   0        10 340
10  48  21  35   0  30   0 0.00    M    M  3.6 10 270   M    M   0        12 270
11  57  28  43   8  22   0 0.00    M    M  4.2 10 130   M    M   0        13 120
12  62  23  43   8  22   0 0.00    M    M 10.5 32 260   M    M   0        39 300
13  46  17  32  -2  33   0 0.00    M    M  6.2 16 290   M    M   0        18 300
14  45  14  30  -4  35   0 0.00    M    M  4.2 12 120   M    M   0        14 120
15  52  24  38   4  27   0 0.00    M    M  2.3  8 230   M    M   0         9 160
16  53  17  35   1  30   0 0.00    M    M  1.9  8 180   M    M   0        10 320
================================================================================
SM  790  356       462   0  0.05     0.0  81.7          M       30
================================================================================
AV 49.4 22.3                               5.1 FASTST   M    M   2    MAX(MPH)
                                 MISC ---->  # 32 260               # 39  300
================================================================================
NOTES:
# LAST OF SEVERAL OCCURRENCES

COLUMN 17 PEAK WIND IN M.P.H.

PRELIMINARY LOCAL CLIMATOLOGICAL DATA (WS FORM: F-6) , PAGE 2

                                          STATION:  WINSLOW AZ AIRPORT
                                          MONTH:    DECEMBER
                                          YEAR:     2018
                                          LATITUDE:   35  1 N
                                          LONGITUDE: 110 44 W

[TEMPERATURE DATA]      [PRECIPITATION DATA]       SYMBOLS USED IN COLUMN 16

AVERAGE MONTHLY: 35.8   TOTAL FOR MONTH:   0.05    1 = FOG OR MIST
DPTR FM NORMAL:   0.2   DPTR FM NORMAL:   -0.24    2 = FOG REDUCING VISIBILITY
HIGHEST:    62 ON 12    GRTST 24HR  0.17 ON 30- 1      TO 1/4 MILE OR LESS
LOWEST:     14 ON 14                               3 = THUNDER
                        SNOW, ICE PELLETS, HAIL    4 = ICE PELLETS
                        TOTAL MONTH:   0.0 INCH    5 = HAIL
                        GRTST 24HR     0.0         6 = FREEZING RAIN OR DRIZZLE
                        GRTST DEPTH:   0           7 = DUSTSTORM OR SANDSTORM:
                                                       VSBY 1/2 MILE OR LESS
                                                   8 = SMOKE OR HAZE
[NO. OF DAYS WITH]      [WEATHER - DAYS WITH]      9 = BLOWING SNOW
                                                   X = TORNADO
MAX 32 OR BELOW:   0    0.01 INCH OR MORE:   2
MAX 90 OR ABOVE:   0    0.10 INCH OR MORE:   0
MIN 32 OR BELOW:  14    0.50 INCH OR MORE:   0
MIN  0 OR BELOW:   0    1.00 INCH OR MORE:   0

[HDD (BASE 65) ]
TOTAL THIS MO.   462    CLEAR  (SCALE 0-3)  12
DPTR FM NORMAL    -9    PTCLDY (SCALE 4-7)   3
TOTAL FM JUL 1  1405    CLOUDY (SCALE 8-10)  1
DPTR FM NORMAL    -2

[CDD (BASE 65) ]
TOTAL THIS MO.     0
DPTR FM NORMAL     0    [PRESSURE DATA]
TOTAL FM JAN 1  1663    HIGHEST SLP M ON M
DPTR FM NORMAL   455    LOWEST  SLP 29.66 ON  2

[REMARKS]
