000
CXUS55 KDVN 191100
CF6IOW
PRELIMINARY LOCAL CLIMATOLOGICAL DATA (WS FORM: F-6)

                                          STATION:   IOWA CITY IA
                                          MONTH:     SEPTEMBER
                                          YEAR:      2018
                                          LATITUDE:   41 37 N
                                          LONGITUDE:  91 33 W

  TEMPERATURE IN F:       :PCPN:    SNOW:  WIND      :SUNSHINE: SKY     :PK WND
================================================================================
1   2   3   4   5  6A  6B    7    8   9   10  11  12  13   14  15   16   17  18
                                     12Z  AVG MX 2MIN
DY MAX MIN AVG DEP HDD CDD  WTR  SNW DPTH SPD SPD DIR MIN PSBL S-S WX    SPD DR
================================================================================

 1  85  68  77   7   0  12 1.21    M    M  6.3 20 260   M    M   7 13     26 260
 2  86  67  77   8   0  12 0.09    M    M  6.9 21 260   M    M   4 13     30 260
 3  85  70  78   9   0  13 0.21    M    M  4.7 10 120   M    M   5 13     14 130
 4  90  69  80  11   0  15 0.00    M    M  8.1 17 170   M    M   1 1      25 190
 5  78  70  74   6   0   9 2.76    M    M  6.8 18 200   M    M   9 13     29 190
 6  71  65  68   0   0   3 0.14    M    M  9.4 18  70   M    M  10 1      27  70
 7  70  61  66  -2   0   1 0.04    M    M  9.1 16  50   M    M  10 1      22  50
 8  71  59  65  -2   0   0 0.00    M    M 10.7 20  70   M    M   2        27  60
 9  75  55  65  -2   0   0 0.00    M    M  8.2 14  50   M    M   0        24  50
10  77  49  63  -4   2   0 0.00    M    M  0.5  8  20   M    M   0        12  20
11  82  53  68   2   0   3 0.00    M    M  3.7 14 160   M    M   0        19 170
12  83  56  70   4   0   5 0.00    M    M  3.8 15 160   M    M   0        23 170
13  84  57  71   6   0   6 0.00    M    M  4.1 13 170   M    M   1 1      18 180
14  89  61  75  10   0  10 0.00    M    M  2.5 12 180   M    M   1 1      16 150
15  90  64  77  12   0  12 0.00    M    M  1.6  8  90   M    M   1 1      11 100
16  88  63  76  12   0  11 0.00    M    M  2.1  8 140   M    M   0        12 240
17  92  63  78  14   0  13 0.00    M    M  4.1 13 240   M    M   2 1      19 210
18  80  62  71   8   0   6 0.60    M    M  6.3 32  20   M    M   3 13     52 360
================================================================================
SM 1476 1112         2 131  5.05    M     98.9          M       56
================================================================================
AV 82.0 61.8                               5.5 FASTST   M    M   3    MAX(MPH)
                                 MISC ---->  # 32  20               # 52  360
================================================================================
NOTES:
# LAST OF SEVERAL OCCURRENCES

COLUMN 17 PEAK WIND IN M.P.H.

PRELIMINARY LOCAL CLIMATOLOGICAL DATA (WS FORM: F-6) , PAGE 2

                                          STATION:  IOWA CITY IA
                                          MONTH:    SEPTEMBER
                                          YEAR:     2018
                                          LATITUDE:   41 37 N
                                          LONGITUDE:  91 33 W

[TEMPERATURE DATA]      [PRECIPITATION DATA]       SYMBOLS USED IN COLUMN 16

AVERAGE MONTHLY: 71.9   TOTAL FOR MONTH:   5.05    1 = FOG OR MIST
DPTR FM NORMAL:   5.2   DPTR FM NORMAL:    2.91    2 = FOG REDUCING VISIBILITY
HIGHEST:    92 ON 17    GRTST 24HR  2.76 ON  5- 5      TO 1/4 MILE OR LESS
LOWEST:     49 ON 10                               3 = THUNDER
                        SNOW, ICE PELLETS, HAIL    4 = ICE PELLETS
                        TOTAL MONTH:    M          5 = HAIL
                        GRTST 24HR    M  ON   M    6 = FREEZING RAIN OR DRIZZLE
                        GRTST DEPTH:  M  ON   M    7 = DUSTSTORM OR SANDSTORM:
                                                       VSBY 1/2 MILE OR LESS
                                                   8 = SMOKE OR HAZE
[NO. OF DAYS WITH]      [WEATHER - DAYS WITH]      9 = BLOWING SNOW
                                                   X = TORNADO
MAX 32 OR BELOW:   0    0.01 INCH OR MORE:   7
MAX 90 OR ABOVE:   3    0.10 INCH OR MORE:   5
MIN 32 OR BELOW:   0    0.50 INCH OR MORE:   3
MIN  0 OR BELOW:   0    1.00 INCH OR MORE:   2

[HDD (BASE 65) ]
TOTAL THIS MO.     2    CLEAR  (SCALE 0-3)  12
DPTR FM NORMAL   -32    PTCLDY (SCALE 4-7)   3
TOTAL FM JUL 1     2    CLOUDY (SCALE 8-10)  3
DPTR FM NORMAL   -40

[CDD (BASE 65) ]
TOTAL THIS MO.   131
DPTR FM NORMAL    68    [PRESSURE DATA]
TOTAL FM JAN 1  1232    HIGHEST SLP M ON M
DPTR FM NORMAL   347    LOWEST  SLP 29.87 ON M

[REMARKS]
