000
CXUS55 KDVN 211100
CF6IOW
PRELIMINARY LOCAL CLIMATOLOGICAL DATA (WS FORM: F-6)

                                          STATION:   IOWA CITY IA
                                          MONTH:     OCTOBER
                                          YEAR:      2019
                                          LATITUDE:   41 37 N
                                          LONGITUDE:  91 33 W

  TEMPERATURE IN F:       :PCPN:    SNOW:  WIND      :SUNSHINE: SKY     :PK WND
================================================================================
1   2   3   4   5  6A  6B    7    8   9   10  11  12  13   14  15   16   17  18
                                     12Z  AVG MX 2MIN
DY MAX MIN AVG DEP HDD CDD  WTR  SNW DPTH SPD SPD DIR MIN PSBL S-S WX    SPD DR
================================================================================

 1  87  71  79  21   0  14 0.10    M    M  6.5 17 220   M    M   5        23 230
 2  77  61  69  12   0   4 0.79    M    M  8.1 24 260   M    M  10 1      34 260
 3  62  48  55  -2  10   0 0.00    M    M 12.7 24 300   M    M   5 1      33 300
 4  63  44  54  -2  11   0    T    M    M  7.4 13 130   M    M   1        23 110
 5  60  48  54  -2  11   0 0.52    M    M  7.4 17 130   M    M   8 123    23 120
 6  62  43  53  -3  12   0 0.00    M    M  3.4  9 260   M    M   1 1      13 250
 7  71  41  56   1   9   0 0.00    M    M  3.5 18 270   M    M   0        25 270
 8  72  42  57   2   8   0 0.00    M    M  4.6 20 160   M    M   0 1      25 160
 9  71  46  59   5   6   0    T    M    M  6.0 18 160   M    M   1        26 170
10  70  54  62   8   3   0 0.19    M    M 10.1 25 260   M    M   8 13     31 260
11  54  37  46  -8  19   0    T    M    M 16.3 26 270   M    M  10 1      37 280
12  60  32  46  -7  19   0 0.00    M    M 12.2 30 250   M    M   0        46 220
13  53  35  44  -9  21   0 0.00    M    M  9.5 24 270   M    M   6        34 290
14  60  33  47  -6  18   0 0.00    M    M  3.1 10 180   M    M   0        14 250
15  64  44  54   2  11   0 0.00    M    M 12.6 24 300   M    M   2        34 290
16  51  37  44  -8  21   0 0.00    M    M 10.5 21 330   M    M   8        32 340
17  60  33  47  -5  18   0 0.00    M    M  2.6  8 150   M    M   0        12 110
18  70  41  56   5   9   0 0.00    M    M 10.9 23 150   M    M   0        36 150
19  57  41  49  -2  16   0 0.06    M    M  5.5 10 220   M    M   5 12     16 160
20  63  39  51   1  14   0 0.00    M    M  4.7 13 100   M    M   6 12     18 110
================================================================================
SM 1287  870       236  18  1.66    M    157.6          M       76
================================================================================
AV 64.4 43.5                               7.9 FASTST   M    M   4    MAX(MPH)
                                 MISC ---->  # 30 250               # 46  220
================================================================================
NOTES:
# LAST OF SEVERAL OCCURRENCES

COLUMN 17 PEAK WIND IN M.P.H.

PRELIMINARY LOCAL CLIMATOLOGICAL DATA (WS FORM: F-6) , PAGE 2

                                          STATION:  IOWA CITY IA
                                          MONTH:    OCTOBER
                                          YEAR:     2019
                                          LATITUDE:   41 37 N
                                          LONGITUDE:  91 33 W

[TEMPERATURE DATA]      [PRECIPITATION DATA]       SYMBOLS USED IN COLUMN 16

AVERAGE MONTHLY: 53.9   TOTAL FOR MONTH:   1.66    1 = FOG OR MIST
DPTR FM NORMAL:  -0.0   DPTR FM NORMAL:   -0.16    2 = FOG REDUCING VISIBILITY
HIGHEST:    87 ON  1    GRTST 24HR  0.79 ON  2- 2      TO 1/4 MILE OR LESS
LOWEST:     32 ON 12                               3 = THUNDER
                        SNOW, ICE PELLETS, HAIL    4 = ICE PELLETS
                        TOTAL MONTH:    M          5 = HAIL
                        GRTST 24HR    M  ON   M    6 = FREEZING RAIN OR DRIZZLE
                        GRTST DEPTH:  M  ON   M    7 = DUSTSTORM OR SANDSTORM:
                                                       VSBY 1/2 MILE OR LESS
                                                   8 = SMOKE OR HAZE
[NO. OF DAYS WITH]      [WEATHER - DAYS WITH]      9 = BLOWING SNOW
                                                   X = TORNADO
MAX 32 OR BELOW:   0    0.01 INCH OR MORE:   5
MAX 90 OR ABOVE:   0    0.10 INCH OR MORE:   4
MIN 32 OR BELOW:   1    0.50 INCH OR MORE:   2
MIN  0 OR BELOW:   0    1.00 INCH OR MORE:   0

[HDD (BASE 65) ]
TOTAL THIS MO.   236    CLEAR  (SCALE 0-3)  10
DPTR FM NORMAL     7    PTCLDY (SCALE 4-7)   8
TOTAL FM JUL 1   243    CLOUDY (SCALE 8-10)  2
DPTR FM NORMAL   -98

[CDD (BASE 65) ]
TOTAL THIS MO.    18
DPTR FM NORMAL     8    [PRESSURE DATA]
TOTAL FM JAN 1  1175    HIGHEST SLP M ON M
DPTR FM NORMAL   263    LOWEST  SLP 29.72 ON M

[REMARKS]
