095
CXUS55 KDVN 241000
CF6IOW
PRELIMINARY LOCAL CLIMATOLOGICAL DATA (WS FORM: F-6)

                                          STATION:   IOWA CITY IA
                                          MONTH:     MAY
                                          YEAR:      2024
                                          LATITUDE:   41 37 N
                                          LONGITUDE:  91 33 W

  TEMPERATURE IN F:       :PCPN:    SNOW:  WIND      :SUNSHINE: SKY     :PK WND
================================================================================
1   2   3   4   5  6A  6B    7    8   9   10  11  12  13   14  15   16   17  18
                                     12Z  AVG MX 2MIN
DY MAX MIN AVG DEP HDD CDD  WTR  SNW DPTH SPD SPD DIR MIN PSBL S-S WX    SPD DR
================================================================================

 1  72  53  63   6   2   0    T    M    M  9.5 24 330   M    M   1        39 310
 2  65  55  60   3   5   0 1.28    M    M  8.3 24 210   M    M   9 13     36 230
 3  73  43  58   0   7   0 0.00    M    M  4.2 14  50   M    M   0 12     19  80
 4  71  50  61   3   4   0 0.02    M    M  9.3 23 300   M    M   5        32 300
 5  70  42  56  -2   9   0 0.00    M    M  3.6 13  90   M    M   0        20  60
 6  76  56  66   7   0   1 0.00    M    M 10.3 20 150   M    M   4        29 130
 7  77  56  67   8   0   2 0.54    M    M  8.6 35 260   M    M   4 13     43 260
 8  80  51  66   7   0   1 0.02    M    M  7.0 22 130   M    M   3 3      27 120
 9  64  54  59  -1   6   0 0.30    M    M  8.9 20  30   M    M   8 13     27  70
10  73  52  63   3   2   0 0.00    M    M  8.2 17 250   M    M   6        25 250
11  76  47  62   1   3   0 0.00    M    M  8.0 24 280   M    M   0        34 300
12  86  50  68   7   0   3 0.00    M    M  8.0 21 210   M    M   2        29 210
13  75  59  67   6   0   2 0.66    M    M  4.6 14 120   M    M   7 13     19 130
14  66  56  61  -1   4   0 0.29    M    M  8.4 21  60   M    M   8 1      28  60
15  75  50  63   1   2   0 0.00    M    M  4.5 10 190   M    M   0        14 110
16  78  57  68   5   0   3 0.00    M    M  6.6 17 260   M    M   4 1      23 240
17  82  51  67   4   0   2 0.00    M    M  3.9 15 190   M    M   0        19 190
18  88  58  73  10   0   8 0.00    M    M  7.9 21 180   M    M   1        29 190
19  85  63  74  10   0   9    T    M    M  7.9 37 310   M    M   0 3      54 300
20  83  63  73   9   0   8 0.88    M    M  7.5 26 300   M    M   5 13     33 310
21  85  61  73   9   0   8 0.06    M    M 14.7 40 180   M    M   5 3      57 180
22  75  55  65   0   0   0 0.00    M    M 12.3 28 280   M    M   3        40 280
23  81  51  66   1   0   1 0.00    M    M  4.0 14 190   M    M   0        21 190
================================================================================
SM 1756 1233        44  48  4.05    M    176.2          M       75
================================================================================
AV 76.3 53.6                               7.7 FASTST   M    M   3    MAX(MPH)
                                 MISC ---->    40 180                 57 180
================================================================================
NOTES:
# LAST OF SEVERAL OCCURRENCES

COLUMN 17 PEAK WIND IN M.P.H.

PRELIMINARY LOCAL CLIMATOLOGICAL DATA (WS FORM: F-6) , PAGE 2

                                          STATION:   IOWA CITY IA
                                          MONTH:     MAY
                                          YEAR:      2024
                                          LATITUDE:   41 37 N
                                          LONGITUDE:  91 33 W

[TEMPERATURE DATA]      [PRECIPITATION DATA]       SYMBOLS USED IN COLUMN 16

AVERAGE MONTHLY: 65.0   TOTAL FOR MONTH:   4.05    1 = FOG OR MIST
DPTR FM NORMAL:   4.0   DPTR FM NORMAL:    0.76    2 = FOG REDUCING VISIBILITY
HIGHEST:    88 ON 18    GRTST 24HR  1.28 ON  2- 2      TO 1/4 MILE OR LESS
LOWEST:     42 ON  5                               3 = THUNDER
                        SNOW, ICE PELLETS, HAIL    4 = ICE PELLETS
                        TOTAL MONTH:  M            5 = HAIL
                        GRTST 24HR    M  ON   M    6 = FREEZING RAIN OR DRIZZLE
                        GRTST DEPTH:  M  ON   M    7 = DUSTSTORM OR SANDSTORM:
                                                       VSBY 1/2 MILE OR LESS
                                                   8 = SMOKE OR HAZE
[NO. OF DAYS WITH]      [WEATHER - DAYS WITH]      9 = BLOWING SNOW
                                                   X = TORNADO
MAX 32 OR BELOW:   0    0.01 INCH OR MORE:   9
MAX 90 OR ABOVE:   0    0.10 INCH OR MORE:   6
MIN 32 OR BELOW:   0    0.50 INCH OR MORE:   4
MIN  0 OR BELOW:   0    1.00 INCH OR MORE:   1

[HDD (BASE 65) ]
TOTAL THIS MO.    44    CLEAR  (SCALE 0-3)  11
DPTR FM NORMAL   -88    PTCLDY (SCALE 4-7)   9
TOTAL FM JUL 1  5083    CLOUDY (SCALE 8-10)  3
DPTR FM NORMAL -1002

[CDD (BASE 65) ]
TOTAL THIS MO.    48
DPTR FM NORMAL     8    [PRESSURE DATA]
TOTAL FM JAN 1    67    HIGHEST SLP M ON M
DPTR FM NORMAL    19    LOWEST  SLP 29.38 ON 21

[REMARKS]