000
CXUS55 KPSR 241005
CF6IPL
PRELIMINARY LOCAL CLIMATOLOGICAL DATA (WS FORM: F-6)

                                          STATION:   IMPERIAL CA
                                          MONTH:     JUNE
                                          YEAR:      2018
                                          LATITUDE:   32 50 N
                                          LONGITUDE: 115 35 W

  TEMPERATURE IN F:       :PCPN:    SNOW:  WIND      :SUNSHINE: SKY     :PK WND
================================================================================
1   2   3   4   5  6A  6B    7    8   9   10  11  12  13   14  15   16   17  18
                                     12Z  AVG MX 2MIN
DY MAX MIN AVG DEP HDD CDD  WTR  SNW DPTH SPD SPD DIR MIN PSBL S-S WX    SPD DR
================================================================================

 1  99  63  81  -2   0  16 0.00  0.0    0  5.1 14 280   M    M   0        18 280
 2 103  66  85   2   0  20 0.00  0.0    0  4.7 10 270   M    M   0        12 290
 3 108  71  90   7   0  25 0.00  0.0    0  4.7 13 220   M    M   0 8      17 210
 4 109  74  92   9   0  27 0.00  0.0    0 10.0 24 140   M    M   0 8      29 140
 5 103  72  88   4   0  23 0.00  0.0    0  6.0 15 240   M    M   0        19 240
 6 103  73  88   4   0  23 0.00  0.0    0  7.0 20 260   M    M   0        27 270
 7 103  69  86   2   0  21 0.00  0.0    0  7.8 16 270   M    M   0        22 270
 8 106  68  87   3   0  22 0.00  0.0    0  5.8 17 260   M    M   0 8      22 270
 9 108  66  87   2   0  22 0.00  0.0    0 11.7 26 250   M    M   0 8      34 240
10 104  76  90   5   0  25 0.00  0.0    0 10.7 23 300   M    M   0        30 290
11 105  70  88   3   0  23 0.00  0.0    0  5.3 12 260   M    M   0        15 120
12 108  70  89   4   0  24 0.00  0.0    0  5.9 15 130   M    M   0         M  M
13 110  72  91   5   0  26 0.00  0.0    0  7.3 20 130   M    M   0 8      23 110
14 109  79  94   8   0  29 0.00  0.0    0  9.5 21 140   M    M   0 8      26 130
15  98  80  89   3   0  24    T  0.0    0 14.2 29 140   M    M   1        35 140
16  96  71  84  -2   0  19 0.00  0.0    0 11.0 22 280   M    M   0        29 290
17  93  65  79  -8   0  14 0.00  0.0    0 14.9 27 260   M    M   0 8      39 260
18  97  60  79  -8   0  14 0.00  0.0    0  5.7 17 270   M    M   0         M  M
19 103  64  84  -3   0  19 0.00  0.0    0  4.7 12 240   M    M   0        15 240
20 109  72  91   3   0  26 0.00  0.0    0  6.4 16 120   M    M   0 8      22 110
21 108  70  89   1   0  24 0.00  0.0    0  5.8 10 100   M    M   0         M  M
22 113  73  93   5   0  28 0.00  0.0    0  5.9 16 120   M    M   1        20 120
23 104  74  89   1   0  24 0.00  0.0    0 12.7 22 120   M    M   1 8      26 120
================================================================================
SM 2399 1618         0 518    T      0.0 182.8          M        3
================================================================================
AV104.3 70.4                               7.9 FASTST   M    M   0    MAX(MPH)
                                 MISC ---->  # 29 140               # 39  260
================================================================================
NOTES:
# LAST OF SEVERAL OCCURRENCES

COLUMN 17 PEAK WIND IN M.P.H.

PRELIMINARY LOCAL CLIMATOLOGICAL DATA (WS FORM: F-6) , PAGE 2

                                          STATION:  IMPERIAL CA
                                          MONTH:    JUNE
                                          YEAR:     2018
                                          LATITUDE:   32 50 N
                                          LONGITUDE: 115 35 W

[TEMPERATURE DATA]      [PRECIPITATION DATA]       SYMBOLS USED IN COLUMN 16

AVERAGE MONTHLY: 87.3   TOTAL FOR MONTH:      T    1 = FOG OR MIST
DPTR FM NORMAL:   1.9   DPTR FM NORMAL:   -0.03    2 = FOG REDUCING VISIBILITY
HIGHEST:   113 ON 22    GRTST 24HR    T  ON 15-15      TO 1/4 MILE OR LESS
LOWEST:     60 ON 18                               3 = THUNDER
                        SNOW, ICE PELLETS, HAIL    4 = ICE PELLETS
                        TOTAL MONTH:   0.0 INCH    5 = HAIL
                        GRTST 24HR     0.0         6 = FREEZING RAIN OR DRIZZLE
                        GRTST DEPTH:   0           7 = DUSTSTORM OR SANDSTORM:
                                                       VSBY 1/2 MILE OR LESS
                                                   8 = SMOKE OR HAZE
[NO. OF DAYS WITH]      [WEATHER - DAYS WITH]      9 = BLOWING SNOW
                                                   X = TORNADO
MAX 32 OR BELOW:   0    0.01 INCH OR MORE:   0
MAX 90 OR ABOVE:  23    0.10 INCH OR MORE:   0
MIN 32 OR BELOW:   0    0.50 INCH OR MORE:   0
MIN  0 OR BELOW:   0    1.00 INCH OR MORE:   0

[HDD (BASE 65) ]
TOTAL THIS MO.     0    CLEAR  (SCALE 0-3)  23
DPTR FM NORMAL     0    PTCLDY (SCALE 4-7)   0
TOTAL FM JUL 1   594    CLOUDY (SCALE 8-10)  0
DPTR FM NORMAL  -435

[CDD (BASE 65) ]
TOTAL THIS MO.   518
DPTR FM NORMAL    49    [PRESSURE DATA]
TOTAL FM JAN 1  1381    HIGHEST SLP M ON M
DPTR FM NORMAL   247    LOWEST  SLP 29.53 ON 14

[REMARKS]
