000
CXUS55 KPSR 161005
CF6IPL
PRELIMINARY LOCAL CLIMATOLOGICAL DATA (WS FORM: F-6)

                                          STATION:   IMPERIAL CA
                                          MONTH:     DECEMBER
                                          YEAR:      2018
                                          LATITUDE:   32 50 N
                                          LONGITUDE: 115 35 W

  TEMPERATURE IN F:       :PCPN:    SNOW:  WIND      :SUNSHINE: SKY     :PK WND
================================================================================
1   2   3   4   5  6A  6B    7    8   9   10  11  12  13   14  15   16   17  18
                                     12Z  AVG MX 2MIN
DY MAX MIN AVG DEP HDD CDD  WTR  SNW DPTH SPD SPD DIR MIN PSBL S-S WX    SPD DR
================================================================================

 1  71  49  60   3   5   0 0.00  0.0    0 10.0 35 250   M    M   0 8      41 240
 2  68  47  58   2   7   0 0.00  0.0    0  6.3 16 290   M    M   1 8      22 290
 3  68  41  55  -1  10   0 0.00  0.0    0  3.9  8 270   M    M   0        12  60
 4  66  40  53  -3  12   0 0.00  0.0    0  4.6  9 270   M    M   0        13  20
 5  68  38  53  -3  12   0 0.09    M    0  4.4 12 170   M    M   3        13 140
 6  57  47  52  -3  13   0 0.49    M    0  3.9 10 300   M    M   8 1      13 300
 7  66  51  59   4   6   0 0.51  0.0    0  5.3 13 260   M    M   5 1      16 250
 8  70  48  59   4   6   0 0.00  0.0    0  3.2  9 260   M    M   0 1      21 320
 9  71  48  60   5   5   0 0.00  0.0    0  3.7  7 290   M    M   0 18      9 330
10  67  50  59   4   6   0 0.00  0.0    0  4.3  7 230   M    M   0         M  M
11  70  49  60   6   5   0 0.00  0.0    0  4.1  6 250   M    M   0         M  M
12  70  45  58   4   7   0 0.00  0.0    0  3.9  8 250   M    M   0         M  M
13  70  43  57   3   8   0 0.00  0.0    0  3.1 10 270   M    M   0        11  80
14  66  45  56   2   9   0 0.00  0.0    0  2.1  6 250   M    M   0 8       M  M
15  71  46  59   5   6   0 0.00  0.0    0  3.8 12 340   M    M   0        14 330
================================================================================
SM 1019  687       117   0  1.09     0.0  66.6          M       17
================================================================================
AV 67.9 45.8                               4.4 FASTST   M    M   1    MAX(MPH)
                                 MISC ---->  # 35 250               # 41  240
================================================================================
NOTES:
# LAST OF SEVERAL OCCURRENCES

COLUMN 17 PEAK WIND IN M.P.H.

PRELIMINARY LOCAL CLIMATOLOGICAL DATA (WS FORM: F-6) , PAGE 2

                                          STATION:  IMPERIAL CA
                                          MONTH:    DECEMBER
                                          YEAR:     2018
                                          LATITUDE:   32 50 N
                                          LONGITUDE: 115 35 W

[TEMPERATURE DATA]      [PRECIPITATION DATA]       SYMBOLS USED IN COLUMN 16

AVERAGE MONTHLY: 56.9   TOTAL FOR MONTH:   1.09    1 = FOG OR MIST
DPTR FM NORMAL:   1.8   DPTR FM NORMAL:    0.75    2 = FOG REDUCING VISIBILITY
HIGHEST:    71 ON 15, 9 GRTST 24HR  0.51 ON  7- 7      TO 1/4 MILE OR LESS
LOWEST:     38 ON  5                               3 = THUNDER
                        SNOW, ICE PELLETS, HAIL    4 = ICE PELLETS
                        TOTAL MONTH:   0.0 INCH    5 = HAIL
                        GRTST 24HR     0.0         6 = FREEZING RAIN OR DRIZZLE
                        GRTST DEPTH:   0           7 = DUSTSTORM OR SANDSTORM:
                                                       VSBY 1/2 MILE OR LESS
                                                   8 = SMOKE OR HAZE
[NO. OF DAYS WITH]      [WEATHER - DAYS WITH]      9 = BLOWING SNOW
                                                   X = TORNADO
MAX 32 OR BELOW:   0    0.01 INCH OR MORE:   3
MAX 90 OR ABOVE:   0    0.10 INCH OR MORE:   2
MIN 32 OR BELOW:   0    0.50 INCH OR MORE:   1
MIN  0 OR BELOW:   0    1.00 INCH OR MORE:   0

[HDD (BASE 65) ]
TOTAL THIS MO.   117    CLEAR  (SCALE 0-3)  13
DPTR FM NORMAL   -32    PTCLDY (SCALE 4-7)   2
TOTAL FM JUL 1   185    CLOUDY (SCALE 8-10)  0
DPTR FM NORMAL   -91

[CDD (BASE 65) ]
TOTAL THIS MO.     0
DPTR FM NORMAL     0    [PRESSURE DATA]
TOTAL FM JAN 1  4563    HIGHEST SLP M ON M
DPTR FM NORMAL   587    LOWEST  SLP 29.78 ON  1

[REMARKS]
