000
CXUS55 KEAX 220736
CF6IRK
PRELIMINARY LOCAL CLIMATOLOGICAL DATA (WS FORM: F-6)

                                          STATION:   KIRKSVILLE MO
                                          MONTH:     JANUARY
                                          YEAR:      2019
                                          LATITUDE:   40  5 N
                                          LONGITUDE:  92 33 W

  TEMPERATURE IN F:       :PCPN:    SNOW:  WIND      :SUNSHINE: SKY     :PK WND
================================================================================
1   2   3   4   5  6A  6B    7    8   9   10  11  12  13   14  15   16   17  18
                                     12Z  AVG MX 2MIN
DY MAX MIN AVG DEP HDD CDD  WTR  SNW DPTH SPD SPD DIR MIN PSBL S-S WX    SPD DR
================================================================================

 1  33  21  27   1  38   0 0.00    M    M  7.0 16 340   M    M  10 1      22 340
 2  27  21  24  -2  41   0 0.00    M    M  7.9 15 240   M    M   7 1      24 250
 3  44  22  33   7  32   0 0.00    M    M  7.8 16 200   M    M   0        20 200
 4  53  22  38  12  27   0 0.00    M    M  6.8 14 270   M    M   0        19 250
 5  58  32  45  19  20   0 0.00    M    M  6.3 12 270   M    M   0        16 270
 6  51  31  41  15  24   0 0.01    M    M 10.0 21 140   M    M   2        28 100
 7  61  45  53  27  12   0 0.13    M    M 13.0 24 270   M    M   5 1      35 270
 8  48  34  41  15  24   0 0.00    M    M 16.7 25 300   M    M   0        41 300
 9  35  21  28   2  37   0 0.00    M    M 12.3 23 310   M    M   0        36 310
10  35  17  26   0  39   0 0.00    M    M  5.9 12  90   M    M   0        14  90
11  34  24  29   3  36   0 0.22    M    M  9.2 13  90   M    M   9 1      17  90
12  31  28  30   4  35   0 0.75    M    M 13.9 21  40   M    M  10 12     27  60
13  31  17  24  -2  41   0 0.00    M    M  9.9 20  20   M    M  10 1      26  30
14  28  19  24  -2  41   0 0.00    M    M  7.8 14 210   M    M  10 1      19 210
15  33  26  30   4  35   0 0.00    M    M  9.6 17 220   M    M  10 1      26 220
16  32  29  31   5  34   0 0.00    M    M  5.8 13 270   M    M  10 1      16 340
17  34  31  33   7  32   0 0.00    M    M  5.2  9 300   M    M  10 1      12 300
18  32  28  30   4  35   0 0.38    M    M 10.5 20  80   M    M  10 16     27  80
19  30   3  17  -9  48   0 0.02    M    M 17.2 28 360   M    M   6 18     37 360
20  11   1   6 -20  59   0 0.02    M    M  5.7 10  80   M    M   5 18     15 320
21  22   3  13 -13  52   0 0.00    M    M 15.2 26 120   M    M   2 1      39 120
================================================================================
SM  763  475       742   0  1.53    M    203.7          M      116
================================================================================
AV 36.3 22.6                               9.7 FASTST   M    M   6    MAX(MPH)
                                 MISC ---->  # 28 360               # 41  300
================================================================================
NOTES:
# LAST OF SEVERAL OCCURRENCES

COLUMN 17 PEAK WIND IN M.P.H.

PRELIMINARY LOCAL CLIMATOLOGICAL DATA (WS FORM: F-6) , PAGE 2

                                          STATION:  KIRKSVILLE MO
                                          MONTH:    JANUARY
                                          YEAR:     2019
                                          LATITUDE:   40  5 N
                                          LONGITUDE:  92 33 W

[TEMPERATURE DATA]      [PRECIPITATION DATA]       SYMBOLS USED IN COLUMN 16

AVERAGE MONTHLY: 29.5   TOTAL FOR MONTH:   1.53    1 = FOG OR MIST
DPTR FM NORMAL:   3.5   DPTR FM NORMAL:    0.81    2 = FOG REDUCING VISIBILITY
HIGHEST:    61 ON  7    GRTST 24HR  1.10 ON 31- 1      TO 1/4 MILE OR LESS
LOWEST:      1 ON 20                               3 = THUNDER
                        SNOW, ICE PELLETS, HAIL    4 = ICE PELLETS
                        TOTAL MONTH:    M          5 = HAIL
                        GRTST 24HR    M  ON   M    6 = FREEZING RAIN OR DRIZZLE
                        GRTST DEPTH:  M  ON   M    7 = DUSTSTORM OR SANDSTORM:
                                                       VSBY 1/2 MILE OR LESS
                                                   8 = SMOKE OR HAZE
[NO. OF DAYS WITH]      [WEATHER - DAYS WITH]      9 = BLOWING SNOW
                                                   X = TORNADO
MAX 32 OR BELOW:   9    0.01 INCH OR MORE:   7
MAX 90 OR ABOVE:   0    0.10 INCH OR MORE:   4
MIN 32 OR BELOW:  19    0.50 INCH OR MORE:   1
MIN  0 OR BELOW:   0    1.00 INCH OR MORE:   0

[HDD (BASE 65) ]
TOTAL THIS MO.   742    CLEAR  (SCALE 0-3)   8
DPTR FM NORMAL   -77    PTCLDY (SCALE 4-7)   4
TOTAL FM JUL 1  3092    CLOUDY (SCALE 8-10)  9
DPTR FM NORMAL   -70

[CDD (BASE 65) ]
TOTAL THIS MO.     0
DPTR FM NORMAL     0    [PRESSURE DATA]
TOTAL FM JAN 1     0    HIGHEST SLP  0.00 ON M
DPTR FM NORMAL     0    LOWEST  SLP  0.00 ON M

[REMARKS]
