000
CXUS55 KEAX 180736
CF6IRK
PRELIMINARY LOCAL CLIMATOLOGICAL DATA (WS FORM: F-6)

                                          STATION:   KIRKSVILLE MO
                                          MONTH:     JULY
                                          YEAR:      2018
                                          LATITUDE:   40  5 N
                                          LONGITUDE:  92 33 W

  TEMPERATURE IN F:       :PCPN:    SNOW:  WIND      :SUNSHINE: SKY     :PK WND
================================================================================
1   2   3   4   5  6A  6B    7    8   9   10  11  12  13   14  15   16   17  18
                                     12Z  AVG MX 2MIN
DY MAX MIN AVG DEP HDD CDD  WTR  SNW DPTH SPD SPD DIR MIN PSBL S-S WX    SPD DR
================================================================================

 1  86  67  77   3   0  12    T    M    M  7.9 22 190   M    M   4        30 170
 2  86  64  75   1   0  10 0.00    M    M  5.0 10  90   M    M   1 1      14  90
 3  92  70  81   7   0  16 0.00    M    M  8.1 15 110   M    M   2        21 160
 4  94  72  83   9   0  18 0.00    M    M  5.4 13 160   M    M   1 13     19 140
 5  92  73  83   9   0  18 1.43    M    M  5.3 25 310   M    M   3 138    35 300
 6  86  67  77   3   0  12 0.00    M    M  7.3 14  50   M    M   1        18  60
 7  83  58  71  -3   0   6 0.00    M    M  5.5 10 110   M    M   0        16  80
 8  86  55  71  -4   0   6 0.00    M    M  4.7 12 150   M    M   0 1      15 150
 9  94  64  79   4   0  14 0.00    M    M  3.5  9 280   M    M   0 1      13 280
10  96  67  82   7   0  17 0.00    M    M  4.5  9  90   M    M   0 1      13 270
11  92  71  82   7   0  17 0.00    M    M  6.5 10 120   M    M   0        16 110
12  96  66  81   6   0  16 0.00    M    M  7.3 13 130   M    M   0        19 130
13  96  69  83   8   0  18 0.00    M    M  7.5 17  50   M    M   1 13     22  60
14  93  68  81   6   0  16 0.00    M    M  4.4 20 150   M    M   1 13     26 160
15  94  68  81   6   0  16 0.00    M    M  2.9 12 310   M    M   4 12     15 310
16  92  66  79   4   0  14 0.00    M    M  6.7 15  20   M    M   1 1      19  20
17  87  61  74  -1   0   9 0.00    M    M  4.8 12 100   M    M   1 8      16 110
================================================================================
SM 1545 1126         0 235  1.43    M     97.3          M       20
================================================================================
AV 90.9 66.2                               5.7 FASTST   M    M   1    MAX(MPH)
                                 MISC ---->  # 25 310               # 35  300
================================================================================
NOTES:
# LAST OF SEVERAL OCCURRENCES

COLUMN 17 PEAK WIND IN M.P.H.

PRELIMINARY LOCAL CLIMATOLOGICAL DATA (WS FORM: F-6) , PAGE 2

                                          STATION:  KIRKSVILLE MO
                                          MONTH:    JULY
                                          YEAR:     2018
                                          LATITUDE:   40  5 N
                                          LONGITUDE:  92 33 W

[TEMPERATURE DATA]      [PRECIPITATION DATA]       SYMBOLS USED IN COLUMN 16

AVERAGE MONTHLY: 78.6   TOTAL FOR MONTH:   1.43    1 = FOG OR MIST
DPTR FM NORMAL:   4.0   DPTR FM NORMAL:   -0.98    2 = FOG REDUCING VISIBILITY
HIGHEST:    96 ON 13,12 GRTST 24HR  1.43 ON  5- 5      TO 1/4 MILE OR LESS
LOWEST:     55 ON  8                               3 = THUNDER
                        SNOW, ICE PELLETS, HAIL    4 = ICE PELLETS
                        TOTAL MONTH:    M          5 = HAIL
                        GRTST 24HR    M  ON   M    6 = FREEZING RAIN OR DRIZZLE
                        GRTST DEPTH:  M  ON   M    7 = DUSTSTORM OR SANDSTORM:
                                                       VSBY 1/2 MILE OR LESS
                                                   8 = SMOKE OR HAZE
[NO. OF DAYS WITH]      [WEATHER - DAYS WITH]      9 = BLOWING SNOW
                                                   X = TORNADO
MAX 32 OR BELOW:   0    0.01 INCH OR MORE:   1
MAX 90 OR ABOVE:  11    0.10 INCH OR MORE:   1
MIN 32 OR BELOW:   0    0.50 INCH OR MORE:   1
MIN  0 OR BELOW:   0    1.00 INCH OR MORE:   1

[HDD (BASE 65) ]
TOTAL THIS MO.     0    CLEAR  (SCALE 0-3)  15
DPTR FM NORMAL     0    PTCLDY (SCALE 4-7)   2
TOTAL FM JUL 1     0    CLOUDY (SCALE 8-10)  0
DPTR FM NORMAL     0

[CDD (BASE 65) ]
TOTAL THIS MO.   235
DPTR FM NORMAL    71    [PRESSURE DATA]
TOTAL FM JAN 1   781    HIGHEST SLP  0.00 ON M
DPTR FM NORMAL   363    LOWEST  SLP  0.00 ON M

[REMARKS]
