000
CXUS55 KEAX 240736
CF6IRK
PRELIMINARY LOCAL CLIMATOLOGICAL DATA (WS FORM: F-6)

                                          STATION:   KIRKSVILLE MO
                                          MONTH:     MAY
                                          YEAR:      2020
                                          LATITUDE:   40  5 N
                                          LONGITUDE:  92 33 W

  TEMPERATURE IN F:       :PCPN:    SNOW:  WIND      :SUNSHINE: SKY     :PK WND
================================================================================
1   2   3   4   5  6A  6B    7    8   9   10  11  12  13   14  15   16   17  18
                                     12Z  AVG MX 2MIN
DY MAX MIN AVG DEP HDD CDD  WTR  SNW DPTH SPD SPD DIR MIN PSBL S-S WX    SPD DR
================================================================================

 1  78  43  61   4   4   0 0.00    M    M  9.2 23 160   M    M   0        29 150
 2  79  57  68  11   0   3 0.00    M    M  8.5 16  20   M    M   3        20  40
 3  72  50  61   3   4   0 0.03    M    M  6.7 14  90   M    M   5        24 110
 4  58  46  52  -6  13   0 0.39    M    M  7.9 23 100   M    M   5 13     33 100
 5  63  46  55  -3  10   0 0.02    M    M 11.6 29 290   M    M  10 1      42 290
 6  60  42  51  -7  14   0 0.00    M    M  5.6 12 280   M    M   7 1      15 280
 7  67  38  53  -6  12   0 0.10    M    M  6.6 13 260   M    M   4 1      22 290
 8  56  36  46 -13  19   0 0.15    M    M 11.3 23  10   M    M   3 1      35 320
 9  65  31  48 -12  17   0 0.04    M    M  6.5 18 260   M    M   1 1      27 230
10  58  39  49 -11  16   0 0.00    M    M 13.7 25 290   M    M   6        40 290
11  57  32  45 -15  20   0 0.00    M    M  6.6 15 360   M    M   4        22 320
12  59  44  52  -9  13   0 0.00    M    M  5.3 15 160   M    M   6        20 200
13  57  48  53  -8  12   0 0.00    M    M 12.0 21 140   M    M  10 1      27 140
14  80  57  69   8   0   4 3.23    M    M 11.5 40 160   M    M   6 13     50 170
15  73  55  64   2   1   0 0.08    M    M  6.3 15 210   M    M   4 13     22 210
16  74  54  64   2   1   0 0.10    M    M  8.2 16 110   M    M   6 1      21 110
17  67  55  61  -1   4   0 0.16    M    M 12.3 23 280   M    M  10 1      34 300
18  59  53  56  -7   9   0 0.00    M    M  9.5 16 340   M    M  10 18     24 340
19  62  53  58  -5   7   0 0.00    M    M 10.7 17  10   M    M  10        24  50
20  65  57  61  -2   4   0 0.02    M    M  8.1 15  90   M    M  10 1      19  80
21  63  55  59  -5   6   0 0.00    M    M  7.3 13 120   M    M  10 1      18 120
22  73  56  65   1   0   0 0.00    M    M  8.9 20 110   M    M   7 1      26 110
23  80  63  72   8   0   7 0.00    M    M  8.6 18 210   M    M   4        27 210
================================================================================
SM 1525 1110       186  14  4.32    M    202.9          M      141
================================================================================
AV 66.3 48.3                               8.8 FASTST   M    M   6    MAX(MPH)
                                 MISC ---->    40 160                 50 170
================================================================================
NOTES:
# LAST OF SEVERAL OCCURRENCES

COLUMN 17 PEAK WIND IN M.P.H.

PRELIMINARY LOCAL CLIMATOLOGICAL DATA (WS FORM: F-6) , PAGE 2

                                          STATION:   KIRKSVILLE MO
                                          MONTH:     MAY
                                          YEAR:      2020
                                          LATITUDE:   40  5 N
                                          LONGITUDE:  92 33 W

[TEMPERATURE DATA]      [PRECIPITATION DATA]       SYMBOLS USED IN COLUMN 16

AVERAGE MONTHLY: 57.3   TOTAL FOR MONTH:   4.32    1 = FOG OR MIST
DPTR FM NORMAL:  -3.3   DPTR FM NORMAL:    0.67    2 = FOG REDUCING VISIBILITY
HIGHEST:    80 ON 23,14  GRTST 24HR  3.30 ON 14-15      TO 1/4 MILE OR LESS
LOWEST:     31 ON  9                               3 = THUNDER
                        SNOW, ICE PELLETS, HAIL    4 = ICE PELLETS
                        TOTAL MONTH:  M            5 = HAIL
                        GRTST 24HR    M  ON   M    6 = FREEZING RAIN OR DRIZZLE
                        GRTST DEPTH:  M  ON   M    7 = DUSTSTORM OR SANDSTORM:
                                                       VSBY 1/2 MILE OR LESS
                                                   8 = SMOKE OR HAZE
[NO. OF DAYS WITH]      [WEATHER - DAYS WITH]      9 = BLOWING SNOW
                                                   X = TORNADO
MAX 32 OR BELOW:   0    0.01 INCH OR MORE:  11
MAX 90 OR ABOVE:   0    0.10 INCH OR MORE:   6
MIN 32 OR BELOW:   2    0.50 INCH OR MORE:   1
MIN  0 OR BELOW:   0    1.00 INCH OR MORE:   1

[HDD (BASE 65) ]
TOTAL THIS MO.   186    CLEAR  (SCALE 0-3)   3
DPTR FM NORMAL    53    PTCLDY (SCALE 4-7)  13
TOTAL FM JUL 1  5512    CLOUDY (SCALE 8-10)  7
DPTR FM NORMAL  -311

[CDD (BASE 65) ]
TOTAL THIS MO.    14
DPTR FM NORMAL   -18    [PRESSURE DATA]
TOTAL FM JAN 1    19    HIGHEST SLP M ON M
DPTR FM NORMAL   -20    LOWEST  SLP 29.72 ON 14

[REMARKS]
