000
CXUS53 KBIS 220803
CF6ISN
PRELIMINARY LOCAL CLIMATOLOGICAL DATA (WS FORM: F-6)

                                          STATION:   WILLISTON ND
                                          MONTH:     OCTOBER
                                          YEAR:      2018
                                          LATITUDE:   48 10 N
                                          LONGITUDE: 103 38 W

  TEMPERATURE IN F:       :PCPN:    SNOW:  WIND      :SUNSHINE: SKY     :PK WND
================================================================================
1   2   3   4   5  6A  6B    7    8   9   10  11  12  13   14  15   16   17  18
                                     12Z  AVG MX 2MIN
DY MAX MIN AVG DEP HDD CDD  WTR  SNW DPTH SPD SPD DIR MIN PSBL S-S WX    SPD DR
================================================================================

 1  57  34  46  -4  19   0 0.09    M    M  5.7 14 220   M    M   7 1      18 220
 2  55  35  45  -4  20   0 0.02    M    M  6.2 18  10   M    M   8 12     22  10
 3  40  25  33 -16  32   0 0.38    M    M 13.4 25 320   M    M   7 1      31 320
 4  43  19  31 -17  34   0 0.01    M    M  7.2 18 130   M    M   5        26 140
 5  41  28  35 -13  30   0 0.17    M    M  6.0 14 320   M    M   9 1      18 330
 6  50  23  37 -11  28   0 0.00    M    M  4.2 13  80   M    M   1 1      16  70
 7  46  26  36 -11  29   0 0.00    M    M  4.6 10 160   M    M   4 1      13 170
 8  48  26  37 -10  28   0 0.00    M    M  2.4 13  70   M    M   4 12     17  80
 9  41  33  37  -9  28   0 0.00    M    M  9.7 16  30   M    M  10 18     20  50
10  36  22  29 -17  36   0 0.00    M    M  9.3 17  20   M    M   6        23  30
11  46  15  31 -14  34   0 0.00    M    M  4.6 13 300   M    M   3        16 330
12  60  20  40  -5  25   0 0.00    M    M  7.7 31 310   M    M   7 12     41 310
13  46  28  37  -7  28   0    T    M    M 16.5 29 330   M    M   9 1      36 320
14  39  17  28 -16  37   0 0.00    M    M 12.6 21 310   M    M   6        27 320
15  63  17  40  -4  25   0 0.00    M    M 14.6 31 300   M    M   4        40 310
16  57  43  50   7  15   0 0.00    M    M 10.2 26 310   M    M   9        31 310
17  68  25  47   4  18   0 0.00    M    M  4.2 12 240   M    M   1        17 190
18  72  29  51   9  14   0 0.00    M    M  5.8 15 350   M    M   0        19 290
19  60  38  49   7  16   0 0.00    M    M 15.5 30 300   M    M   0        39 300
20  56  16  36  -5  29   0 0.00    M    M  6.1 16 150   M    M   0        20 150
21  64  25  45   4  20   0 0.00    M    M  5.4 22 350   M    M   0        28 360
================================================================================
SM 1088  544       545   0  0.67    M    171.9          M      100
================================================================================
AV 51.8 25.9                               8.2 FASTST   M    M   5    MAX(MPH)
                                 MISC ---->  # 31 310               # 41  310
================================================================================
NOTES:
# LAST OF SEVERAL OCCURRENCES

COLUMN 17 PEAK WIND IN M.P.H.

PRELIMINARY LOCAL CLIMATOLOGICAL DATA (WS FORM: F-6) , PAGE 2

                                          STATION:  WILLISTON ND
                                          MONTH:    OCTOBER
                                          YEAR:     2018
                                          LATITUDE:   48 10 N
                                          LONGITUDE: 103 38 W

[TEMPERATURE DATA]      [PRECIPITATION DATA]       SYMBOLS USED IN COLUMN 16

AVERAGE MONTHLY: 38.9   TOTAL FOR MONTH:   0.67    1 = FOG OR MIST
DPTR FM NORMAL:  -6.5   DPTR FM NORMAL:    0.02    2 = FOG REDUCING VISIBILITY
HIGHEST:    72 ON 18    GRTST 24HR  0.38 ON  3- 3      TO 1/4 MILE OR LESS
LOWEST:     15 ON 11                               3 = THUNDER
                        SNOW, ICE PELLETS, HAIL    4 = ICE PELLETS
                        TOTAL MONTH:    M          5 = HAIL
                        GRTST 24HR    M  ON   M    6 = FREEZING RAIN OR DRIZZLE
                        GRTST DEPTH:  M  ON   M    7 = DUSTSTORM OR SANDSTORM:
                                                       VSBY 1/2 MILE OR LESS
                                                   8 = SMOKE OR HAZE
[NO. OF DAYS WITH]      [WEATHER - DAYS WITH]      9 = BLOWING SNOW
                                                   X = TORNADO
MAX 32 OR BELOW:   0    0.01 INCH OR MORE:   5
MAX 90 OR ABOVE:   0    0.10 INCH OR MORE:   2
MIN 32 OR BELOW:  16    0.50 INCH OR MORE:   0
MIN  0 OR BELOW:   0    1.00 INCH OR MORE:   0

[HDD (BASE 65) ]
TOTAL THIS MO.   545    CLEAR  (SCALE 0-3)   6
DPTR FM NORMAL   132    PTCLDY (SCALE 4-7)  11
TOTAL FM JUL 1   944    CLOUDY (SCALE 8-10)  4
DPTR FM NORMAL   185

[CDD (BASE 65) ]
TOTAL THIS MO.     0
DPTR FM NORMAL     0    [PRESSURE DATA]
TOTAL FM JAN 1   534    HIGHEST SLP  0.00 ON  4
DPTR FM NORMAL    79    LOWEST  SLP 29.53 ON  3

[REMARKS]
