000
CXUS53 KBIS 160803
CF6ISN
PRELIMINARY LOCAL CLIMATOLOGICAL DATA (WS FORM: F-6)

                                          STATION:   WILLISTON ND
                                          MONTH:     FEBRUARY
                                          YEAR:      2019
                                          LATITUDE:   48 10 N
                                          LONGITUDE: 103 38 W

  TEMPERATURE IN F:       :PCPN:    SNOW:  WIND      :SUNSHINE: SKY     :PK WND
================================================================================
1   2   3   4   5  6A  6B    7    8   9   10  11  12  13   14  15   16   17  18
                                     12Z  AVG MX 2MIN
DY MAX MIN AVG DEP HDD CDD  WTR  SNW DPTH SPD SPD DIR MIN PSBL S-S WX    SPD DR
================================================================================

 1  41  14  28  15  37   0 0.00    M    M  5.8 18  10   M    M   2 1      30  20
 2  30   6  18   5  47   0 0.00    M    M  8.9 20 350   M    M   5 18     30  10
 3   7 -10  -1 -14  66   0 0.65    M    M 14.1 20 350   M    M  10        34 350
 4  -4 -10  -7 -21  72   0 0.10    M    M  7.3 13 350   M    M   6        15 340
 5  -2  -8  -5 -19  70   0 0.03    M    M  6.4 10 100   M    M  10 8      14 110
 6  -3 -26 -14 -28  79   0 0.06    M    M  7.1 14 360   M    M   7 8      17 360
 7 -12 -37 -24 -38  89   0    T    M    M  2.5 12 280   M    M   2 18     14 300
 8  -9 -43 -26 -41  91   0    T    M    M  4.3 12  70   M    M   6 128    16  80
 9  -2 -19 -10 -25  75   0 0.08    M    M  8.8 15  40   M    M   9 8      20  30
10   0 -23 -11 -26  76   0 0.02    M    M  7.2 15 100   M    M   7 8      21 100
11   5 -11  -3 -19  68   0 0.11    M    M  8.2 16 110   M    M   8 8      28 140
12  -2 -20 -11 -27  76   0    T    M    M  4.9 15 280   M    M   2        18 280
13   2 -10  -4 -20  69   0 0.10    M    M 10.4 17 350   M    M   6        26 360
14  -2 -30 -16 -32  81   0 0.03    M    M  7.3 17 340   M    M   5 18     26 360
15   6 -34 -14 -31  79   0 0.02    M    M  5.8 14 120   M    M   4 18     27 130
================================================================================
SM   55 -261      1075   0  1.20    M    109.0          M       89
================================================================================
AV  3.7-17.4                               7.3 FASTST   M    M   6    MAX(MPH)
                                 MISC ---->  # 20 350               # 34  350
================================================================================
NOTES:
# LAST OF SEVERAL OCCURRENCES

COLUMN 17 PEAK WIND IN M.P.H.

PRELIMINARY LOCAL CLIMATOLOGICAL DATA (WS FORM: F-6) , PAGE 2

                                          STATION:  WILLISTON ND
                                          MONTH:    FEBRUARY
                                          YEAR:     2019
                                          LATITUDE:   48 10 N
                                          LONGITUDE: 103 38 W

[TEMPERATURE DATA]      [PRECIPITATION DATA]       SYMBOLS USED IN COLUMN 16

AVERAGE MONTHLY: -6.9   TOTAL FOR MONTH:   1.20    1 = FOG OR MIST
DPTR FM NORMAL: -21.6   DPTR FM NORMAL:    1.02    2 = FOG REDUCING VISIBILITY
HIGHEST:    41 ON  1    GRTST 24HR  0.65 ON  3- 3      TO 1/4 MILE OR LESS
LOWEST:    -43 ON  8                               3 = THUNDER
                        SNOW, ICE PELLETS, HAIL    4 = ICE PELLETS
                        TOTAL MONTH:    M          5 = HAIL
                        GRTST 24HR    M  ON   M    6 = FREEZING RAIN OR DRIZZLE
                        GRTST DEPTH:  M  ON   M    7 = DUSTSTORM OR SANDSTORM:
                                                       VSBY 1/2 MILE OR LESS
                                                   8 = SMOKE OR HAZE
[NO. OF DAYS WITH]      [WEATHER - DAYS WITH]      9 = BLOWING SNOW
                                                   X = TORNADO
MAX 32 OR BELOW:  14    0.01 INCH OR MORE:  10
MAX 90 OR ABOVE:   0    0.10 INCH OR MORE:   4
MIN 32 OR BELOW:  15    0.50 INCH OR MORE:   1
MIN  0 OR BELOW:  13    1.00 INCH OR MORE:   0

[HDD (BASE 65) ]
TOTAL THIS MO.  1075    CLEAR  (SCALE 0-3)   3
DPTR FM NORMAL   321    PTCLDY (SCALE 4-7)   9
TOTAL FM JUL 1  6120    CLOUDY (SCALE 8-10)  3
DPTR FM NORMAL   -55

[CDD (BASE 65) ]
TOTAL THIS MO.     0
DPTR FM NORMAL     0    [PRESSURE DATA]
TOTAL FM JAN 1     0    HIGHEST SLP M ON M
DPTR FM NORMAL     0    LOWEST  SLP 29.63 ON  2

[REMARKS]
