000
CXUS51 KOKX 200703
CF6ISP
PRELIMINARY LOCAL CLIMATOLOGICAL DATA (WS FORM: F-6)

                                          STATION:   ISLIP NY
                                          MONTH:     NOVEMBER
                                          YEAR:      2018
                                          LATITUDE:   40 47 N
                                          LONGITUDE:  73  6 W

  TEMPERATURE IN F:       :PCPN:    SNOW:  WIND      :SUNSHINE: SKY     :PK WND
================================================================================
1   2   3   4   5  6A  6B    7    8   9   10  11  12  13   14  15   16   17  18
                                     12Z  AVG MX 2MIN
DY MAX MIN AVG DEP HDD CDD  WTR  SNW DPTH SPD SPD DIR MIN PSBL S-S WX    SPD DR
================================================================================

 1  66  55  61  12   4   0 0.00  0.0    0  9.1 16 190   M    M   8        24 190
 2  67  62  65  16   0   0 0.15  0.0    0 16.0 25 210   M    M   9 12     34 210
 3  65  46  56   7   9   0 0.54  0.0    0 13.5 32 300   M    M   6 1      41 280
 4  57  36  47  -1  18   0 0.00  0.0    0  3.5 13 300   M    M   3        16 290
 5  54  42  48   0  17   0 0.25  0.0    0  9.3 17 100   M    M   8 1      24 100
 6  63  51  57   9   8   0 0.40  0.0    0  8.4 18 220   M    M   9 12     26 160
 7  63  45  54   6  11   0 0.00  0.0    0 11.2 20 250   M    M   4        28 230
 8  58  39  49   2  16   0 0.00  0.0    0  6.6 17 330   M    M   6        23 260
 9  53  34  44  -3  21   0 1.25  0.0    0 11.2 24  70   M    M   7 1      32  60
10  52  33  43  -4  22   0 0.00  0.0    0 13.8 29 290   M    M   5 1      39 270
11  47  31  39  -8  26   0 0.00  0.0    0  7.6 17 300   M    M   1        22 280
12  50  27  39  -7  26   0 0.03  0.0    0  2.5 12 170   M    M   6        16 160
13  60  42  51   5  14   0 1.52  0.0    0 11.5 25 320   M    M  10 1      33 320
14  43  31  37  -9  28   0 0.00  0.0    0 13.4 24 310   M    M   7        35 310
15  39  31  35 -10  30   0 1.04  4.3    0 11.5 25  70   M    M   8 124    36  60
16  47  37  42  -3  23   0 0.27  0.0    T 17.0 36 340   M    M   8 1      46 340
17  50  34  42  -3  23   0 0.00  0.0    0  9.9 22 280   M    M   7        28 290
18  45  36  41  -3  24   0 0.00  0.0    0  4.1 13 300   M    M   9        19 300
19  56  35  46   2  19   0 0.00  0.0    0  4.3 15 230   M    M   9 1      20 230
================================================================================
SM 1035  747       339   0  5.45     4.3 184.4          M      130
================================================================================
AV 54.5 39.3                               9.7 FASTST   M    M   7    MAX(MPH)
                                 MISC ---->  # 36 340               # 46  340
================================================================================
NOTES:
# LAST OF SEVERAL OCCURRENCES

COLUMN 17 PEAK WIND IN M.P.H.

PRELIMINARY LOCAL CLIMATOLOGICAL DATA (WS FORM: F-6) , PAGE 2

                                          STATION:  ISLIP NY
                                          MONTH:    NOVEMBER
                                          YEAR:     2018
                                          LATITUDE:   40 47 N
                                          LONGITUDE:  73  6 W

[TEMPERATURE DATA]      [PRECIPITATION DATA]       SYMBOLS USED IN COLUMN 16

AVERAGE MONTHLY: 46.9   TOTAL FOR MONTH:   5.45    1 = FOG OR MIST
DPTR FM NORMAL:   0.2   DPTR FM NORMAL:    3.21    2 = FOG REDUCING VISIBILITY
HIGHEST:    67 ON  2    GRTST 24HR  1.52 ON 13-13      TO 1/4 MILE OR LESS
LOWEST:     27 ON 12                               3 = THUNDER
                        SNOW, ICE PELLETS, HAIL    4 = ICE PELLETS
                        TOTAL MONTH:   4.3 INCHES  5 = HAIL
                        GRTST 24HR   4.3 ON 15-15  6 = FREEZING RAIN OR DRIZZLE
                        GRTST DEPTH:   T           7 = DUSTSTORM OR SANDSTORM:
                                                       VSBY 1/2 MILE OR LESS
                                                   8 = SMOKE OR HAZE
[NO. OF DAYS WITH]      [WEATHER - DAYS WITH]      9 = BLOWING SNOW
                                                   X = TORNADO
MAX 32 OR BELOW:   0    0.01 INCH OR MORE:   9
MAX 90 OR ABOVE:   0    0.10 INCH OR MORE:   8
MIN 32 OR BELOW:   4    0.50 INCH OR MORE:   4
MIN  0 OR BELOW:   0    1.00 INCH OR MORE:   3

[HDD (BASE 65) ]
TOTAL THIS MO.   339    CLEAR  (SCALE 0-3)   2
DPTR FM NORMAL    -6    PTCLDY (SCALE 4-7)  12
TOTAL FM JUL 1   669    CLOUDY (SCALE 8-10)  5
DPTR FM NORMAL   -96

[CDD (BASE 65) ]
TOTAL THIS MO.     0
DPTR FM NORMAL     0    [PRESSURE DATA]
TOTAL FM JAN 1  1115    HIGHEST SLP M ON M
DPTR FM NORMAL   328    LOWEST  SLP 29.44 ON 16

[REMARKS]
