000
CXUS51 KOKX 250703
CF6ISP
PRELIMINARY LOCAL CLIMATOLOGICAL DATA (WS FORM: F-6)

                                          STATION:   ISLIP NY
                                          MONTH:     SEPTEMBER
                                          YEAR:      2018
                                          LATITUDE:   40 47 N
                                          LONGITUDE:  73  6 W

  TEMPERATURE IN F:       :PCPN:    SNOW:  WIND      :SUNSHINE: SKY     :PK WND
================================================================================
1   2   3   4   5  6A  6B    7    8   9   10  11  12  13   14  15   16   17  18
                                     12Z  AVG MX 2MIN
DY MAX MIN AVG DEP HDD CDD  WTR  SNW DPTH SPD SPD DIR MIN PSBL S-S WX    SPD DR
================================================================================

 1  75  65  70   0   0   5    T  0.0    0  5.9 14 130   M    M   9        16 130
 2  80  62  71   1   0   6 0.00  0.0    0  4.9 14 170   M    M   6        17 170
 3  84  73  79   9   0  14 0.00  0.0    0  7.3 14 210   M    M   5        19 220
 4  92  74  83  13   0  18 0.00  0.0    0  5.8 13 360   M    M   5        16  50
 5  86  73  80  11   0  15 0.00  0.0    0  7.0 14 160   M    M   6 1      18 210
 6  88  73  81  12   0  16 0.31  0.0    0  8.1 20 360   M    M   6 13     24  10
 7  75  69  72   3   0   7 0.01  0.0    0  6.7 14  40   M    M   8        18  50
 8  72  62  67  -1   0   2 0.04  0.0    0  8.1 18  40   M    M  10        24  30
 9  63  57  60  -8   5   0 0.13  0.0    0  9.9 15  50   M    M  10        20  30
10  66  57  62  -6   3   0 1.10  0.0    0 12.4 25  90   M    M  10 1      34 100
11  82  66  74   6   0   9 0.02  0.0    0  4.1 10  20   M    M   9 12     13 190
12  80  70  75   8   0  10 0.03  0.0    0  5.1 13  40   M    M   9 123    15  40
13  76  68  72   5   0   7    T  0.0    0  8.0 14  60   M    M   9 1      19  60
14  77  64  71   5   0   6 0.00  0.0    0  6.9 15 130   M    M   8 1      18 130
15  80  63  72   6   0   7 0.00  0.0    0  4.6 12 150   M    M   3        15 160
16  82  63  73   7   0   8 0.00  0.0    0  3.9 12 170   M    M   4 12     16 190
17  77  62  70   5   0   5    T  0.0    0  5.8 14 170   M    M   7 1      17 170
18  82  68  75  10   0  10 0.66  0.0    0 11.0 24 220   M    M   8 13     31 200
19  80  63  72   8   0   7 0.00  0.0    0  9.1 17  20   M    M   6        22  20
20  74  62  68   4   0   3 0.00  0.0    0  7.6 13  30   M    M   9        16  20
21  72  66  69   5   0   4 0.00  0.0    0 12.2 21 210   M    M   9        29 190
22  75  62  69   6   0   4 0.00  0.0    0 11.0 23 320   M    M   7        29 310
23  67  61  64   1   1   0 0.00  0.0    0  5.8 12  50   M    M   9        15  50
24  67  56  62   0   3   0 0.00  0.0    0 10.7 20  80   M    M   7        27  60
================================================================================
SM 1852 1559        12 163  2.30     0.0 181.9          M      179
================================================================================
AV 77.2 65.0                               7.6 FASTST   M    M   7    MAX(MPH)
                                 MISC ---->  # 25  90               # 34  100
================================================================================
NOTES:
# LAST OF SEVERAL OCCURRENCES

COLUMN 17 PEAK WIND IN M.P.H.

PRELIMINARY LOCAL CLIMATOLOGICAL DATA (WS FORM: F-6) , PAGE 2

                                          STATION:  ISLIP NY
                                          MONTH:    SEPTEMBER
                                          YEAR:     2018
                                          LATITUDE:   40 47 N
                                          LONGITUDE:  73  6 W

[TEMPERATURE DATA]      [PRECIPITATION DATA]       SYMBOLS USED IN COLUMN 16

AVERAGE MONTHLY: 71.1   TOTAL FOR MONTH:   2.30    1 = FOG OR MIST
DPTR FM NORMAL:   4.4   DPTR FM NORMAL:   -0.52    2 = FOG REDUCING VISIBILITY
HIGHEST:    92 ON  4    GRTST 24HR  1.10 ON 10-10      TO 1/4 MILE OR LESS
LOWEST:     56 ON 24                               3 = THUNDER
                        SNOW, ICE PELLETS, HAIL    4 = ICE PELLETS
                        TOTAL MONTH:   0.0 INCH    5 = HAIL
                        GRTST 24HR     0.0         6 = FREEZING RAIN OR DRIZZLE
                        GRTST DEPTH:   0           7 = DUSTSTORM OR SANDSTORM:
                                                       VSBY 1/2 MILE OR LESS
                                                   8 = SMOKE OR HAZE
[NO. OF DAYS WITH]      [WEATHER - DAYS WITH]      9 = BLOWING SNOW
                                                   X = TORNADO
MAX 32 OR BELOW:   0    0.01 INCH OR MORE:   8
MAX 90 OR ABOVE:   1    0.10 INCH OR MORE:   4
MIN 32 OR BELOW:   0    0.50 INCH OR MORE:   2
MIN  0 OR BELOW:   0    1.00 INCH OR MORE:   1

[HDD (BASE 65) ]
TOTAL THIS MO.    12    CLEAR  (SCALE 0-3)   0
DPTR FM NORMAL   -30    PTCLDY (SCALE 4-7)  13
TOTAL FM JUL 1    12    CLOUDY (SCALE 8-10) 11
DPTR FM NORMAL   -35

[CDD (BASE 65) ]
TOTAL THIS MO.   163
DPTR FM NORMAL    78    [PRESSURE DATA]
TOTAL FM JAN 1  1060    HIGHEST SLP M ON M
DPTR FM NORMAL   289    LOWEST  SLP 29.72 ON 18

[REMARKS]
