672
CXUS51 KOKX 210702
CF6ISP
PRELIMINARY LOCAL CLIMATOLOGICAL DATA (WS FORM: F-6)

                                          STATION:   ISLIP NY
                                          MONTH:     OCTOBER
                                          YEAR:      2019
                                          LATITUDE:   40 47 N
                                          LONGITUDE:  73  6 W

  TEMPERATURE IN F:       :PCPN:    SNOW:  WIND      :SUNSHINE: SKY     :PK WND
================================================================================
1   2   3   4   5  6A  6B    7    8   9   10  11  12  13   14  15   16   17  18
                                     12Z  AVG MX 2MIN
DY MAX MIN AVG DEP HDD CDD  WTR  SNW DPTH SPD SPD DIR MIN PSBL S-S WX    SPD DR
================================================================================

 1  75  63  69   9   0   4 0.00  0.0    0 12.1 21 210   M    M   7        26 220
 2  89  63  76  17   0  11 0.01  0.0    0 10.2 21  30   M    M   7 1      26  30
 3  63  52  58  -1   7   0 0.22  0.0    0  9.6 18  40   M    M  10 1      25  40
 4  66  50  58   0   7   0 0.02  0.0    0 13.6 31 340   M    M   4 1      39 360
 5  60  42  51  -7  14   0 0.00  0.0    0  7.5 18  20   M    M   2        24  20
 6  70  48  59   1   6   0 0.00  0.0    0 11.6 20 190   M    M  10        27 190
 7  75  61  68  11   0   3    T  0.0    0 14.0 23 200   M    M   9        32 180
 8  63  58  61   4   4   0    T  0.0    0 13.3 23  40   M    M   9        30  30
 9  60  53  57   1   8   0 0.52  0.0    0 17.5 25  40   M    M   9 1      33  10
10  64  53  59   3   6   0    T  0.0    0 20.4 31  20   M    M   8        39  30
11  61  54  58   2   7   0 0.00  0.0    0 19.1 29  20   M    M   9        39  30
12  63  52  58   3   7   0 0.00  0.0    0  7.6 21  40   M    M   8        25  20
13  66  51  59   4   6   0    T  0.0    0  5.8 15  10   M    M   6        19  10
14  69  53  61   6   4   0    T  0.0    0  5.5 14 210   M    M   4 1      17 210
15  63  44  54   0  11   0 0.00  0.0    0  4.7 14 360   M    M   2        20 350
16  65  42  54   0  11   0 2.18  0.0    0 15.6 40 290   M    M   7 1      52 290
17  59  51  55   1  10   0    T  0.0    0 21.1 40 300   M    M   8        55 300
18  61  48  55   2  10   0 0.00  0.0    0 12.7 22 340   M    M   6        32 300
19  60  38  49  -4  16   0 0.00  0.0    0  5.3 15 200   M    M   4        21 240
20  61  40  51  -2  14   0 0.66    M    0  5.7 15  30   M    M   7 1      20  30
================================================================================
SM 1313 1016       148  18  3.61     0.0 232.9          M      136
================================================================================
AV 65.7 50.8                              11.6 FASTST   M    M   7    MAX(MPH)
                                 MISC ---->  # 40 290               # 55  300
================================================================================
NOTES:
# LAST OF SEVERAL OCCURRENCES

COLUMN 17 PEAK WIND IN M.P.H.

PRELIMINARY LOCAL CLIMATOLOGICAL DATA (WS FORM: F-6) , PAGE 2

                                          STATION:  ISLIP NY
                                          MONTH:    OCTOBER
                                          YEAR:     2019
                                          LATITUDE:   40 47 N
                                          LONGITUDE:  73  6 W

[TEMPERATURE DATA]      [PRECIPITATION DATA]       SYMBOLS USED IN COLUMN 16

AVERAGE MONTHLY: 58.2   TOTAL FOR MONTH:   3.61    1 = FOG OR MIST
DPTR FM NORMAL:   2.2   DPTR FM NORMAL:    1.15    2 = FOG REDUCING VISIBILITY
HIGHEST:    89 ON  2    GRTST 24HR  2.18 ON 16-16      TO 1/4 MILE OR LESS
LOWEST:     38 ON 19                               3 = THUNDER
                        SNOW, ICE PELLETS, HAIL    4 = ICE PELLETS
                        TOTAL MONTH:   0.0 INCH    5 = HAIL
                        GRTST 24HR     0.0         6 = FREEZING RAIN OR DRIZZLE
                        GRTST DEPTH:   0           7 = DUSTSTORM OR SANDSTORM:
                                                       VSBY 1/2 MILE OR LESS
                                                   8 = SMOKE OR HAZE
[NO. OF DAYS WITH]      [WEATHER - DAYS WITH]      9 = BLOWING SNOW
                                                   X = TORNADO
MAX 32 OR BELOW:   0    0.01 INCH OR MORE:   6
MAX 90 OR ABOVE:   0    0.10 INCH OR MORE:   4
MIN 32 OR BELOW:   0    0.50 INCH OR MORE:   3
MIN  0 OR BELOW:   0    1.00 INCH OR MORE:   1

[HDD (BASE 65) ]
TOTAL THIS MO.   148    CLEAR  (SCALE 0-3)   2
DPTR FM NORMAL   -40    PTCLDY (SCALE 4-7)  11
TOTAL FM JUL 1   173    CLOUDY (SCALE 8-10)  7
DPTR FM NORMAL   -92

[CDD (BASE 65) ]
TOTAL THIS MO.    18
DPTR FM NORMAL     9    [PRESSURE DATA]
TOTAL FM JAN 1   985    HIGHEST SLP M ON M
DPTR FM NORMAL   199    LOWEST  SLP 29.14 ON 16

[REMARKS]
