000
CXUS51 KOKX 190703
CF6ISP
PRELIMINARY LOCAL CLIMATOLOGICAL DATA (WS FORM: F-6)

                                          STATION:   ISLIP NY
                                          MONTH:     JANUARY
                                          YEAR:      2019
                                          LATITUDE:   40 47 N
                                          LONGITUDE:  73  6 W

  TEMPERATURE IN F:       :PCPN:    SNOW:  WIND      :SUNSHINE: SKY     :PK WND
================================================================================
1   2   3   4   5  6A  6B    7    8   9   10  11  12  13   14  15   16   17  18
                                     12Z  AVG MX 2MIN
DY MAX MIN AVG DEP HDD CDD  WTR  SNW DPTH SPD SPD DIR MIN PSBL S-S WX    SPD DR
================================================================================

 1  60  40  50  18  15   0 0.25  0.0    0 15.5 30 300   M    M   8 1      43 300
 2  41  32  37   5  28   0 0.00  0.0    0  5.9 14 360   M    M   9        17  20
 3  46  27  37   6  28   0 0.00  0.0    0  8.1 23 310   M    M   7        30 300
 4  45  25  35   4  30   0 0.00  0.0    0  6.6 20 250   M    M   7        23 240
 5  47  37  42  11  23   0 0.49  0.0    0 10.0 21 360   M    M   9 1      29 350
 6  50  29  40   9  25   0 0.00  0.0    0 13.6 29 330   M    M   5        36 350
 7  34  22  28  -3  37   0 0.00  0.0    0 10.3 25 340   M    M   6        32 330
 8  48  34  41  10  24   0 0.08  0.0    0  6.6 13 170   M    M  10 12     19 170
 9  47  33  40   9  25   0 0.17  0.0    0 17.4 32 280   M    M   5 1      43 280
10  35  28  32   1  33   0    T    T    0 18.7 31 290   M    M   7        40 290
11  32  22  27  -3  38   0 0.00  0.0    0 16.6 29 310   M    M   3        37 300
12  33  14  24  -6  41   0 0.00  0.0    0  4.5 12 340   M    M   6        15 360
13  31  25  28  -2  37   0 0.00  0.0    0 10.0 18  30   M    M   8        25  30
14  33  23  28  -2  37   0 0.00  0.0    0 10.2 21  20   M    M   7        26  30
15  38  18  28  -2  37   0 0.00  0.0    0  6.0 18 340   M    M   4        22 350
16  39  19  29  -1  36   0 0.00  0.0    0  7.8 23 270   M    M   5        31 280
17  33  23  28  -2  37   0 0.00  0.0    0  6.0 14 350   M    M   9         M  M
18  42  29  36   6  29   0 0.09  0.7    1  4.4  8  70   M    M  10 1       M  M
================================================================================
SM  734  480       560   0  1.08     0.7 178.2          M      125
================================================================================
AV 40.8 26.7                               9.9 FASTST   M    M   7    MAX(MPH)
                                 MISC ---->  # 32 280               # 43  300
================================================================================
NOTES:
# LAST OF SEVERAL OCCURRENCES

COLUMN 17 PEAK WIND IN M.P.H.

PRELIMINARY LOCAL CLIMATOLOGICAL DATA (WS FORM: F-6) , PAGE 2

                                          STATION:  ISLIP NY
                                          MONTH:    JANUARY
                                          YEAR:     2019
                                          LATITUDE:   40 47 N
                                          LONGITUDE:  73  6 W

[TEMPERATURE DATA]      [PRECIPITATION DATA]       SYMBOLS USED IN COLUMN 16

AVERAGE MONTHLY: 33.7   TOTAL FOR MONTH:   1.08    1 = FOG OR MIST
DPTR FM NORMAL:   3.1   DPTR FM NORMAL:   -1.10    2 = FOG REDUCING VISIBILITY
HIGHEST:    60 ON  1    GRTST 24HR  1.26 ON 31- 1      TO 1/4 MILE OR LESS
LOWEST:     14 ON 12                               3 = THUNDER
                        SNOW, ICE PELLETS, HAIL    4 = ICE PELLETS
                        TOTAL MONTH:   0.7 INCH    5 = HAIL
                        GRTST 24HR   0.7 ON 18-18  6 = FREEZING RAIN OR DRIZZLE
                        GRTST DEPTH:   1 ON 18     7 = DUSTSTORM OR SANDSTORM:
                                                       VSBY 1/2 MILE OR LESS
                                                   8 = SMOKE OR HAZE
[NO. OF DAYS WITH]      [WEATHER - DAYS WITH]      9 = BLOWING SNOW
                                                   X = TORNADO
MAX 32 OR BELOW:   2    0.01 INCH OR MORE:   5
MAX 90 OR ABOVE:   0    0.10 INCH OR MORE:   3
MIN 32 OR BELOW:  14    0.50 INCH OR MORE:   0
MIN  0 OR BELOW:   0    1.00 INCH OR MORE:   0

[HDD (BASE 65) ]
TOTAL THIS MO.   560    CLEAR  (SCALE 0-3)   1
DPTR FM NORMAL   -58    PTCLDY (SCALE 4-7)  11
TOTAL FM JUL 1  2350    CLOUDY (SCALE 8-10)  6
DPTR FM NORMAL  -195

[CDD (BASE 65) ]
TOTAL THIS MO.     0
DPTR FM NORMAL     0    [PRESSURE DATA]
TOTAL FM JAN 1     0    HIGHEST SLP M ON M
DPTR FM NORMAL     0    LOWEST  SLP 29.39 ON  5

[REMARKS]
