000
CXUS51 KOKX 230910
CF6ISP
PRELIMINARY LOCAL CLIMATOLOGICAL DATA (WS FORM: F-6)

                                          STATION:   ISLIP NY
                                          MONTH:     MAY
                                          YEAR:      2022
                                          LATITUDE:   40 47 N
                                          LONGITUDE:  73  6 W

  TEMPERATURE IN F:       :PCPN:    SNOW:  WIND      :SUNSHINE: SKY     :PK WND
================================================================================
1   2   3   4   5  6A  6B    7    8   9   10  11  12  13   14  15   16   17  18
                                     12Z  AVG MX 2MIN
DY MAX MIN AVG DEP HDD CDD  WTR  SNW DPTH SPD SPD DIR MIN PSBL S-S WX    SPD DR
================================================================================

 1  64  39  52  -3  13   0    T  0.0    0  6.7 15 160   M    M   5        19 160
 2  55  50  53  -2  12   0 0.31  0.0    0  9.2 25 110   M    M  10 1      31 110
 3  57  49  53  -3  12   0 0.00  0.0    0  9.3 17 100   M    M  10 1      22 100
 4  65  49  57   1   8   0 0.03  0.0    0  6.0 12 110   M    M   9 12     14 300
 5  69  53  61   5   4   0 0.00  0.0    0  7.5 17  10   M    M   6        23  10
 6  60  48  54  -3  11   0 0.72  0.0    0  5.2 13  50   M    M   8 1      18 130
 7  50  44  47 -10  18   0 1.00  0.0    0 16.1 25  60   M    M  10 1      37  60
 8  57  44  51  -6  14   0    T  0.0    0 17.5 30  50   M    M  10        43  50
 9  68  44  56  -2   9   0 0.00  0.0    0 19.3 30  40   M    M   3        41  20
10  70  48  59   1   6   0 0.00  0.0    0 17.2 29  30   M    M   3        37  50
11  76  51  64   6   1   0 0.00  0.0    0 12.4 25  40   M    M   8        32  40
12  71  56  64   6   1   0    T  0.0    0  8.2 15 120   M    M   8 12     19  40
13  76  56  66   7   0   1 0.01  0.0    0  6.6 15 150   M    M  10 12     19 130
14  76  59  68   9   0   3 0.29  0.0    0  4.8 15 150   M    M  10 12     19 150
15  74  57  66   7   0   1 0.01  0.0    0  7.3 15 210   M    M   7 12     23 210
16  70  59  65   5   0   0 0.06  0.0    0  8.0 18 180   M    M   8 1      28 210
17  78  55  67   7   0   2 0.00  0.0    0 13.7 25 310   M    M   3        33 310
18  71  54  63   3   2   0    T  0.0    M  9.6 20 220   M    M   6        25 210
19  61  53  57  -3   8   0 0.95  0.0    0  6.5 18 110   M    M   8 1      22 110
20  68  50  59  -2   6   0 0.39  0.0    0  7.0 23 280   M    M   8 123    28 280
21  90  59  75  14   0  10 0.00  0.0    0  6.0 15 200   M    M   6 128    20 170
22  84  65  75  14   0  10 0.19  0.0    0  8.2 20 200   M    M   4 1      24 210
================================================================================
SM 1510 1142       125  27  3.96  0.0    212.3          M      160
================================================================================
AV 68.6 51.9                               9.7 FASTST   M    M   7    MAX(MPH)
                                 MISC ---->  # 30  50                 43  50
================================================================================
NOTES:
# LAST OF SEVERAL OCCURRENCES

COLUMN 17 PEAK WIND IN M.P.H.

PRELIMINARY LOCAL CLIMATOLOGICAL DATA (WS FORM: F-6) , PAGE 2

                                          STATION:   ISLIP NY
                                          MONTH:     MAY
                                          YEAR:      2022
                                          LATITUDE:   40 47 N
                                          LONGITUDE:  73  6 W

[TEMPERATURE DATA]      [PRECIPITATION DATA]       SYMBOLS USED IN COLUMN 16

AVERAGE MONTHLY: 60.3   TOTAL FOR MONTH:   3.96    1 = FOG OR MIST
DPTR FM NORMAL:   2.0   DPTR FM NORMAL:    1.72    2 = FOG REDUCING VISIBILITY
HIGHEST:    90 ON 21    GRTST 24HR  1.32 ON  6- 7      TO 1/4 MILE OR LESS
LOWEST:     39 ON  1                               3 = THUNDER
                        SNOW, ICE PELLETS, HAIL    4 = ICE PELLETS
                        TOTAL MONTH:   0.0 INCH    5 = HAIL
                        GRTST 24HR  0.0            6 = FREEZING RAIN OR DRIZZLE
                        GRTST DEPTH:  0            7 = DUSTSTORM OR SANDSTORM:
                                                       VSBY 1/2 MILE OR LESS
                                                   8 = SMOKE OR HAZE
[NO. OF DAYS WITH]      [WEATHER - DAYS WITH]      9 = BLOWING SNOW
                                                   X = TORNADO
MAX 32 OR BELOW:   0    0.01 INCH OR MORE:  11
MAX 90 OR ABOVE:   1    0.10 INCH OR MORE:   7
MIN 32 OR BELOW:   0    0.50 INCH OR MORE:   3
MIN  0 OR BELOW:   0    1.00 INCH OR MORE:   1

[HDD (BASE 65) ]
TOTAL THIS MO.   125    CLEAR  (SCALE 0-3)   2
DPTR FM NORMAL   -36    PTCLDY (SCALE 4-7)  11
TOTAL FM JUL 1  4669    CLOUDY (SCALE 8-10)  9
DPTR FM NORMAL  -451

[CDD (BASE 65) ]
TOTAL THIS MO.    27
DPTR FM NORMAL    18    [PRESSURE DATA]
TOTAL FM JAN 1    27    HIGHEST SLP M ON M
DPTR FM NORMAL    16    LOWEST  SLP 29.56 ON 16

[REMARKS]
