000
CXUS53 KGRB 220704
CF6ISW
PRELIMINARY LOCAL CLIMATOLOGICAL DATA (WS FORM: F-6)

                                          STATION:   WISCONSIN RAPIDS ASOS
                                          MONTH:     JANUARY
                                          YEAR:      2019
                                          LATITUDE:   44 22 N
                                          LONGITUDE:  89 50 W

  TEMPERATURE IN F:       :PCPN:    SNOW:  WIND      :SUNSHINE: SKY     :PK WND
================================================================================
1   2   3   4   5  6A  6B    7    8   9   10  11  12  13   14  15   16   17  18
                                     12Z  AVG MX 2MIN
DY MAX MIN AVG DEP HDD CDD  WTR  SNW DPTH SPD SPD DIR MIN PSBL S-S WX    SPD DR
================================================================================

 1  24   3  14  -2  51   0    T    M    M  4.8 18 350   M    M   3        26 350
 2  24   8  16   0  49   0    T    M    M  8.1 18 240   M    M  10 8      27 240
 3  38  19  29  13  36   0 0.00  0.0    M  8.3 15 220   M    M   4        21 220
 4  44  23  34  18  31   0 0.00  0.0    M  3.6 10 310   M    M   0 18     16 200
 5  49  22  36  20  29   0 0.00  0.0    M  7.2 20 300   M    M   1 18     26 270
 6  33  20  27  11  38   0 0.05    M    M  8.6 23 100   M    M   3 68     35 130
 7  42  33  38  22  27   0    M    M    M  9.9 23 110   M    M  10 168    35 150
 8  36  15  26  10  39   0    M    M    M 14.8 28 290   M    M   9 18     41 290
 9  17  10  14  -2  51   0    M    M    M 13.3 23 300   M    M   6 8      34 310
10  25   9  17   1  48   0 0.00  0.0    M  3.5 10 120   M    M   5        17 110
11  28  15  22   6  43   0 0.00  0.0    M  5.3  9 150   M    M   7        14 130
12  31  23  27  11  38   0 0.00  0.0    M  9.2 17  70   M    M  10 18     26  90
13  26  18  22   6  43   0 0.00  0.0    M  3.7 10  50   M    M   8        17  50
14  27  17  22   6  43   0    M    M    M  6.5 13 240   M    M   8 18     18 240
15  32  27  30  14  35   0    M    M    M  9.6 21 310   M    M  10 168    29 310
16  28  13  21   5  44   0 0.00  0.0    M  6.5 20 350   M    M   2        27 350
17  27  13  20   4  45   0    M    M    M  5.4 14 320   M    M  10 8      19 320
18  17   7  12  -4  53   0    M    M    M  6.6 17  60   M    M   5        28  70
19  16   0   8  -8  57   0    M    M    M  8.8 15  20   M    M   3        25  60
20   9  -7   1 -15  64   0 0.00  0.0    M  6.9 18  10   M    M   0        23  10
21  17 -14   2 -14  63   0    T    M    M  6.5 17 140   M    M   4        28 160
================================================================================
SM  590  274       927   0  0.05     0.0 157.1          M      118
================================================================================
AV 28.1 13.1                               7.5 FASTST   M    M   6    MAX(MPH)
                                 MISC ---->  # 28 290               # 41  290
================================================================================
NOTES:
# LAST OF SEVERAL OCCURRENCES

COLUMN 17 PEAK WIND IN M.P.H.

PRELIMINARY LOCAL CLIMATOLOGICAL DATA (WS FORM: F-6) , PAGE 2

                                          STATION:  WISCONSIN RAPIDS ASOS
                                          MONTH:    JANUARY
                                          YEAR:     2019
                                          LATITUDE:   44 22 N
                                          LONGITUDE:  89 50 W

[TEMPERATURE DATA]      [PRECIPITATION DATA]       SYMBOLS USED IN COLUMN 16

AVERAGE MONTHLY: 20.6   TOTAL FOR MONTH:   0.05    1 = FOG OR MIST
DPTR FM NORMAL:   4.6   DPTR FM NORMAL:   -0.49    2 = FOG REDUCING VISIBILITY
HIGHEST:    49 ON  5    GRTST 24HR  0.09 ON 31- 1      TO 1/4 MILE OR LESS
LOWEST:    -14 ON 21                               3 = THUNDER
                        SNOW, ICE PELLETS, HAIL    4 = ICE PELLETS
                        TOTAL MONTH:   0.0 INCH    5 = HAIL
                        GRTST 24HR     0.0         6 = FREEZING RAIN OR DRIZZLE
                        GRTST DEPTH:  M  ON   M    7 = DUSTSTORM OR SANDSTORM:
                                                       VSBY 1/2 MILE OR LESS
                                                   8 = SMOKE OR HAZE
[NO. OF DAYS WITH]      [WEATHER - DAYS WITH]      9 = BLOWING SNOW
                                                   X = TORNADO
MAX 32 OR BELOW:  15    0.01 INCH OR MORE:   1
MAX 90 OR ABOVE:   0    0.10 INCH OR MORE:   0
MIN 32 OR BELOW:  20    0.50 INCH OR MORE:   0
MIN  0 OR BELOW:   3    1.00 INCH OR MORE:   0

[HDD (BASE 65) ]
TOTAL THIS MO.   927    CLEAR  (SCALE 0-3)   5
DPTR FM NORMAL  -107    PTCLDY (SCALE 4-7)  10
TOTAL FM JUL 1  4036    CLOUDY (SCALE 8-10)  6
DPTR FM NORMAL  -174

[CDD (BASE 65) ]
TOTAL THIS MO.     0
DPTR FM NORMAL     0    [PRESSURE DATA]
TOTAL FM JAN 1     0    HIGHEST SLP M ON M
DPTR FM NORMAL     0    LOWEST  SLP 29.40 ON  7

[REMARKS]
