000
CXUS52 TJSJ 220458
CF6ISX
PRELIMINARY LOCAL CLIMATOLOGICAL DATA (WS FORM: F-6)

                                          STATION:   HENRY E. ROHLSEN AP/ST CROIX
                                          MONTH:     SEPTEMBER
                                          YEAR:      2019
                                          LATITUDE:   17 42 N
                                          LONGITUDE:  64 48 W

  TEMPERATURE IN F:       :PCPN:    SNOW:  WIND      :SUNSHINE: SKY     :PK WND
================================================================================
1   2   3   4   5  6A  6B    7    8   9   10  11  12  13   14  15   16   17  18
                                     12Z  AVG MX 2MIN
DY MAX MIN AVG DEP HDD CDD  WTR  SNW DPTH SPD SPD DIR MIN PSBL S-S WX    SPD DR
================================================================================

 1  88  75  82  -2   0  17 0.00  0.0    0  6.4 13 100   M    M   2        17 110
 2  88  76  82  -2   0  17 0.00  0.0    0  7.2 13 120   M    M   2         M  M
 3  89  77  83  -1   0  18    T  0.0    0  9.9 16 100   M    M   2         M  M
 4   M   M   M   M   M   M 0.00  0.0    M 10.1 17  90   M    M   4         M  M
 5   M   M   M   M   M   M 0.01    M    0  7.7 13  50   M    M   5         M  M
 6  86  78  82  -2   0  17 0.02  0.0    M  6.9 13 110   M    M   3        20 110
 7   M   M   M   M   M   M    M  0.0    0  5.8  9 150   M    M   6         M  M
 8  88  75  82  -2   0  17 0.00  0.0    0  4.9 12 360   M    M   2        15  10
 9  88  76  82  -1   0  17 0.01  0.0    0  5.8 13 110   M    M   2        17 110
10  89  77  83   0   0  18 0.00  0.0    0  7.4 15 100   M    M   2        19 100
11  89  77  83   0   0  18 0.00  0.0    0  7.2 15 100   M    M   2        18 110
12  90  77  84   1   0  19    T  0.0    0  6.7 13 100   M    M   3        16 120
13  90  78  84   1   0  19 0.05  0.0    0  8.8 15 130   M    M   3 1      20 100
14  91  80  86   3   0  21 0.04  0.0    0 11.4 21  80   M    M   3 8      26 100
15  92  81  87   4   0  22    T  0.0    0 12.1 22 100   M    M   2        27 120
16  86  75  81  -2   0  16 0.30  0.0    0  9.3 24 120   M    M   5 1      34 130
17  90  75  83   0   0  18    T  0.0    0 13.1 21 100   M    M   4        27 100
18  90  78  84   1   0  19 0.00  0.0    0 10.1 20 110   M    M   3        28  90
19  89  77  83   0   0  18 0.03  0.0    0  8.0 15 110   M    M   3        19  90
20  89  76  83   0   0  18 0.14  0.0    0  5.1 14 120   M    M   5 1      17 120
21  89  77  83   0   0  18 0.02  0.0    0  5.3 14 150   M    M   1 1      20 150
================================================================================
SM 1601 1385         0 327  0.62     0.0 169.2          M       64
================================================================================
AV 88.9 76.9                               8.1 FASTST   M    M   3    MAX(MPH)
                                 MISC ---->  # 24 120               # 34  130
================================================================================
NOTES:
# LAST OF SEVERAL OCCURRENCES

COLUMN 17 PEAK WIND IN M.P.H.

PRELIMINARY LOCAL CLIMATOLOGICAL DATA (WS FORM: F-6) , PAGE 2

                                          STATION:  HENRY E. ROHLSEN AP/ST CROIX
                                          MONTH:    SEPTEMBER
                                          YEAR:     2019
                                          LATITUDE:   17 42 N
                                          LONGITUDE:  64 48 W

[TEMPERATURE DATA]      [PRECIPITATION DATA]       SYMBOLS USED IN COLUMN 16

AVERAGE MONTHLY: 82.9   TOTAL FOR MONTH:   0.62    1 = FOG OR MIST
DPTR FM NORMAL:  -0.4   DPTR FM NORMAL:   -2.73    2 = FOG REDUCING VISIBILITY
HIGHEST:    92 ON 15    GRTST 24HR  0.30 ON 16-16      TO 1/4 MILE OR LESS
LOWEST:     75 ON 17,16                            3 = THUNDER
                        SNOW, ICE PELLETS, HAIL    4 = ICE PELLETS
                        TOTAL MONTH:   0.0 INCH    5 = HAIL
                        GRTST 24HR     0.0         6 = FREEZING RAIN OR DRIZZLE
                        GRTST DEPTH:   0           7 = DUSTSTORM OR SANDSTORM:
                                                       VSBY 1/2 MILE OR LESS
                                                   8 = SMOKE OR HAZE
[NO. OF DAYS WITH]      [WEATHER - DAYS WITH]      9 = BLOWING SNOW
                                                   X = TORNADO
MAX 32 OR BELOW:   0    0.01 INCH OR MORE:   9
MAX 90 OR ABOVE:   6    0.10 INCH OR MORE:   2
MIN 32 OR BELOW:   0    0.50 INCH OR MORE:   0
MIN  0 OR BELOW:   0    1.00 INCH OR MORE:   0

[HDD (BASE 65) ]
TOTAL THIS MO.     0    CLEAR  (SCALE 0-3)  14
DPTR FM NORMAL     0    PTCLDY (SCALE 4-7)   7
TOTAL FM JUL 1     0    CLOUDY (SCALE 8-10)  0
DPTR FM NORMAL     0

[CDD (BASE 65) ]
TOTAL THIS MO.   327
DPTR FM NORMAL   -57    [PRESSURE DATA]
TOTAL FM JAN 1  4286    HIGHEST SLP M ON M
DPTR FM NORMAL    49    LOWEST  SLP 29.78 ON 19

[REMARKS]
