000
CXUS52 TJSJ 250437
CF6ISX
PRELIMINARY LOCAL CLIMATOLOGICAL DATA (WS FORM: F-6)

                                          STATION:   HENRY E. ROHLSEN AP/ST CROIX
                                          MONTH:     OCTOBER
                                          YEAR:      2021
                                          LATITUDE:   17 42 N
                                          LONGITUDE:  64 48 W

  TEMPERATURE IN F:       :PCPN:    SNOW:  WIND      :SUNSHINE: SKY     :PK WND
================================================================================
1   2   3   4   5  6A  6B    7    8   9   10  11  12  13   14  15   16   17  18
                                     12Z  AVG MX 2MIN
DY MAX MIN AVG DEP HDD CDD  WTR  SNW DPTH SPD SPD DIR MIN PSBL S-S WX    SPD DR
================================================================================

 1  89  75  82   0   0  17 0.15    M    M  6.8 22 120   M    M   3 1      29 110
 2  90  76  83   1   0  18 0.21    M    M 10.4 24 110   M    M   6 18     31 110
 3  91  82  87   5   0  22 0.00    M    M 15.4 21  80   M    M   5 8      27 100
 4  91  81  86   4   0  21    T    M    M 17.0 24 100   M    M   3 8      30 100
 5  91  76  84   2   0  19 0.31    M    M 15.8 26  80   M    M   4        33  90
 6  91  76  84   2   0  19    T    M    M 12.5 22 100   M    M   4        29  80
 7  91  77  84   2   0  19 0.02    M    M 11.0 24 100   M    M   3 1      28 100
 8  90  79  85   3   0  20    T    M    M 10.6 18  90   M    M   3 18     24 100
 9  91  78  85   3   0  20 0.00    M    M 12.0 22  90   M    M   3 18     26 100
10  91  77  84   2   0  19 0.67    M    M 14.2 30 100   M    M   5 18     38 100
11  89  76  83   1   0  18    T    M    M 11.5 22 100   M    M   7        27 110
12  89  79  84   2   0  19 0.12    M    M  9.7 17 120   M    M   5 18     22 120
13  87  77  82   0   0  17 1.28    M    M  8.2 18 290   M    M   6 1      23 280
14  86  77  82   0   0  17 0.10    M    M  6.1 14 180   M    M   5 1      20 180
15  88  77  83   1   0  18    T    M    M  5.8 14 190   M    M   2        18 190
16  87  77  82   0   0  17 0.06    M    M  4.4  9 140   M    M   3 1      13 130
17  88  78  83   1   0  18    T    M    M  4.1 10  70   M    M   3        13  80
18  87  75  81  -1   0  16 0.88    M    M  3.0 12 280   M    M   3 18     13 360
19  89  76  83   1   0  18 0.05    M    M  5.3 13  50   M    M   3 18     18  60
20  89  77  83   1   0  18 0.19    M    M  8.6 15 130   M    M   4 18     23 140
21  88  76  82   0   0  17 0.13    M    M 11.9 21  90   M    M   5 18     25 110
22  88  80  84   2   0  19 0.00    M    M 14.2 22  90   M    M   3        26  90
23  88  78  83   1   0  18    T    M    M 13.8 24 100   M    M   3        29 100
24  88  74  81  -1   0  16 0.02    M    M  8.6 23 100   M    M   3 8      27  90
================================================================================
SM 2137 1854         0 440  4.19    M    240.9          M       94
================================================================================
AV 89.0 77.3                              10.0 FASTST   M    M   4    MAX(MPH)
                                 MISC ---->    30 100                 38 100
================================================================================
NOTES:
# LAST OF SEVERAL OCCURRENCES

COLUMN 17 PEAK WIND IN M.P.H.

PRELIMINARY LOCAL CLIMATOLOGICAL DATA (WS FORM: F-6) , PAGE 2

                                          STATION:   HENRY E. ROHLSEN AP/ST CROIX
                                          MONTH:     OCTOBER
                                          YEAR:      2021
                                          LATITUDE:   17 42 N
                                          LONGITUDE:  64 48 W

[TEMPERATURE DATA]      [PRECIPITATION DATA]       SYMBOLS USED IN COLUMN 16

AVERAGE MONTHLY: 83.1   TOTAL FOR MONTH:   4.19    1 = FOG OR MIST
DPTR FM NORMAL:   1.1   DPTR FM NORMAL:    0.51    2 = FOG REDUCING VISIBILITY
HIGHEST:    91 ON 10, 9  GRTST 24HR  1.40 ON 12-13      TO 1/4 MILE OR LESS
LOWEST:     74 ON 24                               3 = THUNDER
                        SNOW, ICE PELLETS, HAIL    4 = ICE PELLETS
                        TOTAL MONTH:  M            5 = HAIL
                        GRTST 24HR    M  ON   M    6 = FREEZING RAIN OR DRIZZLE
                        GRTST DEPTH:  M  ON   M    7 = DUSTSTORM OR SANDSTORM:
                                                       VSBY 1/2 MILE OR LESS
                                                   8 = SMOKE OR HAZE
[NO. OF DAYS WITH]      [WEATHER - DAYS WITH]      9 = BLOWING SNOW
                                                   X = TORNADO
MAX 32 OR BELOW:   0    0.01 INCH OR MORE:  14
MAX 90 OR ABOVE:   9    0.10 INCH OR MORE:  10
MIN 32 OR BELOW:   0    0.50 INCH OR MORE:   3
MIN  0 OR BELOW:   0    1.00 INCH OR MORE:   1

[HDD (BASE 65) ]
TOTAL THIS MO.     0    CLEAR  (SCALE 0-3)   9
DPTR FM NORMAL     0    PTCLDY (SCALE 4-7)  15
TOTAL FM JUL 1     0    CLOUDY (SCALE 8-10)  0
DPTR FM NORMAL     0

[CDD (BASE 65) ]
TOTAL THIS MO.   440
DPTR FM NORMAL    32    [PRESSURE DATA]
TOTAL FM JAN 1  5021    HIGHEST SLP M ON M
DPTR FM NORMAL   293    LOWEST  SLP 29.81 ON 14

[REMARKS]
