000
CXHW53 PHFO 271250
CF6ITO
PRELIMINARY LOCAL CLIMATOLOGICAL DATA (WS FORM: F-6)

                                          STATION:   HILO HI
                                          MONTH:     MAY
                                          YEAR:      2020
                                          LATITUDE:   19 43 N
                                          LONGITUDE: 155  4 W

  TEMPERATURE IN F:       :PCPN:    SNOW:  WIND      :SUNSHINE: SKY     :PK WND
================================================================================
1   2   3   4   5  6A  6B    7    8   9   10  11  12  13   14  15   16   17  18
                                     12Z  AVG MX 2MIN
DY MAX MIN AVG DEP HDD CDD  WTR  SNW DPTH SPD SPD DIR MIN PSBL S-S WX    SPD DR
================================================================================

 1  82  71  77   4   0  12 0.22  0.0    M  5.9 15  60   M    M   M 18     19  30
 2  84  70  77   4   0  12 0.06  0.0    M  6.7 14  40   M    M   M 8      22  40
 3  84  70  77   4   0  12 0.13  0.0    M  7.6 14  30   M    M   M 1      21  60
 4  85  71  78   5   0  13 0.05  0.0    M  7.0 15  40   M    M   M        20  10
 5  83  70  77   4   0  12    T  0.0    M  5.8 17  80   M    M   M        20  80
 6  86  69  78   5   0  13 0.13  0.0    M  6.8 16  40   M    M   M        21  20
 7  83  70  77   4   0  12 0.11  0.0    M  7.8 15 360   M    M   M        20 360
 8  85  67  76   3   0  11 0.16  0.0    M  6.9 14  30   M    M   M 8      20 360
 9  81  68  75   2   0  10 0.24  0.0    M  6.2 18  60   M    M   M 18     21  70
10  84  66  75   2   0  10 0.00  0.0    M  6.1 15  70   M    M   M        25  90
11  78  70  74   1   0   9 0.11  0.0    M  5.3 12  40   M    M   M 8      14  40
12  85  68  77   3   0  12 0.02  0.0    M  6.0 15  80   M    M   M        20  80
13  87  68  78   4   0  13 0.00  0.0    M  7.8 18 100   M    M   M        25 110
14  88  68  78   4   0  13 0.00  0.0    M  6.1 14  80   M    M   M        20  50
15  87  69  78   4   0  13    T  0.0    M  7.3 16  40   M    M   M        22  70
16  86  71  79   5   0  14    T  0.0    M  6.7 15  80   M    M   M        21  60
17  88  71  80   6   0  15 0.07  0.0    M  5.4 15 130   M    M   M        17 130
18  86  70  78   4   0  13 0.09  0.0    M  6.0 18  50   M    M   M        23  50
19  85  71  78   4   0  13 0.74  0.0    M  6.9 16  60   M    M   M 1      19  50
20  84  72  78   4   0  13 0.38  0.0    M  5.3 17  60   M    M   M 1      20  50
21  85  70  78   4   0  13 0.25  0.0    M  7.1 17 110   M    M   M 18     21 100
22  83  70  77   3   0  12 0.19  0.0    M  5.7 20  40   M    M   M 18     24  50
23  86  68  77   3   0  12 0.01  0.0    M  6.3 20 120   M    M   M 8      26 110
24  82  71  77   3   0  12 0.02  0.0    M  5.7 17 130   M    M   M 1      22 130
25  84  69  77   3   0  12 0.02  0.0    M  5.8 16 130   M    M   M 18     19 120
26  85  68  77   3   0  12 0.12  0.0    M  5.9 15  70   M    M   M 18     20  70
================================================================================
SM 2196 1806         0 318  3.12     0.0 166.1          M        M
================================================================================
AV 84.5 69.5                               6.4 FASTST   M    M   0    MAX(MPH)
                                 MISC ---->  # 20  40               # 26  110
================================================================================
NOTES:
# LAST OF SEVERAL OCCURRENCES

COLUMN 17 PEAK WIND IN M.P.H.

PRELIMINARY LOCAL CLIMATOLOGICAL DATA (WS FORM: F-6) , PAGE 2

                                          STATION:  HILO HI
                                          MONTH:    MAY
                                          YEAR:     2020
                                          LATITUDE:   19 43 N
                                          LONGITUDE: 155  4 W

[TEMPERATURE DATA]      [PRECIPITATION DATA]       SYMBOLS USED IN COLUMN 16

AVERAGE MONTHLY: 77.0   TOTAL FOR MONTH:   3.12    1 = FOG OR MIST
DPTR FM NORMAL:   3.4   DPTR FM NORMAL:   -3.96    2 = FOG REDUCING VISIBILITY
HIGHEST:    88 ON 17,14 GRTST 24HR  0.74 ON 19-19      TO 1/4 MILE OR LESS
LOWEST:     66 ON 10                               3 = THUNDER
                        SNOW, ICE PELLETS, HAIL    4 = ICE PELLETS
                        TOTAL MONTH:   0.0 INCH    5 = HAIL
                        GRTST 24HR     0.0         6 = FREEZING RAIN OR DRIZZLE
                        GRTST DEPTH:  M  ON   M    7 = DUSTSTORM OR SANDSTORM:
                                                       VSBY 1/2 MILE OR LESS
                                                   8 = SMOKE OR HAZE
[NO. OF DAYS WITH]      [WEATHER - DAYS WITH]      9 = BLOWING SNOW
                                                   X = TORNADO
MAX 32 OR BELOW:   0    0.01 INCH OR MORE:  20
MAX 90 OR ABOVE:   0    0.10 INCH OR MORE:  12
MIN 32 OR BELOW:   0    0.50 INCH OR MORE:   1
MIN  0 OR BELOW:   0    1.00 INCH OR MORE:   0

[HDD (BASE 65) ]
TOTAL THIS MO.     0    CLEAR  (SCALE 0-3)   0
DPTR FM NORMAL     0    PTCLDY (SCALE 4-7)   0
TOTAL FM JUL 1     0    CLOUDY (SCALE 8-10)  0
DPTR FM NORMAL     0

[CDD (BASE 65) ]
TOTAL THIS MO.   318
DPTR FM NORMAL    96    [PRESSURE DATA]
TOTAL FM JAN 1  1497    HIGHEST SLP M ON M
DPTR FM NORMAL   478    LOWEST  SLP 30.04 ON 24

[REMARKS]
