000
CXHW53 PHFO 191250
CF6ITO
PRELIMINARY LOCAL CLIMATOLOGICAL DATA (WS FORM: F-6)

                                          STATION:   HILO HI
                                          MONTH:     SEPTEMBER
                                          YEAR:      2018
                                          LATITUDE:   19 43 N
                                          LONGITUDE: 155  4 W

  TEMPERATURE IN F:       :PCPN:    SNOW:  WIND      :SUNSHINE: SKY     :PK WND
================================================================================
1   2   3   4   5  6A  6B    7    8   9   10  11  12  13   14  15   16   17  18
                                     12Z  AVG MX 2MIN
DY MAX MIN AVG DEP HDD CDD  WTR  SNW DPTH SPD SPD DIR MIN PSBL S-S WX    SPD DR
================================================================================

 1   M   M   M   M   M   M    M    M    M   M   M   M   M    M   M         M  M
 2  86  68  77   1   0  12    T  0.0    M  5.6 13  50   M    M   M        17  70
 3  84  74  79   3   0  14 0.80  0.0    M  3.1 12 100   M    M   M 18     15  90
 4  84  74  79   3   0  14 0.15  0.0    M  5.2 15  40   M    M   M 18     18  50
 5  86  72  79   3   0  14    T  0.0    M  9.7 17  10   M    M   M        22 360
 6  85  75  80   4   0  15 0.05  0.0    M 12.6 20  10   M    M   M 18     26 350
 7  85  73  79   3   0  14 0.05  0.0    M  6.6 14  20   M    M   M 1      19  20
 8  86  71  79   3   0  14    T  0.0    M  5.6 13  50   M    M   M        16  30
 9  86  72  79   3   0  14 0.00  0.0    M  7.1 15  10   M    M   M        19  30
10  86  72  79   3   0  14 0.08  0.0    M  8.4 15 350   M    M   M 18     19  20
11  89  70  80   4   0  15    T  0.0    M  9.4 28 350   M    M   M        36 360
12  89  73  81   5   0  16 0.10  0.0    M  7.3 28 120   M    M   M 1      34 130
13  84  72  78   2   0  13 1.24  0.0    M  6.9 18  90   M    M   M 1      23  90
14  86  73  80   4   0  15 0.61  0.0    M  6.7 14 250   M    M   M 1      17 240
15  81  73  77   1   0  12 0.64  0.0    M  6.0 17  80   M    M   M 18     22  60
16  85  71  78   2   0  13 0.12  0.0    M  6.5 14  70   M    M   M 1      19  40
17  81  70  76   0   0  11 0.55  0.0    M  5.8 15  40   M    M   M 18     19  50
18   M   M   M   M   M   M    M    M    M   M   M   M   M    M   M         M  M
================================================================================
SM 1363 1153         0 220  4.39     0.0 112.5          M        M
================================================================================
AV 85.2 72.1                               7.0 FASTST   M    M   0    MAX(MPH)
                                 MISC ---->  # 28 350               # 36  360
================================================================================
NOTES:
# LAST OF SEVERAL OCCURRENCES

COLUMN 17 PEAK WIND IN M.P.H.

PRELIMINARY LOCAL CLIMATOLOGICAL DATA (WS FORM: F-6) , PAGE 2

                                          STATION:  HILO HI
                                          MONTH:    SEPTEMBER
                                          YEAR:     2018
                                          LATITUDE:   19 43 N
                                          LONGITUDE: 155  4 W

[TEMPERATURE DATA]      [PRECIPITATION DATA]       SYMBOLS USED IN COLUMN 16

AVERAGE MONTHLY: 78.6   TOTAL FOR MONTH:   4.39    1 = FOG OR MIST
DPTR FM NORMAL:   2.6   DPTR FM NORMAL:   -1.40    2 = FOG REDUCING VISIBILITY
HIGHEST:    89 ON 12,11 GRTST 24HR  1.24 ON 13-13      TO 1/4 MILE OR LESS
LOWEST:     68 ON  2                               3 = THUNDER
                        SNOW, ICE PELLETS, HAIL    4 = ICE PELLETS
                        TOTAL MONTH:   0.0 INCH    5 = HAIL
                        GRTST 24HR     0.0         6 = FREEZING RAIN OR DRIZZLE
                        GRTST DEPTH:  M  ON   M    7 = DUSTSTORM OR SANDSTORM:
                                                       VSBY 1/2 MILE OR LESS
                                                   8 = SMOKE OR HAZE
[NO. OF DAYS WITH]      [WEATHER - DAYS WITH]      9 = BLOWING SNOW
                                                   X = TORNADO
MAX 32 OR BELOW:   0    0.01 INCH OR MORE:  11
MAX 90 OR ABOVE:   0    0.10 INCH OR MORE:   8
MIN 32 OR BELOW:   0    0.50 INCH OR MORE:   5
MIN  0 OR BELOW:   0    1.00 INCH OR MORE:   1

[HDD (BASE 65) ]
TOTAL THIS MO.     0    CLEAR  (SCALE 0-3)   0
DPTR FM NORMAL     0    PTCLDY (SCALE 4-7)   0
TOTAL FM JUL 1     0    CLOUDY (SCALE 8-10)  0
DPTR FM NORMAL     0

[CDD (BASE 65) ]
TOTAL THIS MO.   220
DPTR FM NORMAL    22    [PRESSURE DATA]
TOTAL FM JAN 1  2777    HIGHEST SLP M ON M
DPTR FM NORMAL   507    LOWEST  SLP 29.84 ON M

[REMARKS]
