000
CXHW53 PHFO 171250
CF6ITO
PRELIMINARY LOCAL CLIMATOLOGICAL DATA (WS FORM: F-6)

                                          STATION:   HILO HI
                                          MONTH:     JUNE
                                          YEAR:      2018
                                          LATITUDE:   19 43 N
                                          LONGITUDE: 155  4 W

  TEMPERATURE IN F:       :PCPN:    SNOW:  WIND      :SUNSHINE: SKY     :PK WND
================================================================================
1   2   3   4   5  6A  6B    7    8   9   10  11  12  13   14  15   16   17  18
                                     12Z  AVG MX 2MIN
DY MAX MIN AVG DEP HDD CDD  WTR  SNW DPTH SPD SPD DIR MIN PSBL S-S WX    SPD DR
================================================================================

 1  77  68  73  -2   0   8 0.23  0.0    M  5.8 16 110   M    M   M 18     20 110
 2  79  69  74  -1   0   9 0.34  0.0    M  5.4 12 130   M    M   M 1      14  80
 3  83  70  77   2   0  12 0.14  0.0    M  6.1 17 130   M    M   M 1      22 120
 4  83  71  77   2   0  12 0.34  0.0    M  6.7 14  50   M    M   M 18     21  40
 5  82  71  77   2   0  12 0.33  0.0    M  7.4 17  60   M    M   M 1      21  70
 6  82  69  76   1   0  11 0.53  0.0    M  6.5 14  50   M    M   M 18     17  40
 7  83  68  76   1   0  11    T  0.0    M  6.4 17  70   M    M   M 1      20  80
 8  84  72  78   3   0  13 0.83  0.0    M  5.6 14 100   M    M   M 1      19  80
 9  83  74  79   4   0  14 0.02  0.0    M  5.0 14  50   M    M   M 1      17 130
10  83  72  78   3   0  13 0.01  0.0    M  6.7 16  50   M    M   M 1      20  50
11  83  70  77   2   0  12 0.15  0.0    M  5.2 14  50   M    M   M 1      17  40
12  80  69  75   0   0  10 0.52  0.0    M  5.8 17 100   M    M   M 18     22 100
13  83  67  75   0   0  10 0.11  0.0    M  5.1 14 100   M    M   M 8      20 120
14  83  72  78   3   0  13 0.40  0.0    M  4.8 18 100   M    M   M 1      23  90
15  83  70  77   2   0  12    T  0.0    M  7.2 16 100   M    M   M 18     19  80
16  83  69  76   1   0  11 0.01  0.0    M  5.1 14  90   M    M   M 8      18  80
================================================================================
SM 1314 1121         0 183  3.96     0.0  94.8          M        M
================================================================================
AV 82.1 70.1                               5.9 FASTST   M    M   0    MAX(MPH)
                                 MISC ---->  # 18 100               # 23   90
================================================================================
NOTES:
# LAST OF SEVERAL OCCURRENCES

COLUMN 17 PEAK WIND IN M.P.H.

PRELIMINARY LOCAL CLIMATOLOGICAL DATA (WS FORM: F-6) , PAGE 2

                                          STATION:  HILO HI
                                          MONTH:    JUNE
                                          YEAR:     2018
                                          LATITUDE:   19 43 N
                                          LONGITUDE: 155  4 W

[TEMPERATURE DATA]      [PRECIPITATION DATA]       SYMBOLS USED IN COLUMN 16

AVERAGE MONTHLY: 76.1   TOTAL FOR MONTH:   3.96    1 = FOG OR MIST
DPTR FM NORMAL:   1.1   DPTR FM NORMAL:    0.38    2 = FOG REDUCING VISIBILITY
HIGHEST:    84 ON  8    GRTST 24HR  0.83 ON  8- 8      TO 1/4 MILE OR LESS
LOWEST:     67 ON 13                               3 = THUNDER
                        SNOW, ICE PELLETS, HAIL    4 = ICE PELLETS
                        TOTAL MONTH:   0.0 INCH    5 = HAIL
                        GRTST 24HR     0.0         6 = FREEZING RAIN OR DRIZZLE
                        GRTST DEPTH:  M  ON   M    7 = DUSTSTORM OR SANDSTORM:
                                                       VSBY 1/2 MILE OR LESS
                                                   8 = SMOKE OR HAZE
[NO. OF DAYS WITH]      [WEATHER - DAYS WITH]      9 = BLOWING SNOW
                                                   X = TORNADO
MAX 32 OR BELOW:   0    0.01 INCH OR MORE:  14
MAX 90 OR ABOVE:   0    0.10 INCH OR MORE:  11
MIN 32 OR BELOW:   0    0.50 INCH OR MORE:   3
MIN  0 OR BELOW:   0    1.00 INCH OR MORE:   0

[HDD (BASE 65) ]
TOTAL THIS MO.     0    CLEAR  (SCALE 0-3)   0
DPTR FM NORMAL     0    PTCLDY (SCALE 4-7)   0
TOTAL FM JUL 1     0    CLOUDY (SCALE 8-10)  0
DPTR FM NORMAL     0

[CDD (BASE 65) ]
TOTAL THIS MO.   183
DPTR FM NORMAL    23    [PRESSURE DATA]
TOTAL FM JAN 1  1586    HIGHEST SLP M ON M
DPTR FM NORMAL   358    LOWEST  SLP 29.94 ON  1

[REMARKS]
