000
CXUS55 KGLD 190800
CF6ITR
PRELIMINARY LOCAL CLIMATOLOGICAL DATA (WS FORM: F-6)

                                          STATION:   BURLINGTON CO
                                          MONTH:     OCTOBER
                                          YEAR:      2019
                                          LATITUDE:   39 15 N
                                          LONGITUDE: 102 17 W

  TEMPERATURE IN F:       :PCPN:    SNOW:  WIND      :SUNSHINE: SKY     :PK WND
================================================================================
1   2   3   4   5  6A  6B    7    8   9   10  11  12  13   14  15   16   17  18
                                     12Z  AVG MX 2MIN
DY MAX MIN AVG DEP HDD CDD  WTR  SNW DPTH SPD SPD DIR MIN PSBL S-S WX    SPD DR
================================================================================

 1  58  44  51  -6  14   0 0.00    M    M 10.2 16  10   M    M  10 1      23  10
 2  64  41  53  -3  12   0 0.01    M    M  7.6 15  40   M    M   6 1      24  40
 3  67  34  51  -5  14   0 0.00    M    M  9.0 18 150   M    M   3 1      28 150
 4  75  48  62   6   3   0 0.00    M    M 17.8 26 160   M    M   5 12     41 160
 5  67  41  54  -1  11   0 0.00    M    M 12.6 28 350   M    M   0        41 350
 6  64  32  48  -7  17   0 0.00    M    M  7.3 16  40   M    M   2 8      24  50
 7  76  35  56   2   9   0 0.00    M    M 11.9 21 200   M    M   0        33 160
 8  87  37  62   8   3   0 0.00    M    M  8.4 17 190   M    M   0        26 180
 9  86  36  61   7   4   0    T    M    M 11.5 31 350   M    M   1 18     46 350
10  36  18  27 -26  38   0    T    M    0 21.5 32 340   M    M   7 16     46 350
11  54  13  34 -19  31   0 0.00    M    M 13.1 35 320   M    M   0        45 330
12  68  24  46  -6  19   0 0.00    M    M  7.7 15 340   M    M   0        20 340
13  76  27  52   0  13   0 0.00    M    M  8.6 14 190   M    M   0        20 190
14  82  37  60   8   5   0 0.00    M    M  8.1 16 180   M    M   0 8      23 180
15  64  29  47  -4  18   0 0.00    M    M 10.7 20 360   M    M   0 8      30  30
16  81  29  55   4  10   0 0.00    M    M  9.2 18 240   M    M   0        24 240
17  87  43  65  15   0   0 0.00  0.0    0 12.7 22 190   M    M   0        32 170
18  82  38  60  10   5   0 0.00    M    M 14.2 31 350   M    M   2 8      40 350
================================================================================
SM 1274  606       226   0  0.01     0.0 202.1          M       36
================================================================================
AV 70.8 33.7                              11.2 FASTST   M    M   2    MAX(MPH)
                                 MISC ---->  # 35 320               # 46  350
================================================================================
NOTES:
# LAST OF SEVERAL OCCURRENCES

COLUMN 17 PEAK WIND IN M.P.H.

PRELIMINARY LOCAL CLIMATOLOGICAL DATA (WS FORM: F-6) , PAGE 2

                                          STATION:  BURLINGTON CO
                                          MONTH:    OCTOBER
                                          YEAR:     2019
                                          LATITUDE:   39 15 N
                                          LONGITUDE: 102 17 W

[TEMPERATURE DATA]      [PRECIPITATION DATA]       SYMBOLS USED IN COLUMN 16

AVERAGE MONTHLY: 52.2   TOTAL FOR MONTH:   0.01    1 = FOG OR MIST
DPTR FM NORMAL:  -1.2   DPTR FM NORMAL:   -0.71    2 = FOG REDUCING VISIBILITY
HIGHEST:    87 ON 17, 8 GRTST 24HR  0.01 ON  2- 2      TO 1/4 MILE OR LESS
LOWEST:     13 ON 11                               3 = THUNDER
                        SNOW, ICE PELLETS, HAIL    4 = ICE PELLETS
                        TOTAL MONTH:   0.0 INCH    5 = HAIL
                        GRTST 24HR     0.0         6 = FREEZING RAIN OR DRIZZLE
                        GRTST DEPTH:   0           7 = DUSTSTORM OR SANDSTORM:
                                                       VSBY 1/2 MILE OR LESS
                                                   8 = SMOKE OR HAZE
[NO. OF DAYS WITH]      [WEATHER - DAYS WITH]      9 = BLOWING SNOW
                                                   X = TORNADO
MAX 32 OR BELOW:   0    0.01 INCH OR MORE:   1
MAX 90 OR ABOVE:   0    0.10 INCH OR MORE:   0
MIN 32 OR BELOW:   7    0.50 INCH OR MORE:   0
MIN  0 OR BELOW:   0    1.00 INCH OR MORE:   0

[HDD (BASE 65) ]
TOTAL THIS MO.   226    CLEAR  (SCALE 0-3)  14
DPTR FM NORMAL    12    PTCLDY (SCALE 4-7)   3
TOTAL FM JUL 1   246    CLOUDY (SCALE 8-10)  1
DPTR FM NORMAL  -114

[CDD (BASE 65) ]
TOTAL THIS MO.     0
DPTR FM NORMAL    -3    [PRESSURE DATA]
TOTAL FM JAN 1  1067    HIGHEST SLP M ON M
DPTR FM NORMAL   281    LOWEST  SLP 29.37 ON 18

[REMARKS]
