000
CXUS53 KGLD 270800
CF6ITR
PRELIMINARY LOCAL CLIMATOLOGICAL DATA (WS FORM: F-6)

                                          STATION:   BURLINGTON CO
                                          MONTH:     MAY
                                          YEAR:      2020
                                          LATITUDE:   39 15 N
                                          LONGITUDE: 102 17 W

  TEMPERATURE IN F:       :PCPN:    SNOW:  WIND      :SUNSHINE: SKY     :PK WND
================================================================================
1   2   3   4   5  6A  6B    7    8   9   10  11  12  13   14  15   16   17  18
                                     12Z  AVG MX 2MIN
DY MAX MIN AVG DEP HDD CDD  WTR  SNW DPTH SPD SPD DIR MIN PSBL S-S WX    SPD DR
================================================================================

 1  89  53  71  18   0   6    T    M    M 12.3 30  50   M    M   1        36  50
 2  69  50  60   7   5   0    T    M    M 14.2 22  90   M    M   5 3      33  40
 3  83  46  65  11   0   0    T    M    M 18.1 29 100   M    M   2 3      37 110
 4  71  36  54   0  11   0 0.00    M    M 15.6 29 350   M    M   6 1      42 360
 5  75  33  54   0  11   0 0.00    M    M 10.2 24 320   M    M   0 8      32 330
 6  71  31  51  -4  14   0 0.00    M    M 11.2 24 160   M    M   0        32 160
 7  73  40  57   2   8   0 0.00    M    M 18.1 32 360   M    M   0        46 350
 8  60  38  49  -7  16   0 0.00    M    M 13.5 36 360   M    M   4        51 360
 9  65  35  50  -6  15   0 0.00    M    M 18.0 32 360   M    M   2        44 340
10  64  38  51  -5  14   0 0.00    M    M 10.6 22 130   M    M   5        28 130
11  47  35  41 -16  24   0 0.08    M    M 16.8 28 150   M    M  10 18     36 150
12  46  35  41 -16  24   0 0.00    M    M 17.1 23 150   M    M  10 1      32 170
13  84  43  64   6   1   0 0.00    M    M 15.0 24  90   M    M   5 12     33 170
14  79  49  64   6   1   0    T    M    M 10.7 30 310   M    M   4 12     39 310
15  77  49  63   5   2   0 1.12    M    M 13.2 26 120   M    M   6 138    37 160
16  71  50  61   2   4   0 0.11    M    M 10.2 22 360   M    M   7 1      33 350
17  74  42  58  -1   7   0 0.00    M    M  7.7 14 120   M    M   0        18 110
18  79  43  61   1   4   0 0.00    M    M 12.5 21 140   M    M   0 1      29 130
19  83  51  67   7   0   2 0.00    M    M 16.2 28 140   M    M   1 1      38 130
20  81  53  67   7   0   2 0.00    M    M 25.0 39 140   M    M   2 1      51 140
21  75  55  65   5   0   0 0.00    M    M 10.5 23 170   M    M   6 1      30 170
22  82  53  68   7   0   3    T    M    M 12.2 23 150   M    M   4 12     32 150
23  86  52  69   8   0   4 0.00    M    M 16.1 31 170   M    M   2        39 160
24  66  48  57  -5   8   0 0.41    M    M 19.2 46 320   M    M   8 13     59 320
25  67  43  55  -7  10   0    T    M    M 13.8 24 360   M    M   5        34  10
26  79  41  60  -2   5   0 0.00    M    M  9.5 17 360   M    M   0        25 350
================================================================================
SM 1896 1142       184  17  1.72    M    367.5          M       95
================================================================================
AV 72.9 43.9                              14.1 FASTST   M    M   4    MAX(MPH)
                                 MISC ---->    46 320                 59 320
================================================================================
NOTES:
# LAST OF SEVERAL OCCURRENCES

COLUMN 17 PEAK WIND IN M.P.H.

PRELIMINARY LOCAL CLIMATOLOGICAL DATA (WS FORM: F-6) , PAGE 2

                                          STATION:   BURLINGTON CO
                                          MONTH:     MAY
                                          YEAR:      2020
                                          LATITUDE:   39 15 N
                                          LONGITUDE: 102 17 W

[TEMPERATURE DATA]      [PRECIPITATION DATA]       SYMBOLS USED IN COLUMN 16

AVERAGE MONTHLY: 58.4   TOTAL FOR MONTH:   1.72    1 = FOG OR MIST
DPTR FM NORMAL:   0.7   DPTR FM NORMAL:   -0.32    2 = FOG REDUCING VISIBILITY
HIGHEST:    89 ON  1    GRTST 24HR  1.23 ON 15-16      TO 1/4 MILE OR LESS
LOWEST:     31 ON  6                               3 = THUNDER
                        SNOW, ICE PELLETS, HAIL    4 = ICE PELLETS
                        TOTAL MONTH:  M            5 = HAIL
                        GRTST 24HR    M  ON   M    6 = FREEZING RAIN OR DRIZZLE
                        GRTST DEPTH:  M  ON   M    7 = DUSTSTORM OR SANDSTORM:
                                                       VSBY 1/2 MILE OR LESS
                                                   8 = SMOKE OR HAZE
[NO. OF DAYS WITH]      [WEATHER - DAYS WITH]      9 = BLOWING SNOW
                                                   X = TORNADO
MAX 32 OR BELOW:   0    0.01 INCH OR MORE:   4
MAX 90 OR ABOVE:   0    0.10 INCH OR MORE:   3
MIN 32 OR BELOW:   1    0.50 INCH OR MORE:   1
MIN  0 OR BELOW:   0    1.00 INCH OR MORE:   1

[HDD (BASE 65) ]
TOTAL THIS MO.   184    CLEAR  (SCALE 0-3)  12
DPTR FM NORMAL   -23    PTCLDY (SCALE 4-7)  12
TOTAL FM JUL 1  5541    CLOUDY (SCALE 8-10)  2
DPTR FM NORMAL  -510

[CDD (BASE 65) ]
TOTAL THIS MO.    17
DPTR FM NORMAL    -1    [PRESSURE DATA]
TOTAL FM JAN 1    17    HIGHEST SLP M ON M
DPTR FM NORMAL    -2    LOWEST  SLP 29.51 ON 23

[REMARKS]
