000
CXUS55 KGLD 190800
CF6ITR
PRELIMINARY LOCAL CLIMATOLOGICAL DATA (WS FORM: F-6)

                                          STATION:   BURLINGTON CO
                                          MONTH:     APRIL
                                          YEAR:      2018
                                          LATITUDE:   39 15 N
                                          LONGITUDE: 102 17 W

  TEMPERATURE IN F:       :PCPN:    SNOW:  WIND      :SUNSHINE: SKY     :PK WND
================================================================================
1   2   3   4   5  6A  6B    7    8   9   10  11  12  13   14  15   16   17  18
                                     12Z  AVG MX 2MIN
DY MAX MIN AVG DEP HDD CDD  WTR  SNW DPTH SPD SPD DIR MIN PSBL S-S WX    SPD DR
================================================================================

 1  44  19  32 -12  33   0 0.00    M    M 12.5 24 160   M    M   4        31 180
 2  82  21  52   8  13   0 0.00    M    M 15.7 29  10   M    M   0        41  10
 3  49  17  33 -12  32   0 0.00  0.0    0 20.9 44 340   M    M   1 8      61 340
 4  68  18  43  -2  22   0 0.00    M    M 10.6 22 220   M    M   0 8      28 210
 5  71  26  49   4  16   0 0.00    M    M  8.0 25  70   M    M   0        34  70
 6  38  15  27 -18  38   0 0.05    M    M 13.2 25  60   M    M   8 126    30  60
 7  43  14  29 -17  36   0 0.00    M    M 14.1 29 190   M    M   4        36 180
 8  69  36  53   7  12   0 0.24    M    M 13.7 35 180   M    M   6 1      45 200
 9  57  35  46   0  19   0 0.00    M    M 11.5 23 360   M    M   6        29 360
10  72  32  52   6  13   0 0.00    M    M 11.8 21 250   M    M   0        27 250
11  83  40  62  16   3   0 0.00    M    M  6.9 15 200   M    M   0        23 190
12  86  38  62  15   3   0 0.00    M    M 11.0 29  10   M    M   0        40  10
13  48  22  35 -12  30   0 0.41    M    M 33.3 46 340   M    M  10 12     74 340
14  37  21  29 -18  36   0    T    M    M 25.9 43 340   M    M   5 18     60 340
15  55  19  37 -11  28   0 0.00    M    M  9.7 20 350   M    M   0        26 350
16  71  25  48   0  17   0 0.00    M    M 16.8 24 130   M    M   0        32 160
17  83  32  58  10   7   0 0.00    M    M 25.1 55 320   M    M   1 8      71 320
18  59  25  42  -6  23   0 0.00  0.0    0 16.8 36 330   M    M   0        48 330
================================================================================
SM 1115  455       381   0  0.70     0.0 277.5          M       45
================================================================================
AV 61.9 25.3                              15.4 FASTST   M    M   3    MAX(MPH)
                                 MISC ---->  # 55 320               # 74  340
================================================================================
NOTES:
# LAST OF SEVERAL OCCURRENCES

COLUMN 17 PEAK WIND IN M.P.H.

PRELIMINARY LOCAL CLIMATOLOGICAL DATA (WS FORM: F-6) , PAGE 2

                                          STATION:  BURLINGTON CO
                                          MONTH:    APRIL
                                          YEAR:     2018
                                          LATITUDE:   39 15 N
                                          LONGITUDE: 102 17 W

[TEMPERATURE DATA]      [PRECIPITATION DATA]       SYMBOLS USED IN COLUMN 16

AVERAGE MONTHLY: 43.6   TOTAL FOR MONTH:   0.70    1 = FOG OR MIST
DPTR FM NORMAL:  -2.6   DPTR FM NORMAL:    0.01    2 = FOG REDUCING VISIBILITY
HIGHEST:    86 ON 12    GRTST 24HR  0.41 ON 13-13      TO 1/4 MILE OR LESS
LOWEST:     14 ON  7                               3 = THUNDER
                        SNOW, ICE PELLETS, HAIL    4 = ICE PELLETS
                        TOTAL MONTH:   0.0 INCH    5 = HAIL
                        GRTST 24HR     0.0         6 = FREEZING RAIN OR DRIZZLE
                        GRTST DEPTH:   0           7 = DUSTSTORM OR SANDSTORM:
                                                       VSBY 1/2 MILE OR LESS
                                                   8 = SMOKE OR HAZE
[NO. OF DAYS WITH]      [WEATHER - DAYS WITH]      9 = BLOWING SNOW
                                                   X = TORNADO
MAX 32 OR BELOW:   0    0.01 INCH OR MORE:   3
MAX 90 OR ABOVE:   0    0.10 INCH OR MORE:   2
MIN 32 OR BELOW:  14    0.50 INCH OR MORE:   0
MIN  0 OR BELOW:   0    1.00 INCH OR MORE:   0

[HDD (BASE 65) ]
TOTAL THIS MO.   381    CLEAR  (SCALE 0-3)  11
DPTR FM NORMAL    41    PTCLDY (SCALE 4-7)   6
TOTAL FM JUL 1  5371    CLOUDY (SCALE 8-10)  1
DPTR FM NORMAL  -300

[CDD (BASE 65) ]
TOTAL THIS MO.     0
DPTR FM NORMAL     0    [PRESSURE DATA]
TOTAL FM JAN 1     0    HIGHEST SLP M ON M
DPTR FM NORMAL     0    LOWEST  SLP 29.22 ON 12

[REMARKS]
