000
CXUS55 KGLD 170800
CF6ITR
PRELIMINARY LOCAL CLIMATOLOGICAL DATA (WS FORM: F-6)

                                          STATION:   BURLINGTON CO
                                          MONTH:     FEBRUARY
                                          YEAR:      2019
                                          LATITUDE:   39 15 N
                                          LONGITUDE: 102 17 W

  TEMPERATURE IN F:       :PCPN:    SNOW:  WIND      :SUNSHINE: SKY     :PK WND
================================================================================
1   2   3   4   5  6A  6B    7    8   9   10  11  12  13   14  15   16   17  18
                                     12Z  AVG MX 2MIN
DY MAX MIN AVG DEP HDD CDD  WTR  SNW DPTH SPD SPD DIR MIN PSBL S-S WX    SPD DR
================================================================================

 1  62  15  39   9  26   0 0.00    M    M 12.3 22 190   M    M   0        27 200
 2  66  20  43  13  22   0 0.00    M    M  7.2 13 220   M    M   0        14 260
 3  72  26  49  19  16   0 0.00    M    M 13.3 36 250   M    M   0        47 250
 4  32  19  26  -4  39   0 0.00  0.0    M 12.2 22 140   M    M   6 12     26 130
 5  37  16  27  -3  38   0 0.00    M    M 12.7 22 190   M    M   8 12     28 180
 6  23   3  13 -17  52   0    T    M    M 15.1 21 350   M    M  10 128    28 350
 7  13  -6   4 -26  61   0    T    M    M 13.3 24 320   M    M   3 18     32 350
 8  34  -4  15 -15  50   0 0.00    M    M 18.4 29 160   M    M   0        37 160
 9  48  21  35   5  30   0 0.00    M    M 16.3 24 170   M    M   0        32 180
10  39  13  26  -4  39   0 0.00    M    M 12.8 28 320   M    M   4 1      35 320
11  40  12  26  -5  39   0 0.00    M    M 10.4 28 350   M    M   5 1      39 350
12  54  12  33   2  32   0 0.00    M    M 10.7 20 220   M    M   0        27 230
13  68  23  46  15  19   0 0.00    M    M 11.9 26 190   M    M   0        34 220
14  61  24  43  12  22   0 0.00    M    M 11.7 31  30   M    M   1        41  30
15  35  15  25  -6  40   0 0.00    M    M 12.6 20 170   M    M   5        25 160
16  30  17  24  -7  41   0    T    M    M 13.6 25 170   M    M   9 128    34 180
================================================================================
SM  714  226       566   0    T      0.0 204.5          M       51
================================================================================
AV 44.6 14.1                              12.8 FASTST   M    M   3    MAX(MPH)
                                 MISC ---->  # 36 250               # 47  250
================================================================================
NOTES:
# LAST OF SEVERAL OCCURRENCES

COLUMN 17 PEAK WIND IN M.P.H.

PRELIMINARY LOCAL CLIMATOLOGICAL DATA (WS FORM: F-6) , PAGE 2

                                          STATION:  BURLINGTON CO
                                          MONTH:    FEBRUARY
                                          YEAR:     2019
                                          LATITUDE:   39 15 N
                                          LONGITUDE: 102 17 W

[TEMPERATURE DATA]      [PRECIPITATION DATA]       SYMBOLS USED IN COLUMN 16

AVERAGE MONTHLY: 29.4   TOTAL FOR MONTH:      T    1 = FOG OR MIST
DPTR FM NORMAL:  -1.0   DPTR FM NORMAL:   -0.20    2 = FOG REDUCING VISIBILITY
HIGHEST:    72 ON  3    GRTST 24HR    T  ON 16-16      TO 1/4 MILE OR LESS
LOWEST:     -6 ON  7                               3 = THUNDER
                        SNOW, ICE PELLETS, HAIL    4 = ICE PELLETS
                        TOTAL MONTH:   0.0 INCH    5 = HAIL
                        GRTST 24HR     0.0         6 = FREEZING RAIN OR DRIZZLE
                        GRTST DEPTH:  M  ON   M    7 = DUSTSTORM OR SANDSTORM:
                                                       VSBY 1/2 MILE OR LESS
                                                   8 = SMOKE OR HAZE
[NO. OF DAYS WITH]      [WEATHER - DAYS WITH]      9 = BLOWING SNOW
                                                   X = TORNADO
MAX 32 OR BELOW:   4    0.01 INCH OR MORE:   0
MAX 90 OR ABOVE:   0    0.10 INCH OR MORE:   0
MIN 32 OR BELOW:  16    0.50 INCH OR MORE:   0
MIN  0 OR BELOW:   2    1.00 INCH OR MORE:   0

[HDD (BASE 65) ]
TOTAL THIS MO.   566    CLEAR  (SCALE 0-3)   8
DPTR FM NORMAL    12    PTCLDY (SCALE 4-7)   5
TOTAL FM JUL 1  4069    CLOUDY (SCALE 8-10)  3
DPTR FM NORMAL   -96

[CDD (BASE 65) ]
TOTAL THIS MO.     0
DPTR FM NORMAL     0    [PRESSURE DATA]
TOTAL FM JAN 1     0    HIGHEST SLP M ON M
DPTR FM NORMAL     0    LOWEST  SLP 29.34 ON  3

[REMARKS]
