938
CXUS55 KEAX 220736
CF6IXD
PRELIMINARY LOCAL CLIMATOLOGICAL DATA (WS FORM: F-6)

                                          STATION:   New Century Air Center KS
                                          MONTH:     OCTOBER
                                          YEAR:      2019
                                          LATITUDE:   38 49 N
                                          LONGITUDE:  94 54 W

  TEMPERATURE IN F:       :PCPN:    SNOW:  WIND      :SUNSHINE: SKY     :PK WND
================================================================================
1   2   3   4   5  6A  6B    7    8   9   10  11  12  13   14  15   16   17  18
                                     12Z  AVG MX 2MIN
DY MAX MIN AVG DEP HDD CDD  WTR  SNW DPTH SPD SPD DIR MIN PSBL S-S WX    SPD DR
================================================================================

 1  89  70  80  18   0  15 0.00    M    M 12.0 23 200   M    M   2        34 210
 2  87  57  72  11   0   7 0.45    M    M  9.3 22 200   M    M   9 13     28 200
 3  57  50  54  -7  11   0    T    M    M  9.5 21 330   M    M   4        27 320
 4  60  51  56  -4   9   0 0.03    M    M  8.1 15 130   M    M   6        22 130
 5  73  50  62   2   3   0 0.05    M    M 10.8 22 200   M    M   3 1      33 210
 6  62  46  54  -6  11   0 0.00    M    M  3.0  9 350   M    M   3        12 340
 7  71  44  58  -2   7   0 0.00    M    M  1.6  8 310   M    M   0 8      12 310
 8  72  44  58  -1   7   0 0.00    M    M  9.7 21 190   M    M   0        29 200
 9  64  52  58  -1   7   0 0.33    M    M 13.4 29 150   M    M   6 13     40 150
10  72  41  57  -1   8   0 0.07    M    M 15.3 28 170   M    M   8 13     44 150
11  48  32  40 -18  25   0 0.00    M    M 13.5 24 290   M    M   5        37 280
12  67  32  50  -8  15   0 0.00    M    M 14.4 28 210   M    M   0        38 210
13  65  34  50  -7  15   0 0.00    M    M  2.6 10 210   M    M   0 8      14 210
14  73  39  56  -1   9   0 0.00    M    M  8.9 21 160   M    M   0        26 150
15  65  42  54  -3  11   0    T    M    M 12.9 25 330   M    M   4 13     33 330
16  57  37  47  -9  18   0 0.00    M    M  6.6 16 360   M    M   3        22 340
17  69  38  54  -2  11   0 0.00    M    M  9.5 18 160   M    M   0        24 160
18  72  49  61   5   4   0 0.00    M    M 14.3 26 150   M    M   0        36 140
19  66  45  56   1   9   0 0.18    M    M  5.5 13 330   M    M   6 128    17 360
20  67  42  55   0  10   0 0.13    M    M 11.7 37 290   M    M   2 123    52 290
21  58  44  51  -4  14   0 0.00    M    M 15.5 29 280   M    M   5        41 270
================================================================================
SM 1414  939       204  22  1.24    M    208.1          M       66
================================================================================
AV 67.3 44.7                               9.9 FASTST   M    M   3    MAX(MPH)
                                 MISC ---->  # 37 290               # 52  290
================================================================================
NOTES:
# LAST OF SEVERAL OCCURRENCES

COLUMN 17 PEAK WIND IN M.P.H.

PRELIMINARY LOCAL CLIMATOLOGICAL DATA (WS FORM: F-6) , PAGE 2

                                          STATION:  New Century Air Center KS
                                          MONTH:    OCTOBER
                                          YEAR:     2019
                                          LATITUDE:   38 49 N
                                          LONGITUDE:  94 54 W

[TEMPERATURE DATA]      [PRECIPITATION DATA]       SYMBOLS USED IN COLUMN 16

AVERAGE MONTHLY: 56.0   TOTAL FOR MONTH:   1.24    1 = FOG OR MIST
DPTR FM NORMAL:  -2.1   DPTR FM NORMAL:   -1.31    2 = FOG REDUCING VISIBILITY
HIGHEST:    89 ON  1    GRTST 24HR  0.45 ON  2- 2      TO 1/4 MILE OR LESS
LOWEST:     32 ON 12,11                            3 = THUNDER
                        SNOW, ICE PELLETS, HAIL    4 = ICE PELLETS
                        TOTAL MONTH:    M          5 = HAIL
                        GRTST 24HR    M  ON   M    6 = FREEZING RAIN OR DRIZZLE
                        GRTST DEPTH:  M  ON   M    7 = DUSTSTORM OR SANDSTORM:
                                                       VSBY 1/2 MILE OR LESS
                                                   8 = SMOKE OR HAZE
[NO. OF DAYS WITH]      [WEATHER - DAYS WITH]      9 = BLOWING SNOW
                                                   X = TORNADO
MAX 32 OR BELOW:   0    0.01 INCH OR MORE:   7
MAX 90 OR ABOVE:   0    0.10 INCH OR MORE:   4
MIN 32 OR BELOW:   2    0.50 INCH OR MORE:   0
MIN  0 OR BELOW:   0    1.00 INCH OR MORE:   0

[HDD (BASE 65) ]
TOTAL THIS MO.   204    CLEAR  (SCALE 0-3)  11
DPTR FM NORMAL    37    PTCLDY (SCALE 4-7)   9
TOTAL FM JUL 1   204    CLOUDY (SCALE 8-10)  1
DPTR FM NORMAL   -23

[CDD (BASE 65) ]
TOTAL THIS MO.    22
DPTR FM NORMAL    -1    [PRESSURE DATA]
TOTAL FM JAN 1  1425    HIGHEST SLP  0.00 ON M
DPTR FM NORMAL    74    LOWEST  SLP  0.00 ON M

[REMARKS]
