000
CXUS55 KEAX 240736
CF6IXD
PRELIMINARY LOCAL CLIMATOLOGICAL DATA (WS FORM: F-6)

                                          STATION:   New Century Air Center KS
                                          MONTH:     JUNE
                                          YEAR:      2018
                                          LATITUDE:   38 49 N
                                          LONGITUDE:  94 54 W

  TEMPERATURE IN F:       :PCPN:    SNOW:  WIND      :SUNSHINE: SKY     :PK WND
================================================================================
1   2   3   4   5  6A  6B    7    8   9   10  11  12  13   14  15   16   17  18
                                     12Z  AVG MX 2MIN
DY MAX MIN AVG DEP HDD CDD  WTR  SNW DPTH SPD SPD DIR MIN PSBL S-S WX    SPD DR
================================================================================

 1  93  68  81  11   0  16 0.00    M    M  8.8 17 130   M    M   0        24 130
 2  83  63  73   3   0   8 0.11    M    M 14.1 53 330   M    M   3 13     72 330
 3  84  58  71   0   0   6 0.00    M    M  8.3 21 320   M    M   0        29 340
 4  82  59  71   0   0   6 0.00    M    M  5.7 14 140   M    M   0        19 130
 5  88  57  73   2   0   8 0.00    M    M  6.5 13 160   M    M   0        18 190
 6  92  66  79   7   0  14    T    M    M  7.5 20  40   M    M   0        27  60
 7  87  66  77   5   0  12    T    M    M  7.1 23  40   M    M   2        32  50
 8  92  65  79   7   0  14 0.00    M    M  7.1 15 160   M    M   0        20 150
 9  94  71  83  11   0  18 0.00    M    M 10.2 24 200   M    M   1 3      32 200
10  97  72  85  12   0  20 0.00    M    M 13.5 23 200   M    M   0        33 210
11  96  69  83  10   0  18 0.58    M    M 10.8 26  30   M    M   0 13     39  40
12  87  68  78   5   0  13 0.01    M    M  8.1 28 140   M    M   4 13     39 140
13  86  72  79   6   0  14 0.00    M    M  8.2 15 100   M    M   3        21 100
14  96  71  84  10   0  19 0.00    M    M 11.3 21 180   M    M   0        33 190
15  95  74  85  11   0  20 0.00    M    M 13.2 24 190   M    M   0        33 190
16  95  74  85  11   0  20 0.00    M    M 12.0 22 210   M    M   1        32 170
17  95  76  86  12   0  21 0.00    M    M 12.1 22 160   M    M   0        31 200
18  94  73  84  10   0  19 0.00    M    M 10.6 23 160   M    M   2        34 150
19  91  71  81   7   0  16 0.19    M    M  8.9 26 320   M    M   3 13     35 330
20  83  69  76   1   0  11    T    M    M  9.3 20 280   M    M   3 3      27 300
21  73  63  68  -7   0   3 0.06    M    M 13.4 26 280   M    M   4 1      37 270
22  75  65  70  -5   0   5 0.00    M    M  8.8 15 330   M    M  10        24 280
23  89  64  77   2   0  12 0.01    M    M  4.8 14 210   M    M   2        17 200
================================================================================
SM 2047 1554         0 313  0.96    M    220.3          M       38
================================================================================
AV 89.0 67.6                               9.6 FASTST   M    M   2    MAX(MPH)
                                 MISC ---->  # 53 330               # 72  330
================================================================================
NOTES:
# LAST OF SEVERAL OCCURRENCES

COLUMN 17 PEAK WIND IN M.P.H.

PRELIMINARY LOCAL CLIMATOLOGICAL DATA (WS FORM: F-6) , PAGE 2

                                          STATION:  New Century Air Center KS
                                          MONTH:    JUNE
                                          YEAR:     2018
                                          LATITUDE:   38 49 N
                                          LONGITUDE:  94 54 W

[TEMPERATURE DATA]      [PRECIPITATION DATA]       SYMBOLS USED IN COLUMN 16

AVERAGE MONTHLY: 78.3   TOTAL FOR MONTH:   0.96    1 = FOG OR MIST
DPTR FM NORMAL:   5.4   DPTR FM NORMAL:   -4.05    2 = FOG REDUCING VISIBILITY
HIGHEST:    97 ON 10    GRTST 24HR  0.58 ON 11-11      TO 1/4 MILE OR LESS
LOWEST:     57 ON  5                               3 = THUNDER
                        SNOW, ICE PELLETS, HAIL    4 = ICE PELLETS
                        TOTAL MONTH:    M          5 = HAIL
                        GRTST 24HR    M  ON   M    6 = FREEZING RAIN OR DRIZZLE
                        GRTST DEPTH:  M  ON   M    7 = DUSTSTORM OR SANDSTORM:
                                                       VSBY 1/2 MILE OR LESS
                                                   8 = SMOKE OR HAZE
[NO. OF DAYS WITH]      [WEATHER - DAYS WITH]      9 = BLOWING SNOW
                                                   X = TORNADO
MAX 32 OR BELOW:   0    0.01 INCH OR MORE:   6
MAX 90 OR ABOVE:  12    0.10 INCH OR MORE:   3
MIN 32 OR BELOW:   0    0.50 INCH OR MORE:   1
MIN  0 OR BELOW:   0    1.00 INCH OR MORE:   0

[HDD (BASE 65) ]
TOTAL THIS MO.     0    CLEAR  (SCALE 0-3)  17
DPTR FM NORMAL    -4    PTCLDY (SCALE 4-7)   5
TOTAL FM JUL 1  5013    CLOUDY (SCALE 8-10)  1
DPTR FM NORMAL   -43

[CDD (BASE 65) ]
TOTAL THIS MO.   313
DPTR FM NORMAL   125    [PRESSURE DATA]
TOTAL FM JAN 1   606    HIGHEST SLP  0.00 ON M
DPTR FM NORMAL   306    LOWEST  SLP  0.00 ON M

[REMARKS]
