000
CXUS55 KEAX 160736
CF6IXD
PRELIMINARY LOCAL CLIMATOLOGICAL DATA (WS FORM: F-6)

                                          STATION:   New Century Air Center KS
                                          MONTH:     DECEMBER
                                          YEAR:      2018
                                          LATITUDE:   38 49 N
                                          LONGITUDE:  94 54 W

  TEMPERATURE IN F:       :PCPN:    SNOW:  WIND      :SUNSHINE: SKY     :PK WND
================================================================================
1   2   3   4   5  6A  6B    7    8   9   10  11  12  13   14  15   16   17  18
                                     12Z  AVG MX 2MIN
DY MAX MIN AVG DEP HDD CDD  WTR  SNW DPTH SPD SPD DIR MIN PSBL S-S WX    SPD DR
================================================================================

 1  52  35  44   8  21   0 0.67    M    M 15.3 29 220   M    M   9 13     39 220
 2  36  31  34  -2  31   0 0.02    M    M 15.7 23 280   M    M  10 1      31 280
 3  31  26  29  -6  36   0    T    M    M 11.9 18 320   M    M  10 1      24 320
 4  29  25  27  -8  38   0    T    M    M  8.9 16 280   M    M  10        26 290
 5  45  23  34  -1  31   0 0.00    M    M  8.9 15 190   M    M   0        19 200
 6  39  18  29  -5  36   0 0.01    M    M  9.4 22 350   M    M   5 1      27 350
 7  32  17  25  -9  40   0 0.00    M    M  6.0 10  10   M    M   1        13  70
 8  38  20  29  -5  36   0 0.00    M    M  8.0 14  90   M    M   0 1      20  70
 9  37  12  25  -8  40   0 0.00    M    M  2.7  8  30   M    M   0 1      11 320
10  44  18  31  -2  34   0 0.00    M    M  5.8 16 200   M    M   0        19 210
11  55  24  40   8  25   0 0.00    M    M 11.8 23 190   M    M   0        34 180
12  51  25  38   6  27   0 0.00    M    M  6.3 12 150   M    M   1        15 110
13  47  34  41   9  24   0 0.01    M    M 11.0 22 350   M    M  10 1      27 350
14  47  25  36   4  29   0 0.00    M    M 13.0 22 350   M    M   5 18     30 340
15  54  22  38   7  27   0 0.00    M    M  3.7 12 320   M    M   0        13 320
================================================================================
SM  637  355       475   0  0.71    M    138.4          M       61
================================================================================
AV 42.5 23.7                               9.2 FASTST   M    M   4    MAX(MPH)
                                 MISC ---->  # 29 220               # 39  220
================================================================================
NOTES:
# LAST OF SEVERAL OCCURRENCES

COLUMN 17 PEAK WIND IN M.P.H.

PRELIMINARY LOCAL CLIMATOLOGICAL DATA (WS FORM: F-6) , PAGE 2

                                          STATION:  New Century Air Center KS
                                          MONTH:    DECEMBER
                                          YEAR:     2018
                                          LATITUDE:   38 49 N
                                          LONGITUDE:  94 54 W

[TEMPERATURE DATA]      [PRECIPITATION DATA]       SYMBOLS USED IN COLUMN 16

AVERAGE MONTHLY: 33.1   TOTAL FOR MONTH:   0.71    1 = FOG OR MIST
DPTR FM NORMAL:  -0.5   DPTR FM NORMAL:   -0.03    2 = FOG REDUCING VISIBILITY
HIGHEST:    55 ON 11    GRTST 24HR  0.67 ON  1- 1      TO 1/4 MILE OR LESS
LOWEST:     12 ON  9                               3 = THUNDER
                        SNOW, ICE PELLETS, HAIL    4 = ICE PELLETS
                        TOTAL MONTH:    M          5 = HAIL
                        GRTST 24HR    M  ON   M    6 = FREEZING RAIN OR DRIZZLE
                        GRTST DEPTH:  M  ON   M    7 = DUSTSTORM OR SANDSTORM:
                                                       VSBY 1/2 MILE OR LESS
                                                   8 = SMOKE OR HAZE
[NO. OF DAYS WITH]      [WEATHER - DAYS WITH]      9 = BLOWING SNOW
                                                   X = TORNADO
MAX 32 OR BELOW:   3    0.01 INCH OR MORE:   4
MAX 90 OR ABOVE:   0    0.10 INCH OR MORE:   1
MIN 32 OR BELOW:  13    0.50 INCH OR MORE:   1
MIN  0 OR BELOW:   0    1.00 INCH OR MORE:   0

[HDD (BASE 65) ]
TOTAL THIS MO.   475    CLEAR  (SCALE 0-3)   8
DPTR FM NORMAL     4    PTCLDY (SCALE 4-7)   2
TOTAL FM JUL 1  1690    CLOUDY (SCALE 8-10)  5
DPTR FM NORMAL   221

[CDD (BASE 65) ]
TOTAL THIS MO.     0
DPTR FM NORMAL     0    [PRESSURE DATA]
TOTAL FM JAN 1  1911    HIGHEST SLP  0.00 ON M
DPTR FM NORMAL   559    LOWEST  SLP  0.00 ON M

[REMARKS]
