712
CXUS53 KEAX 270736
CF6IXD
PRELIMINARY LOCAL CLIMATOLOGICAL DATA (WS FORM: F-6)

                                          STATION:   NEW CENTURY AIR CENTER KS
                                          MONTH:     MAY
                                          YEAR:      2024
                                          LATITUDE:   38 49 N
                                          LONGITUDE:  94 54 W

  TEMPERATURE IN F:       :PCPN:    SNOW:  WIND      :SUNSHINE: SKY     :PK WND
================================================================================
1   2   3   4   5  6A  6B    7    8   9   10  11  12  13   14  15   16   17  18
                                     12Z  AVG MX 2MIN
DY MAX MIN AVG DEP HDD CDD  WTR  SNW DPTH SPD SPD DIR MIN PSBL S-S WX    SPD DR
================================================================================

 1  79  55  67   8   0   2 0.07    M    M  9.3 20  70   M    M   3 3      29  70
 2  72  56  64   4   1   0 0.52    M    M 10.4 18 320   M    M   9 13     25 330
 3  76  53  65   5   0   0 0.00    M    M  9.6 17 140   M    M   2        25  90
 4  66  48  57  -3   8   0 0.02    M    M 12.3 22 300   M    M   6        30 310
 5  58  46  52  -9  13   0 0.02    M    M  6.2 13  80   M    M   6        19  70
 6  74  57  66   5   0   1 0.80    M    M 12.2 29 240   M    M  10 123    47 230
 7  77  56  67   5   0   2    T    M    M  7.7 20 190   M    M   3 1      25 210
 8  80  56  68   6   0   3 0.10    M    M  7.5 24 210   M    M   3 38     32 210
 9  76  52  64   2   1   0 0.00    M    M 11.1 24 310   M    M   1        33 320
10  77  51  64   1   1   0 0.00    M    M  7.2 16 290   M    M   2        23 300
11  80  53  67   4   0   2 0.00    M    M  4.9 13 320   M    M   1        18 280
12  81  55  68   5   0   3 0.01    M    M  6.8 16 190   M    M   4 3      22 190
13  68  61  65   1   0   0 0.24    M    M  6.3 14 250   M    M   9 18     19 260
14  76  57  67   3   0   2 0.01    M    M  8.9 17 360   M    M   7 18     25 360
15  73  54  64   0   1   0 0.03    M    M  5.0 13 130   M    M   7 128    18 140
16  78  61  70   5   0   5 0.01    M    M  4.9 13 260   M    M   4        17 270
17  83  56  70   5   0   5 0.00    M    M  4.7 13 150   M    M   1 1      18 150
18  87  60  74   8   0   9 0.00    M    M  7.6 17 200   M    M   0        26 200
19  88  64  76  10   0  11 0.50    M    M  8.9 41 230   M    M   2 13     62 220
20  84  65  75   9   0  10 0.01    M    M  8.1 18 160   M    M   5 3      24 160
21  86  60  73   6   0   8 0.12    M    M 16.6 32 180   M    M   3 38     44 170
22  76  54  65  -2   0   0 0.00    M    M  5.1 15 320   M    M   2        18 320
23  84  52  68   0   0   3 0.00    M    M  9.0 20 160   M    M   1        31 140
24  83  57  70   2   0   5 0.00    M    M 12.1 23 330   M    M   4        34 170
25  83  52  68   0   0   3    T    M    M 13.5 43 170   M    M   0 3      61 170
26  82  62  72   3   0   7 0.62    M    M 10.1 23 300   M    M   4 13     36 300
================================================================================
SM 2027 1453        25  81  3.08    M    226.0          M       99
================================================================================
AV 78.0 55.9                               8.7 FASTST   M    M   4    MAX(MPH)
                                 MISC ---->    43 170                 62 220
================================================================================
NOTES:
# LAST OF SEVERAL OCCURRENCES

COLUMN 17 PEAK WIND IN M.P.H.

PRELIMINARY LOCAL CLIMATOLOGICAL DATA (WS FORM: F-6) , PAGE 2

                                          STATION:   NEW CENTURY AIR CENTER KS
                                          MONTH:     MAY
                                          YEAR:      2024
                                          LATITUDE:   38 49 N
                                          LONGITUDE:  94 54 W

[TEMPERATURE DATA]      [PRECIPITATION DATA]       SYMBOLS USED IN COLUMN 16

AVERAGE MONTHLY: 66.9   TOTAL FOR MONTH:   3.08    1 = FOG OR MIST
DPTR FM NORMAL:   3.0   DPTR FM NORMAL:   -1.12    2 = FOG REDUCING VISIBILITY
HIGHEST:    88 ON 19    GRTST 24HR  0.80 ON  6- 6      TO 1/4 MILE OR LESS
LOWEST:     46 ON  5                               3 = THUNDER
                        SNOW, ICE PELLETS, HAIL    4 = ICE PELLETS
                        TOTAL MONTH:  M            5 = HAIL
                        GRTST 24HR    M  ON   M    6 = FREEZING RAIN OR DRIZZLE
                        GRTST DEPTH:  M  ON   M    7 = DUSTSTORM OR SANDSTORM:
                                                       VSBY 1/2 MILE OR LESS
                                                   8 = SMOKE OR HAZE
[NO. OF DAYS WITH]      [WEATHER - DAYS WITH]      9 = BLOWING SNOW
                                                   X = TORNADO
MAX 32 OR BELOW:   0    0.01 INCH OR MORE:  15
MAX 90 OR ABOVE:   0    0.10 INCH OR MORE:   7
MIN 32 OR BELOW:   0    0.50 INCH OR MORE:   4
MIN  0 OR BELOW:   0    1.00 INCH OR MORE:   0

[HDD (BASE 65) ]
TOTAL THIS MO.    25    CLEAR  (SCALE 0-3)  12
DPTR FM NORMAL   -75    PTCLDY (SCALE 4-7)  11
TOTAL FM JUL 1  3935    CLOUDY (SCALE 8-10)  3
DPTR FM NORMAL -1028

[CDD (BASE 65) ]
TOTAL THIS MO.    81
DPTR FM NORMAL     9    [PRESSURE DATA]
TOTAL FM JAN 1   123    HIGHEST SLP M ON M
DPTR FM NORMAL    30    LOWEST  SLP 29.37 ON  6

[REMARKS]