000
CXUS55 KRIW 180945
CF6JAC
PRELIMINARY LOCAL CLIMATOLOGICAL DATA (WS FORM: F-6)

                                          STATION:   JACKSON  WY
                                          MONTH:     FEBRUARY
                                          YEAR:      2019
                                          LATITUDE:   43 35 N
                                          LONGITUDE: 110 44 W

  TEMPERATURE IN F:       :PCPN:    SNOW:  WIND      :SUNSHINE: SKY     :PK WND
================================================================================
1   2   3   4   5  6A  6B    7    8   9   10  11  12  13   14  15   16   17  18
                                     12Z  AVG MX 2MIN
DY MAX MIN AVG DEP HDD CDD  WTR  SNW DPTH SPD SPD DIR MIN PSBL S-S WX    SPD DR
================================================================================

 1  33  -2  16   1  49   0 0.00    M    M  4.3 12  30   M    M   0         M  M
 2  36   7  22   7  43   0 0.05    M    M  9.1 15 240   M    M   8 1       M  M
 3  35  27  31  16  34   0 0.21    M    M 12.7 23 190   M    M  10 1      31 190
 4  33  27  30  15  35   0 0.25    M    M  7.3 14 230   M    M  10 12      M  M
 5  35   7  21   6  44   0 0.32    M    M  7.5 18 200   M    M   7 12      M  M
 6  17  -6   6  -9  59   0    T    M    M  5.8 10 240   M    M   5 1       M  M
 7  16 -15   1 -15  64   0    T    M    M  8.1 16  20   M    M   5 1      21 200
 8  13 -19  -3 -19  68   0    T    M    M  5.3 12  10   M    M   4         M  M
 9  23   2  13  -3  52   0 0.01    M    M  3.8 10 200   M    M   8 1       M  M
10  24  13  19   3  46   0 0.02    M    M  7.6 17 240   M    M  10 1       M  M
11  18   5  12  -4  53   0    T    M    M 14.6 20 210   M    M   9 18      M  M
12  28  11  20   4  45   0    T    M    M 13.4 21 210   M    M   3         M  M
13  30  21  26   9  39   0 0.06    M    M 13.2 18 190   M    M   9 1      25 200
14  38  29  34  17  31   0 0.13    M    M 10.0 15 250   M    M  10 1       M  M
15  35  19  27  10  38   0 0.22    M    M 15.0 31 290   M    M   9 12     37 290
16  29  12  21   3  44   0 0.02    M    M  7.3 14 210   M    M  10 1      20 250
17  28   0  14  -4  51   0 0.01    M    M  4.9 10  10   M    M   4 1       M  M
================================================================================
SM  471  138       795   0  1.30    M    149.9          M      121
================================================================================
AV 27.7  8.1                               8.8 FASTST   M    M   7    MAX(MPH)
                                 MISC ---->  # 31 290               # 37  290
================================================================================
NOTES:
# LAST OF SEVERAL OCCURRENCES

COLUMN 17 PEAK WIND IN M.P.H.

PRELIMINARY LOCAL CLIMATOLOGICAL DATA (WS FORM: F-6) , PAGE 2

                                          STATION:  JACKSON  WY
                                          MONTH:    FEBRUARY
                                          YEAR:     2019
                                          LATITUDE:   43 35 N
                                          LONGITUDE: 110 44 W

[TEMPERATURE DATA]      [PRECIPITATION DATA]       SYMBOLS USED IN COLUMN 16

AVERAGE MONTHLY: 17.9   TOTAL FOR MONTH:   1.30    1 = FOG OR MIST
DPTR FM NORMAL:   1.9   DPTR FM NORMAL:    0.14    2 = FOG REDUCING VISIBILITY
HIGHEST:    38 ON 14    GRTST 24HR  0.32 ON  5- 5      TO 1/4 MILE OR LESS
LOWEST:    -19 ON  8                               3 = THUNDER
                        SNOW, ICE PELLETS, HAIL    4 = ICE PELLETS
                        TOTAL MONTH:    M          5 = HAIL
                        GRTST 24HR    M  ON   M    6 = FREEZING RAIN OR DRIZZLE
                        GRTST DEPTH:  M  ON   M    7 = DUSTSTORM OR SANDSTORM:
                                                       VSBY 1/2 MILE OR LESS
                                                   8 = SMOKE OR HAZE
[NO. OF DAYS WITH]      [WEATHER - DAYS WITH]      9 = BLOWING SNOW
                                                   X = TORNADO
MAX 32 OR BELOW:  10    0.01 INCH OR MORE:  11
MAX 90 OR ABOVE:   0    0.10 INCH OR MORE:   5
MIN 32 OR BELOW:  17    0.50 INCH OR MORE:   0
MIN  0 OR BELOW:   5    1.00 INCH OR MORE:   0

[HDD (BASE 65) ]
TOTAL THIS MO.   795    CLEAR  (SCALE 0-3)   2
DPTR FM NORMAL   -39    PTCLDY (SCALE 4-7)   6
TOTAL FM JUL 1  6315    CLOUDY (SCALE 8-10)  9
DPTR FM NORMAL  -312

[CDD (BASE 65) ]
TOTAL THIS MO.     0
DPTR FM NORMAL     0    [PRESSURE DATA]
TOTAL FM JAN 1     0    HIGHEST SLP M ON M
DPTR FM NORMAL     0    LOWEST  SLP 29.40 ON  3

[REMARKS]
