000
CXUS55 KRIW 230945
CF6JAC
PRELIMINARY LOCAL CLIMATOLOGICAL DATA (WS FORM: F-6)

                                          STATION:   JACKSON  WY
                                          MONTH:     OCTOBER
                                          YEAR:      2018
                                          LATITUDE:   43 35 N
                                          LONGITUDE: 110 44 W

  TEMPERATURE IN F:       :PCPN:    SNOW:  WIND      :SUNSHINE: SKY     :PK WND
================================================================================
1   2   3   4   5  6A  6B    7    8   9   10  11  12  13   14  15   16   17  18
                                     12Z  AVG MX 2MIN
DY MAX MIN AVG DEP HDD CDD  WTR  SNW DPTH SPD SPD DIR MIN PSBL S-S WX    SPD DR
================================================================================

 1  66  28  47   1  18   0 0.00    M    M  5.8 15 230   M    M   1        25 230
 2  69  45  57  12   8   0 0.04    M    M  7.3 18 200   M    M   7 13     30 230
 3  66  45  56  11   9   0    T    M    0 14.4 27 230   M    M   4        39 220
 4  55  42  49   5  16   0 0.46    M    M 10.5 16 180   M    M  10 1       M  M
 5  46  27  37  -7  28   0    T    M    M  5.1 15 250   M    M   6        20 250
 6  49  29  39  -5  26   0    T    M    M  5.2 14  10   M    M   5         M  M
 7  52  30  41  -2  24   0 0.00    M    M 11.7 14  10   M    M   2        20  30
 8  53  27  40  -3  25   0 0.00    M    M 11.1 17  20   M    M   3        21  30
 9  39  33  36  -6  29   0 0.02    M    M  3.9 10  30   M    M   8 1       M  M
10  43  29  36  -6  29   0    T    M    M 12.2 18  10   M    M   5        33  20
11  45  28  37  -5  28   0    T    M    M  7.8 13 240   M    M   8 1      21 230
12  53  22  38  -3  27   0 0.00    M    M  7.8 14 270   M    M   2        23 270
13  43  24  34  -7  31   0    T    M    M  8.9 20  20   M    M   7 1      30  20
14  38  11  25 -16  40   0    T    M    M 10.5 16  40   M    M   1        24  20
15  48   7  28 -12  37   0 0.00    M    M  3.5  9  20   M    M   0         M  M
16  57  16  37  -3  28   0 0.00    M    M  5.1 10  20   M    M   0         M  M
17  61  19  40   0  25   0 0.00    M    M  4.3  8 300   M    M   0         M  M
18  59  20  40   1  25   0 0.00    M    M  6.5 15 280   M    M   0         M  M
19  61  20  41   2  24   0 0.00    M    M  5.0  8  20   M    M   0         M  M
20  65  18  42   4  23   0 0.00    M    M  4.2  9  20   M    M   0         M  M
21  63  21  42   4  23   0 0.00    M    M  5.3 10  20   M    M   0         M  M
22  64  22  43   5  22   0 0.00    M    M  5.6 13  70   M    M   1         M  M
================================================================================
SM 1195  563       545   0  0.52    M    161.7          M       70
================================================================================
AV 54.3 25.6                               7.4 FASTST   M    M   3    MAX(MPH)
                                 MISC ---->  # 27 230               # 39  220
================================================================================
NOTES:
# LAST OF SEVERAL OCCURRENCES

COLUMN 17 PEAK WIND IN M.P.H.

PRELIMINARY LOCAL CLIMATOLOGICAL DATA (WS FORM: F-6) , PAGE 2

                                          STATION:  JACKSON  WY
                                          MONTH:    OCTOBER
                                          YEAR:     2018
                                          LATITUDE:   43 35 N
                                          LONGITUDE: 110 44 W

[TEMPERATURE DATA]      [PRECIPITATION DATA]       SYMBOLS USED IN COLUMN 16

AVERAGE MONTHLY: 40.0   TOTAL FOR MONTH:   0.52    1 = FOG OR MIST
DPTR FM NORMAL:  -1.6   DPTR FM NORMAL:   -0.46    2 = FOG REDUCING VISIBILITY
HIGHEST:    69 ON  2    GRTST 24HR  0.46 ON  4- 4      TO 1/4 MILE OR LESS
LOWEST:      7 ON 15                               3 = THUNDER
                        SNOW, ICE PELLETS, HAIL    4 = ICE PELLETS
                        TOTAL MONTH:    M          5 = HAIL
                        GRTST 24HR    M  ON   M    6 = FREEZING RAIN OR DRIZZLE
                        GRTST DEPTH:   0           7 = DUSTSTORM OR SANDSTORM:
                                                       VSBY 1/2 MILE OR LESS
                                                   8 = SMOKE OR HAZE
[NO. OF DAYS WITH]      [WEATHER - DAYS WITH]      9 = BLOWING SNOW
                                                   X = TORNADO
MAX 32 OR BELOW:   0    0.01 INCH OR MORE:   3
MAX 90 OR ABOVE:   0    0.10 INCH OR MORE:   1
MIN 32 OR BELOW:  18    0.50 INCH OR MORE:   0
MIN  0 OR BELOW:   0    1.00 INCH OR MORE:   0

[HDD (BASE 65) ]
TOTAL THIS MO.   545    CLEAR  (SCALE 0-3)  13
DPTR FM NORMAL    28    PTCLDY (SCALE 4-7)   8
TOTAL FM JUL 1  1026    CLOUDY (SCALE 8-10)  1
DPTR FM NORMAL  -182

[CDD (BASE 65) ]
TOTAL THIS MO.     0
DPTR FM NORMAL     0    [PRESSURE DATA]
TOTAL FM JAN 1    21    HIGHEST SLP M ON M
DPTR FM NORMAL   -22    LOWEST  SLP 29.46 ON  3

[REMARKS]
