000
CXUS55 KRIW 200945
CF6JAC
PRELIMINARY LOCAL CLIMATOLOGICAL DATA (WS FORM: F-6)

                                          STATION:   JACKSON  WY
                                          MONTH:     OCTOBER
                                          YEAR:      2019
                                          LATITUDE:   43 35 N
                                          LONGITUDE: 110 44 W

  TEMPERATURE IN F:       :PCPN:    SNOW:  WIND      :SUNSHINE: SKY     :PK WND
================================================================================
1   2   3   4   5  6A  6B    7    8   9   10  11  12  13   14  15   16   17  18
                                     12Z  AVG MX 2MIN
DY MAX MIN AVG DEP HDD CDD  WTR  SNW DPTH SPD SPD DIR MIN PSBL S-S WX    SPD DR
================================================================================

 1  51  27  39  -7  26   0    T    M    M  4.3 12  10   M    M   6        16 190
 2  42  21  32 -13  33   0    T    M    M  6.8 14 180   M    M   6 18     22 240
 3  60  17  39  -6  26   0 0.00    M    M  4.0  7  20   M    M   0         M  M
 4  52  24  38  -6  27   0 0.03    M    M  6.7 17 320   M    M   5 1      24 320
 5  45  28  37  -7  28   0    T    M    M  8.7 21 190   M    M   8        27 190
 6  51  22  37  -7  28   0 0.00    M    M  6.1 15 260   M    M   2         M  M
 7  62  19  41  -2  24   0 0.00    M    M  5.7 15 230   M    M   0        22 240
 8  64  20  42  -1  23   0 0.00    M    M 10.6 22 210   M    M   3        32 190
 9  51  20  36  -6  29   0    T    M    M 11.6 17 240   M    M   9 1      24 240
10  30   9  20 -22  45   0    T    M    M  8.6 18 290   M    M   4 1      23 290
11  44   6  25 -17  40   0 0.00    M    M  4.4 10 220   M    M   0        17 220
12  53  12  33  -8  32   0 0.00    M    M  4.6  8  20   M    M   0         M  M
13  60  15  38  -3  27   0 0.00    M    M  4.5 10 220   M    M   0         M  M
14  57  16  37  -4  28   0 0.00    M    M  8.1 21 250   M    M   0        37 250
15  60  20  40   0  25   0 0.00    M    M  5.1  9 260   M    M   0         M  M
16  68  22  45   5  20   0 0.00    M    M  6.6 20 200   M    M   0        25 200
17  61  22  42   2  23   0    T    M    M  9.0 20 290   M    M   4        31 290
18  41  29  35  -4  30   0 0.04    M    M 14.7 22 190   M    M   7        31 190
19  39  28  34  -5  31   0 0.21    M    M 12.2 18 180   M    M  10 18     27 200
================================================================================
SM  991  377       545   0  0.28    M    142.3          M       64
================================================================================
AV 52.2 19.8                               7.5 FASTST   M    M   3    MAX(MPH)
                                 MISC ---->  # 22 210               # 37  250
================================================================================
NOTES:
# LAST OF SEVERAL OCCURRENCES

COLUMN 17 PEAK WIND IN M.P.H.

PRELIMINARY LOCAL CLIMATOLOGICAL DATA (WS FORM: F-6) , PAGE 2

                                          STATION:  JACKSON  WY
                                          MONTH:    OCTOBER
                                          YEAR:     2019
                                          LATITUDE:   43 35 N
                                          LONGITUDE: 110 44 W

[TEMPERATURE DATA]      [PRECIPITATION DATA]       SYMBOLS USED IN COLUMN 16

AVERAGE MONTHLY: 36.0   TOTAL FOR MONTH:   0.28    1 = FOG OR MIST
DPTR FM NORMAL:  -6.2   DPTR FM NORMAL:   -0.58    2 = FOG REDUCING VISIBILITY
HIGHEST:    68 ON 16    GRTST 24HR  0.21 ON 19-19      TO 1/4 MILE OR LESS
LOWEST:      6 ON 11                               3 = THUNDER
                        SNOW, ICE PELLETS, HAIL    4 = ICE PELLETS
                        TOTAL MONTH:    M          5 = HAIL
                        GRTST 24HR    M  ON   M    6 = FREEZING RAIN OR DRIZZLE
                        GRTST DEPTH:  M  ON   M    7 = DUSTSTORM OR SANDSTORM:
                                                       VSBY 1/2 MILE OR LESS
                                                   8 = SMOKE OR HAZE
[NO. OF DAYS WITH]      [WEATHER - DAYS WITH]      9 = BLOWING SNOW
                                                   X = TORNADO
MAX 32 OR BELOW:   1    0.01 INCH OR MORE:   3
MAX 90 OR ABOVE:   0    0.10 INCH OR MORE:   1
MIN 32 OR BELOW:  19    0.50 INCH OR MORE:   0
MIN  0 OR BELOW:   0    1.00 INCH OR MORE:   0

[HDD (BASE 65) ]
TOTAL THIS MO.   545    CLEAR  (SCALE 0-3)  10
DPTR FM NORMAL   109    PTCLDY (SCALE 4-7)   6
TOTAL FM JUL 1  1171    CLOUDY (SCALE 8-10)  3
DPTR FM NORMAL    44

[CDD (BASE 65) ]
TOTAL THIS MO.     0
DPTR FM NORMAL     0    [PRESSURE DATA]
TOTAL FM JAN 1    16    HIGHEST SLP M ON M
DPTR FM NORMAL   -27    LOWEST  SLP 29.41 ON 17

[REMARKS]
