000
CXUS52 KJAX 180800
CF6JAX
PRELIMINARY LOCAL CLIMATOLOGICAL DATA (WS FORM: F-6)

                                          STATION:   JACKSONVILLE FL
                                          MONTH:     OCTOBER
                                          YEAR:      2019
                                          LATITUDE:   30 30 N
                                          LONGITUDE:  81 42 W

  TEMPERATURE IN F:       :PCPN:    SNOW:  WIND      :SUNSHINE: SKY     :PK WND
================================================================================
1   2   3   4   5  6A  6B    7    8   9   10  11  12  13   14  15   16   17  18
                                     12Z  AVG MX 2MIN
DY MAX MIN AVG DEP HDD CDD  WTR  SNW DPTH SPD SPD DIR MIN PSBL S-S WX    SPD DR
================================================================================

 1  90  72  81   6   0  16 0.11  0.0    0  8.2 24  80   M    M   5 1      32  80
 2  88  70  79   5   0  14 0.00  0.0    0  5.5 18  40   M    M   3 1      22  40
 3  88  68  78   4   0  13 0.00  0.0    0  4.3 14  90   M    M   3 1      19 100
 4  91  63  77   3   0  12 0.00  0.0    0  3.4 12 130   M    M   1 1      13 130
 5  88  68  78   4   0  13    T  0.0    0  8.2 23 110   M    M   4 1      32 110
 6  87  73  80   7   0  15 0.08  0.0    0 10.5 24  80   M    M   8 1      30  60
 7  77  73  75   2   0  10 1.46  0.0    0  6.5 16 120   M    M   9 13     20 130
 8  86  70  78   5   0  13 0.00  0.0    0  8.1 18  40   M    M   7 12     24  70
 9  81  69  75   3   0  10 0.00  0.0    0  9.2 22  40   M    M   9        28  30
10  83  66  75   3   0  10 0.00  0.0    0 10.5 23  40   M    M   5        28  50
11  81  60  71  -1   0   6 0.00  0.0    0  6.6 17  50   M    M   4        24  40
12  84  63  74   2   0   9 0.00  0.0    0  4.6 14  80   M    M   4        17  30
13  86  64  75   4   0  10 0.00  0.0    0  4.0 14 130   M    M   3        19 140
14  90  65  78   7   0  13    T  0.0    0  3.8 12 120   M    M   5        14 110
15  85  73  79   8   0  14 0.02  0.0    0  5.7 15  60   M    M  10        20 170
16  89  69  79   9   0  14 0.01  0.0    0 11.1 25 280   M    M   7        35 280
17  76  56  66  -4   0   1 0.00  0.0    0  4.9 10 270   M    M   7        15 330
================================================================================
SM 1450 1142         0 193  1.68     0.0 115.1          M       94
================================================================================
AV 85.3 67.2                               6.8 FASTST   M    M   6    MAX(MPH)
                                 MISC ---->  # 25 280               # 35  280
================================================================================
NOTES:
# LAST OF SEVERAL OCCURRENCES

COLUMN 17 PEAK WIND IN M.P.H.

PRELIMINARY LOCAL CLIMATOLOGICAL DATA (WS FORM: F-6) , PAGE 2

                                          STATION:  JACKSONVILLE FL
                                          MONTH:    OCTOBER
                                          YEAR:     2019
                                          LATITUDE:   30 30 N
                                          LONGITUDE:  81 42 W

[TEMPERATURE DATA]      [PRECIPITATION DATA]       SYMBOLS USED IN COLUMN 16

AVERAGE MONTHLY: 76.2   TOTAL FOR MONTH:   1.68    1 = FOG OR MIST
DPTR FM NORMAL:   3.8   DPTR FM NORMAL:   -1.08    2 = FOG REDUCING VISIBILITY
HIGHEST:    91 ON  4    GRTST 24HR  1.46 ON  7- 7      TO 1/4 MILE OR LESS
LOWEST:     56 ON 17                               3 = THUNDER
                        SNOW, ICE PELLETS, HAIL    4 = ICE PELLETS
                        TOTAL MONTH:   0.0 INCH    5 = HAIL
                        GRTST 24HR     0.0         6 = FREEZING RAIN OR DRIZZLE
                        GRTST DEPTH:   0           7 = DUSTSTORM OR SANDSTORM:
                                                       VSBY 1/2 MILE OR LESS
                                                   8 = SMOKE OR HAZE
[NO. OF DAYS WITH]      [WEATHER - DAYS WITH]      9 = BLOWING SNOW
                                                   X = TORNADO
MAX 32 OR BELOW:   0    0.01 INCH OR MORE:   5
MAX 90 OR ABOVE:   3    0.10 INCH OR MORE:   2
MIN 32 OR BELOW:   0    0.50 INCH OR MORE:   1
MIN  0 OR BELOW:   0    1.00 INCH OR MORE:   1

[HDD (BASE 65) ]
TOTAL THIS MO.     0    CLEAR  (SCALE 0-3)   4
DPTR FM NORMAL    -5    PTCLDY (SCALE 4-7)  10
TOTAL FM JUL 1     0    CLOUDY (SCALE 8-10)  3
DPTR FM NORMAL    -5

[CDD (BASE 65) ]
TOTAL THIS MO.   193
DPTR FM NORMAL    59    [PRESSURE DATA]
TOTAL FM JAN 1  3083    HIGHEST SLP 30.11 ON  6
DPTR FM NORMAL   563    LOWEST  SLP 29.75 ON 16

[REMARKS]
