000
CXUS52 KJAX 200800
CF6JAX
PRELIMINARY LOCAL CLIMATOLOGICAL DATA (WS FORM: F-6)

                                          STATION:   JACKSONVILLE FL
                                          MONTH:     JUNE
                                          YEAR:      2018
                                          LATITUDE:   30 30 N
                                          LONGITUDE:  81 42 W

  TEMPERATURE IN F:       :PCPN:    SNOW:  WIND      :SUNSHINE: SKY     :PK WND
================================================================================
1   2   3   4   5  6A  6B    7    8   9   10  11  12  13   14  15   16   17  18
                                     12Z  AVG MX 2MIN
DY MAX MIN AVG DEP HDD CDD  WTR  SNW DPTH SPD SPD DIR MIN PSBL S-S WX    SPD DR
================================================================================

 1  93  72  83   5   0  18 0.67  0.0    0  5.5 23 140   M    M   7 13     30 140
 2  92  71  82   4   0  17 0.41  0.0    0  6.7 32 350   M    M   7 138    42 360
 3  94  71  83   5   0  18 0.00  0.0    0  8.6 17 250   M    M   7 13     20 250
 4  95  72  84   6   0  19 0.00  0.0    0  7.9 16 290   M    M   3 8      22 290
 5  88  66  77  -2   0  12 0.00  0.0    0  6.2 14 280   M    M   6        20 310
 6  82  71  77  -2   0  12    T  0.0    0  5.3 15 220   M    M   9        19 220
 7  87  68  78  -1   0  13 0.00  0.0    0  4.3 13  90   M    M   7 3      17 110
 8  89  70  80   1   0  15    T  0.0    0  3.7 25  20   M    M   7 3      32  40
 9  89  70  80   1   0  15 0.00  0.0    0  4.9 15 290   M    M   7 3      23 260
10  90  70  80   1   0  15 0.08  0.0    0  4.7 23 220   M    M   6 13     26 230
11  87  69  78  -2   0  13 0.86  0.0    0  4.3 35 240   M    M   6 138    40 240
12  88  71  80   0   0  15 2.22  0.0    0  4.3 31  30   M    M   8 13     35  30
13  90  71  81   1   0  16 0.89  0.0    0  5.2 23 290   M    M   7 138    28 280
14  91  71  81   1   0  16    T  0.0    0  5.9 18 210   M    M   8 3      24 200
15  92  73  83   3   0  18    T  0.0    0  5.2 26 230   M    M   7 38     35 230
16  92  74  83   3   0  18 0.05  0.0    0  3.6 14 210   M    M   8 13     17 170
17  91  73  82   2   0  17 0.00  0.0    0  4.8 15  80   M    M   8 1      18  60
18  91  73  82   2   0  17 0.00  0.0    0  3.7 18 120   M    M   3 3      21 110
19  93  73  83   3   0  18 1.35  0.0    0  4.7 23 260   M    M   4 13     26 260
================================================================================
SM 1714 1349         0 302  6.53     0.0  99.5          M      125
================================================================================
AV 90.2 71.0                               5.2 FASTST   M    M   7    MAX(MPH)
                                 MISC ---->  # 35 240               # 42  360
================================================================================
NOTES:
# LAST OF SEVERAL OCCURRENCES

COLUMN 17 PEAK WIND IN M.P.H.

PRELIMINARY LOCAL CLIMATOLOGICAL DATA (WS FORM: F-6) , PAGE 2

                                          STATION:  JACKSONVILLE FL
                                          MONTH:    JUNE
                                          YEAR:     2018
                                          LATITUDE:   30 30 N
                                          LONGITUDE:  81 42 W

[TEMPERATURE DATA]      [PRECIPITATION DATA]       SYMBOLS USED IN COLUMN 16

AVERAGE MONTHLY: 80.6   TOTAL FOR MONTH:   6.53    1 = FOG OR MIST
DPTR FM NORMAL:   1.3   DPTR FM NORMAL:    2.65    2 = FOG REDUCING VISIBILITY
HIGHEST:    95 ON  4    GRTST 24HR  2.22 ON 12-12      TO 1/4 MILE OR LESS
LOWEST:     66 ON  5                               3 = THUNDER
                        SNOW, ICE PELLETS, HAIL    4 = ICE PELLETS
                        TOTAL MONTH:   0.0 INCH    5 = HAIL
                        GRTST 24HR     0.0         6 = FREEZING RAIN OR DRIZZLE
                        GRTST DEPTH:   0           7 = DUSTSTORM OR SANDSTORM:
                                                       VSBY 1/2 MILE OR LESS
                                                   8 = SMOKE OR HAZE
[NO. OF DAYS WITH]      [WEATHER - DAYS WITH]      9 = BLOWING SNOW
                                                   X = TORNADO
MAX 32 OR BELOW:   0    0.01 INCH OR MORE:   8
MAX 90 OR ABOVE:  12    0.10 INCH OR MORE:   6
MIN 32 OR BELOW:   0    0.50 INCH OR MORE:   5
MIN  0 OR BELOW:   0    1.00 INCH OR MORE:   2

[HDD (BASE 65) ]
TOTAL THIS MO.     0    CLEAR  (SCALE 0-3)   0
DPTR FM NORMAL     0    PTCLDY (SCALE 4-7)  17
TOTAL FM JUL 1  1103    CLOUDY (SCALE 8-10)  2
DPTR FM NORMAL  -246

[CDD (BASE 65) ]
TOTAL THIS MO.   302
DPTR FM NORMAL    31    [PRESSURE DATA]
TOTAL FM JAN 1   898    HIGHEST SLP M ON M
DPTR FM NORMAL   143    LOWEST  SLP 29.81 ON  4

[REMARKS]
