000
CXUS54 KMEG 210638
CF6JBR
PRELIMINARY LOCAL CLIMATOLOGICAL DATA (WS FORM: F-6)

                                          STATION:   JONESBORO
                                          MONTH:     OCTOBER
                                          YEAR:      2019
                                          LATITUDE:   35 49 N
                                          LONGITUDE:  90 39 W

  TEMPERATURE IN F:       :PCPN:    SNOW:  WIND      :SUNSHINE: SKY     :PK WND
================================================================================
1   2   3   4   5  6A  6B    7    8   9   10  11  12  13   14  15   16   17  18
                                     12Z  AVG MX 2MIN
DY MAX MIN AVG DEP HDD CDD  WTR  SNW DPTH SPD SPD DIR MIN PSBL S-S WX    SPD DR
================================================================================

 1  96  68  82  16   0  17 0.00  0.0    0  3.9 18 200   M    M   0        23 200
 2  98  69  84  18   0  19 0.00  0.0    0  5.2 18 240   M    M   0        24 240
 3  95  70  83  18   0  18 0.00  0.0    0  5.8 16  30   M    M   0 8      24  20
 4  81  60  71   6   0   6 0.00  0.0    0 10.8 20  30   M    M   0 8      25  30
 5  89  59  74   9   0   9 0.00  0.0    0  3.8 13  50   M    M   0 8      16  50
 6  82  60  71   7   0   6 0.82  0.0    0  8.1 23  10   M    M   4 1      29 360
 7  73  55  64   0   1   0 0.04  0.0    0  9.4 22  60   M    M   3        29  50
 8  75  52  64   0   1   0 0.00  0.0    0  7.0 17  50   M    M   0        22 350
 9  79  51  65   2   0   0 0.00  0.0    0  4.3 13 160   M    M   1        16 100
10  88  60  74  11   0   9 0.00  0.0    0  9.4 20 180   M    M   1        24 190
11  75  45  60  -3   5   0 1.04  0.0    0 10.0 22 230   M    M   7 13     28 210
12  62  40  51 -11  14   0 0.00  0.0    0  2.7  9 130   M    M   0        12 330
13  70  39  55  -7  10   0 0.00  0.0    0  4.1 15 200   M    M   0        19 200
14  71  45  58  -4   7   0 0.00  0.0    0  2.5 10 130   M    M   0        17  50
15  72  52  62   0   3   0 0.30  0.0    0  5.2 12 190   M    M   8 1       M  M
16  63  48  56  -5   9   0 0.00  0.0    0  7.8 15 310   M    M   0        23 340
17  65  43  54  -7  11   0 0.00  0.0    0  1.8  9 160   M    M   0        13 170
18  69  42  56  -5   9   0 0.00  0.0    0  4.9 14 110   M    M   0        21 100
19  73  45  59  -1   6   0 0.00  0.0    0  2.5  8 100   M    M   1 18     13 160
20  79  57  68   8   0   3 0.00  0.0    0  6.7 17 160   M    M   7        23 150
================================================================================
SM 1555 1060        76  87  2.20     0.0 115.9          M       32
================================================================================
AV 77.8 53.0                               5.8 FASTST   M    M   2    MAX(MPH)
                                 MISC ---->  # 23  10               # 29  360
================================================================================
NOTES:
# LAST OF SEVERAL OCCURRENCES

COLUMN 17 PEAK WIND IN M.P.H.

PRELIMINARY LOCAL CLIMATOLOGICAL DATA (WS FORM: F-6) , PAGE 2

                                          STATION:  JONESBORO
                                          MONTH:    OCTOBER
                                          YEAR:     2019
                                          LATITUDE:   35 49 N
                                          LONGITUDE:  90 39 W

[TEMPERATURE DATA]      [PRECIPITATION DATA]       SYMBOLS USED IN COLUMN 16

AVERAGE MONTHLY: 65.4   TOTAL FOR MONTH:   2.20    1 = FOG OR MIST
DPTR FM NORMAL:   2.4   DPTR FM NORMAL:   -0.54    2 = FOG REDUCING VISIBILITY
HIGHEST:    98 ON  2    GRTST 24HR  1.04 ON 11-11      TO 1/4 MILE OR LESS
LOWEST:     39 ON 13                               3 = THUNDER
                        SNOW, ICE PELLETS, HAIL    4 = ICE PELLETS
                        TOTAL MONTH:   0.0 INCH    5 = HAIL
                        GRTST 24HR     0.0         6 = FREEZING RAIN OR DRIZZLE
                        GRTST DEPTH:   0           7 = DUSTSTORM OR SANDSTORM:
                                                       VSBY 1/2 MILE OR LESS
                                                   8 = SMOKE OR HAZE
[NO. OF DAYS WITH]      [WEATHER - DAYS WITH]      9 = BLOWING SNOW
                                                   X = TORNADO
MAX 32 OR BELOW:   0    0.01 INCH OR MORE:   4
MAX 90 OR ABOVE:   3    0.10 INCH OR MORE:   3
MIN 32 OR BELOW:   0    0.50 INCH OR MORE:   2
MIN  0 OR BELOW:   0    1.00 INCH OR MORE:   1

[HDD (BASE 65) ]
TOTAL THIS MO.    76    CLEAR  (SCALE 0-3)  16
DPTR FM NORMAL    -7    PTCLDY (SCALE 4-7)   3
TOTAL FM JUL 1    76    CLOUDY (SCALE 8-10)  1
DPTR FM NORMAL   -25

[CDD (BASE 65) ]
TOTAL THIS MO.    87
DPTR FM NORMAL    45    [PRESSURE DATA]
TOTAL FM JAN 1  2196    HIGHEST SLP M ON M
DPTR FM NORMAL   383    LOWEST  SLP 29.72 ON 20

[REMARKS]
