000
CXUS54 KSJT 221000
CF6JCT
PRELIMINARY LOCAL CLIMATOLOGICAL DATA (WS FORM: F-6)

                                          STATION:   JUNCTION
                                          MONTH:     JULY
                                          YEAR:      2018
                                          LATITUDE:   30 18 N
                                          LONGITUDE:  99 28 W

  TEMPERATURE IN F:       :PCPN:    SNOW:  WIND      :SUNSHINE: SKY     :PK WND
================================================================================
1   2   3   4   5  6A  6B    7    8   9   10  11  12  13   14  15   16   17  18
                                     12Z  AVG MX 2MIN
DY MAX MIN AVG DEP HDD CDD  WTR  SNW DPTH SPD SPD DIR MIN PSBL S-S WX    SPD DR
================================================================================

 1 102  77  90   9   0  25 0.00  0.0    0 12.4 23 210   M    M   1 8      32 210
 2 101  75  88   6   0  23 0.00  0.0    0  9.1 18 160   M    M   0        24 180
 3 102  75  89   7   0  24 0.00  0.0    0  7.6 16 170   M    M   0        23 170
 4 102  74  88   6   0  23    T  0.0    0  5.9 28  80   M    M   1        35  80
 5  89  71  80  -2   0  15 0.13  0.0    0  7.3 18  80   M    M   8 18     22  80
 6  95  69  82   0   0  17 0.42  0.0    0  5.4 24  20   M    M   2 138    30  30
 7  93  69  81  -1   0  16 0.04  0.0    0  4.1 33 100   M    M   2 138    39 110
 8  90  67  79  -3   0  14    T  0.0    0  3.8 28  40   M    M   2 13     33  40
 9  86  70  78  -4   0  13    T  0.0    0  4.7 15 170   M    M   2        18 170
10  96  71  84   2   0  19 0.00  0.0    0  6.3 17 160   M    M   1        21 170
11  97  72  85   3   0  20 0.00  0.0    0  7.0 17 160   M    M   1        21 170
12  98  73  86   4   0  21 0.00  0.0    0  7.4 16 160   M    M   0        23 160
13  97  74  86   4   0  21 0.00  0.0    0  8.7 18 160   M    M   0        24 160
14  99  75  87   5   0  22 0.00  0.0    0  9.4 20 140   M    M   0        24 140
15  99  76  88   6   0  23 0.00  0.0    0  8.0 23 140   M    M   2        33 140
16 100  75  88   6   0  23 0.00  0.0    0  8.9 20 170   M    M   1 18     34 160
17 103  73  88   6   0  23 0.00  0.0    0  6.4 17 170   M    M   0        22 150
18 106  76  91   9   0  26 0.00  0.0    0  6.5 16 160   M    M   0        23 170
19 106  76  91   8   0  26 0.00  0.0    0  7.6 18 150   M    M   0        24 150
20 106  76  91   8   0  26 0.00  0.0    0  7.0 18 140   M    M   0        25 170
21 105  72  89   6   0  24 0.00  0.0    0  7.4 17 110   M    M   0        25 130
================================================================================
SM 2072 1536         0 444  0.59     0.0 150.9          M       23
================================================================================
AV 98.7 73.1                               7.2 FASTST   M    M   1    MAX(MPH)
                                 MISC ---->  # 33 100               # 39  110
================================================================================
NOTES:
# LAST OF SEVERAL OCCURRENCES

COLUMN 17 PEAK WIND IN M.P.H.

PRELIMINARY LOCAL CLIMATOLOGICAL DATA (WS FORM: F-6) , PAGE 2

                                          STATION:  JUNCTION
                                          MONTH:    JULY
                                          YEAR:     2018
                                          LATITUDE:   30 18 N
                                          LONGITUDE:  99 28 W

[TEMPERATURE DATA]      [PRECIPITATION DATA]       SYMBOLS USED IN COLUMN 16

AVERAGE MONTHLY: 85.9   TOTAL FOR MONTH:   0.59    1 = FOG OR MIST
DPTR FM NORMAL:   3.8   DPTR FM NORMAL:   -0.87    2 = FOG REDUCING VISIBILITY
HIGHEST:   106 ON 20,19 GRTST 24HR  0.42 ON  6- 6      TO 1/4 MILE OR LESS
LOWEST:     67 ON  8                               3 = THUNDER
                        SNOW, ICE PELLETS, HAIL    4 = ICE PELLETS
                        TOTAL MONTH:   0.0 INCH    5 = HAIL
                        GRTST 24HR     0.0         6 = FREEZING RAIN OR DRIZZLE
                        GRTST DEPTH:   0           7 = DUSTSTORM OR SANDSTORM:
                                                       VSBY 1/2 MILE OR LESS
                                                   8 = SMOKE OR HAZE
[NO. OF DAYS WITH]      [WEATHER - DAYS WITH]      9 = BLOWING SNOW
                                                   X = TORNADO
MAX 32 OR BELOW:   0    0.01 INCH OR MORE:   3
MAX 90 OR ABOVE:  19    0.10 INCH OR MORE:   2
MIN 32 OR BELOW:   0    0.50 INCH OR MORE:   0
MIN  0 OR BELOW:   0    1.00 INCH OR MORE:   0

[HDD (BASE 65) ]
TOTAL THIS MO.     0    CLEAR  (SCALE 0-3)  20
DPTR FM NORMAL     0    PTCLDY (SCALE 4-7)   1
TOTAL FM JUL 1     0    CLOUDY (SCALE 8-10)  0
DPTR FM NORMAL     0

[CDD (BASE 65) ]
TOTAL THIS MO.   444
DPTR FM NORMAL    85    [PRESSURE DATA]
TOTAL FM JAN 1  1602    HIGHEST SLP M ON M
DPTR FM NORMAL   364    LOWEST  SLP 29.74 ON 19

[REMARKS]
