000
CXUS55 KGGW 220800
CF6JDN
PRELIMINARY LOCAL CLIMATOLOGICAL DATA (WS FORM: F-6)

                                          STATION:   JORDAN  ASOS MT
                                          MONTH:     JUNE
                                          YEAR:      2018
                                          LATITUDE:   47 19 N
                                          LONGITUDE: 106 50 W

  TEMPERATURE IN F:       :PCPN:    SNOW:  WIND      :SUNSHINE: SKY     :PK WND
================================================================================
1   2   3   4   5  6A  6B    7    8   9   10  11  12  13   14  15   16   17  18
                                     12Z  AVG MX 2MIN
DY MAX MIN AVG DEP HDD CDD  WTR  SNW DPTH SPD SPD DIR MIN PSBL S-S WX    SPD DR
================================================================================

 1  62  50  56  -2   9   0 0.84  0.0    0 13.4 30 290   M    M   0        36 290
 2  72  48  60   2   5   0 0.00  0.0    0 13.0 25 310   M    M   0        32 280
 3  79  43  61   3   4   0 0.00  0.0    0  3.5 13 270   M    M   0        18 280
 4  86  49  68   9   0   3 0.12    M    0  6.4 22 360   M    M   0        30 320
 5  72  51  62   3   3   0 0.00  0.0    0  6.1 18 360   M    M   0        22  10
 6  80  49  65   5   0   0 0.00  0.0    0  6.9 17 140   M    M   0        27 140
 7  83  57  70  10   0   5 0.00  0.0    0  6.2 15 290   M    M   0        18 330
 8  85  54  70  10   0   5 0.00  0.0    0  3.2 15  20   M    M   0        16  20
 9  91  56  74  14   0   9 0.00  0.0    0 10.6 22 120   M    M   0        29 120
10  74  42  58  -3   7   0 0.00  0.0    0 14.2 39 310   M    M   0        49 310
11  68  43  56  -5   9   0 0.00  0.0    0 10.7 23 220   M    M   0        30 220
12  72  37  55  -6  10   0 0.00  0.0    0 10.7 24 260   M    M   0        33 240
13  84  46  65   3   0   0 0.00  0.0    0  5.1 16 230   M    M   0        20 230
14  78  54  66   4   0   1 0.00  0.0    0 12.9 31 330   M    M   0        42 330
15  69  44  57  -5   8   0 0.03    M    0  5.0 13 220   M    M   0        17 320
16  59  51  55  -8  10   0 0.73  0.0    0 10.6 29  70   M    M   0        39  90
17  68  53  61  -2   4   0 0.00  0.0    0  5.5 12  70   M    M   0        15  90
18  69  52  61  -2   4   0 0.03  0.0    0 11.6 24 110   M    M   0        30 110
19  74  53  64   0   1   0 0.31  0.0    0  8.3 18  80   M    M   0        25  90
20  78  49  64   0   1   0 0.00  0.0    0  3.6 20 180   M    M   0        23 190
21  82  51  67   3   0   2 0.01  0.0    0  7.1 22 260   M    M   0        27 270
================================================================================
SM 1585 1032        75  25  2.07     0.0 174.6          M        0
================================================================================
AV 75.5 49.1                               8.3 FASTST   M    M   0    MAX(MPH)
                                 MISC ---->  # 39 310               # 49  310
================================================================================
NOTES:
# LAST OF SEVERAL OCCURRENCES

COLUMN 17 PEAK WIND IN M.P.H.

PRELIMINARY LOCAL CLIMATOLOGICAL DATA (WS FORM: F-6) , PAGE 2

                                          STATION:  JORDAN  ASOS MT
                                          MONTH:    JUNE
                                          YEAR:     2018
                                          LATITUDE:   47 19 N
                                          LONGITUDE: 106 50 W

[TEMPERATURE DATA]      [PRECIPITATION DATA]       SYMBOLS USED IN COLUMN 16

AVERAGE MONTHLY: 62.3   TOTAL FOR MONTH:   2.07    1 = FOG OR MIST
DPTR FM NORMAL:   1.3   DPTR FM NORMAL:    0.18    2 = FOG REDUCING VISIBILITY
HIGHEST:    91 ON  9    GRTST 24HR  0.84 ON  1- 1      TO 1/4 MILE OR LESS
LOWEST:     37 ON 12                               3 = THUNDER
                        SNOW, ICE PELLETS, HAIL    4 = ICE PELLETS
                        TOTAL MONTH:   0.0 INCH    5 = HAIL
                        GRTST 24HR     0.0         6 = FREEZING RAIN OR DRIZZLE
                        GRTST DEPTH:   0           7 = DUSTSTORM OR SANDSTORM:
                                                       VSBY 1/2 MILE OR LESS
                                                   8 = SMOKE OR HAZE
[NO. OF DAYS WITH]      [WEATHER - DAYS WITH]      9 = BLOWING SNOW
                                                   X = TORNADO
MAX 32 OR BELOW:   0    0.01 INCH OR MORE:   7
MAX 90 OR ABOVE:   1    0.10 INCH OR MORE:   4
MIN 32 OR BELOW:   0    0.50 INCH OR MORE:   2
MIN  0 OR BELOW:   0    1.00 INCH OR MORE:   0

[HDD (BASE 65) ]
TOTAL THIS MO.    75    CLEAR  (SCALE 0-3)  21
DPTR FM NORMAL   -30    PTCLDY (SCALE 4-7)   0
TOTAL FM JUL 1  8843    CLOUDY (SCALE 8-10)  0
DPTR FM NORMAL   617

[CDD (BASE 65) ]
TOTAL THIS MO.    25
DPTR FM NORMAL     0    [PRESSURE DATA]
TOTAL FM JAN 1    45    HIGHEST SLP M ON M
DPTR FM NORMAL    14    LOWEST  SLP 29.36 ON 10

[REMARKS]
