000
CXUS53 KLSX 211600
CF6JEF
PRELIMINARY LOCAL CLIMATOLOGICAL DATA (WS FORM: F-6)

                                          STATION:   JEFFERSON CITY
                                          MONTH:     JULY
                                          YEAR:      2018
                                          LATITUDE:   38 35 N
                                          LONGITUDE:  92 10 W

  TEMPERATURE IN F:       :PCPN:    SNOW:  WIND      :SUNSHINE: SKY     :PK WND
================================================================================
1   2   3   4   5  6A  6B    7    8   9   10  11  12  13   14  15   16   17  18
                                     12Z  AVG MX 2MIN
DY MAX MIN AVG DEP HDD CDD  WTR  SNW DPTH SPD SPD DIR MIN PSBL S-S WX    SPD DR
================================================================================

 1  90  74  82   4   0  17 0.00  0.0    0  5.8 17 270   M    M   3        24 270
 2  91  71  81   3   0  16 0.00  0.0    0  3.0  M   M   M    M   1         M  M
 3  94  73  84   6   0  19 0.00  0.0    0  6.7  M   M   M    M   1         M  M
 4  94  75  85   7   0  20 0.00  0.0    0  6.3 12 150   M    M   1        21 180
 5  96  72  84   6   0  19 0.00  0.0    0  5.1  M   M   M    M   0         M  M
 6  91  72  82   4   0  17 0.00  0.0    0  5.0 16  10   M    M   1        22  40
 7  86  62  74  -4   0   9 0.00  0.0    0  5.7 13  90   M    M   0        20 110
 8  88  56  72  -6   0   7 0.00  0.0    0  3.8 13 100   M    M   1        17 100
 9  92  71  82   4   0  17 0.00  0.0    0  2.1 12 340   M    M   2 3      16 330
10  97  71  84   6   0  19 0.00  0.0    0  2.5  9 290   M    M   0        14 300
11  94  72  83   4   0  18 0.00  0.0    0  4.6 13  70   M    M   0 8      18  60
12  95  67  81   2   0  16 0.00  0.0    0  5.4 10 120   M    M   0        15 120
13  97  72  85   6   0  20    T  0.0    0  5.3 18 220   M    M   2 38     27 250
14  94  73  84   5   0  19 0.08  0.0    0  5.0 23 180   M    M   1 3      38 190
15  94  73  84   5   0  19 0.08  0.0    0  2.6 12 310   M    M   3 1      16 310
16  96  71  84   5   0  19 0.00  0.0    0  3.5 12 300   M    M   3        17 290
17  88  73  81   2   0  16 0.00  0.0    0  4.4 13  40   M    M   0        18  40
18  86  71  79   0   0  14 0.02  0.0    0  6.6 13 140   M    M   6        20 150
19  80  70  75  -4   0  10 1.31  0.0    0  5.1 21 240   M    M   4 13     30 230
20  91  69  80   1   0  15 0.00  0.0    0  4.3 14 290   M    M   0        20 310
================================================================================
SM 1834 1408         0 326  1.49     0.0  92.8          M       29
================================================================================
AV 91.7 70.4                               4.6 FASTST   M    M   1    MAX(MPH)
                                 MISC ---->  # 23 180               # 38  190
================================================================================
NOTES:
# LAST OF SEVERAL OCCURRENCES

COLUMN 17 PEAK WIND IN M.P.H.

PRELIMINARY LOCAL CLIMATOLOGICAL DATA (WS FORM: F-6) , PAGE 2

                                          STATION:  JEFFERSON CITY
                                          MONTH:    JULY
                                          YEAR:     2018
                                          LATITUDE:   38 35 N
                                          LONGITUDE:  92 10 W

[TEMPERATURE DATA]      [PRECIPITATION DATA]       SYMBOLS USED IN COLUMN 16

AVERAGE MONTHLY: 81.1   TOTAL FOR MONTH:   1.49    1 = FOG OR MIST
DPTR FM NORMAL:   2.6   DPTR FM NORMAL:   -1.35    2 = FOG REDUCING VISIBILITY
HIGHEST:    97 ON 13,10 GRTST 24HR  1.31 ON 19-19      TO 1/4 MILE OR LESS
LOWEST:     56 ON  8                               3 = THUNDER
                        SNOW, ICE PELLETS, HAIL    4 = ICE PELLETS
                        TOTAL MONTH:   0.0 INCH    5 = HAIL
                        GRTST 24HR     0.0         6 = FREEZING RAIN OR DRIZZLE
                        GRTST DEPTH:   0           7 = DUSTSTORM OR SANDSTORM:
                                                       VSBY 1/2 MILE OR LESS
                                                   8 = SMOKE OR HAZE
[NO. OF DAYS WITH]      [WEATHER - DAYS WITH]      9 = BLOWING SNOW
                                                   X = TORNADO
MAX 32 OR BELOW:   0    0.01 INCH OR MORE:   4
MAX 90 OR ABOVE:  15    0.10 INCH OR MORE:   1
MIN 32 OR BELOW:   0    0.50 INCH OR MORE:   1
MIN  0 OR BELOW:   0    1.00 INCH OR MORE:   1

[HDD (BASE 65) ]
TOTAL THIS MO.     0    CLEAR  (SCALE 0-3)  17
DPTR FM NORMAL     0    PTCLDY (SCALE 4-7)   3
TOTAL FM JUL 1     0    CLOUDY (SCALE 8-10)  0
DPTR FM NORMAL     0

[CDD (BASE 65) ]
TOTAL THIS MO.   326
DPTR FM NORMAL    55    [PRESSURE DATA]
TOTAL FM JAN 1   999    HIGHEST SLP M ON M
DPTR FM NORMAL   320    LOWEST  SLP 29.73 ON 20

[REMARKS]
