000
CXUS53 KLSX 241500
CF6JEF
PRELIMINARY LOCAL CLIMATOLOGICAL DATA (WS FORM: F-6)

                                          STATION:   JEFFERSON CITY
                                          MONTH:     JANUARY
                                          YEAR:      2020
                                          LATITUDE:   38 35 N
                                          LONGITUDE:  92 10 W

  TEMPERATURE IN F:       :PCPN:    SNOW:  WIND      :SUNSHINE: SKY     :PK WND
================================================================================
1   2   3   4   5  6A  6B    7    8   9   10  11  12  13   14  15   16   17  18
                                     12Z  AVG MX 2MIN
DY MAX MIN AVG DEP HDD CDD  WTR  SNW DPTH SPD SPD DIR MIN PSBL S-S WX    SPD DR
================================================================================

 1  59  29  44  12  21   0 0.00  0.0    0  9.3 21 210   M    M   0        36 210
 2  56  39  48  16  17   0 0.00  0.0    0  3.8 13 230   M    M   4        18 180
 3  46  36  41   9  24   0 0.00    M    M  6.1 14 290   M    M   7 8      20 290
 4  43  30  37   5  28   0 0.00  0.0    0  8.6 23 290   M    M   5        31 290
 5  56  28  42  10  23   0 0.00  0.0    0  7.6 21 300   M    M   0        28 300
 6  50  22  36   4  29   0 0.00  0.0    0  2.8 12 130   M    M   3        15 150
 7  49  32  41   9  24   0 0.00  0.0    0  7.4 17 290   M    M   1        22 290
 8  52  28  40   8  25   0 0.00  0.0    0  9.5 21 140   M    M   0        27 150
 9  60  45  53  21  12   0 0.07  0.0    0 13.0 23 180   M    M   8 1      34 180
10  63  37  50  18  15   0 2.80  0.0    0  7.9 23 340   M    M  10 13     31 340
11  37  22  30  -2  35   0    M    M    0 10.3 18 350   M    M  10 12368   27 340
12  32  22  27  -5  38   0 0.00  0.0    M  8.3 20 130   M    M  10        25 130
13  40  27  34   2  31   0 0.00  0.0    M  8.3 18 130   M    M   8 1      22 130
14  54  32  43  11  22   0 0.00  0.0    0  4.6 14 130   M    M   5 1      17 130
15  58  33  46  14  19   0 0.00  0.0    0  7.3 22 330   M    M  10 18     29 330
16  33  23  28  -4  37   0 0.00  0.0    0  7.9 18 340   M    M   3 8      27 360
17  36  26  31  -1  34   0    M    M    0 12.4 23 110   M    M   9 16     29 110
18  51  27  39   7  26   0    M  0.0    0 17.9 31 290   M    M   6 1      42 280
19  27  14  21 -11  44   0 0.00  0.0    0 12.4 23 290   M    M   0        31 300
20  19  11  15 -17  50   0    T    M    0  5.6 12 310   M    M   9 8      15 310
21  34  13  24  -8  41   0 0.00  0.0    M  6.6 17 140   M    M   5        23 140
22  35  28  32   0  33   0 0.14    M    0  9.1 15 130   M    M   6 14     19 120
23  36  33  35   3  30   0 0.25    M    M  4.4  8 110   M    M  10 1      11 120
================================================================================
SM 1026  637       658   0  3.26  0.0    191.1          M      129
================================================================================
AV 44.6 27.7                               8.3 FASTST   M    M   6    MAX(MPH)
                                 MISC ---->    31 290                 42 280
================================================================================
NOTES:
# LAST OF SEVERAL OCCURRENCES

COLUMN 17 PEAK WIND IN M.P.H.

PRELIMINARY LOCAL CLIMATOLOGICAL DATA (WS FORM: F-6) , PAGE 2

                                          STATION:   JEFFERSON CITY
                                          MONTH:     JANUARY
                                          YEAR:      2020
                                          LATITUDE:   38 35 N
                                          LONGITUDE:  92 10 W

[TEMPERATURE DATA]      [PRECIPITATION DATA]       SYMBOLS USED IN COLUMN 16

AVERAGE MONTHLY: 36.2   TOTAL FOR MONTH:   3.26    1 = FOG OR MIST
DPTR FM NORMAL:   4.2   DPTR FM NORMAL:    1.76    2 = FOG REDUCING VISIBILITY
HIGHEST:    63 ON 10    GRTST 24HR  2.85 ON 10-11      TO 1/4 MILE OR LESS
LOWEST:     11 ON 20                               3 = THUNDER
                        SNOW, ICE PELLETS, HAIL    4 = ICE PELLETS
                        TOTAL MONTH:   0.0 INCH    5 = HAIL
                        GRTST 24HR  0.0            6 = FREEZING RAIN OR DRIZZLE
                        GRTST DEPTH:  0            7 = DUSTSTORM OR SANDSTORM:
                                                       VSBY 1/2 MILE OR LESS
                                                   8 = SMOKE OR HAZE
[NO. OF DAYS WITH]      [WEATHER - DAYS WITH]      9 = BLOWING SNOW
                                                   X = TORNADO
MAX 32 OR BELOW:   3    0.01 INCH OR MORE:   4
MAX 90 OR ABOVE:   0    0.10 INCH OR MORE:   3
MIN 32 OR BELOW:  17    0.50 INCH OR MORE:   1
MIN  0 OR BELOW:   0    1.00 INCH OR MORE:   1

[HDD (BASE 65) ]
TOTAL THIS MO.   658    CLEAR  (SCALE 0-3)   6
DPTR FM NORMAL  -106    PTCLDY (SCALE 4-7)   9
TOTAL FM JUL 1  2424    CLOUDY (SCALE 8-10)  8
DPTR FM NORMAL  -184

[CDD (BASE 65) ]
TOTAL THIS MO.     0
DPTR FM NORMAL     0    [PRESSURE DATA]
TOTAL FM JAN 1     0    HIGHEST SLP M ON M
DPTR FM NORMAL     0    LOWEST  SLP 29.56 ON  2

[REMARKS]
