807
CXUS55 KBOI 271002
CF6JER
PRELIMINARY LOCAL CLIMATOLOGICAL DATA (WS FORM: F-6)

                                          STATION:   JEROME ID
                                          MONTH:     MAY
                                          YEAR:      2024
                                          LATITUDE:   42 43 N
                                          LONGITUDE: 114 27 W

  TEMPERATURE IN F:       :PCPN:    SNOW:  WIND      :SUNSHINE: SKY     :PK WND
================================================================================
1   2   3   4   5  6A  6B    7    8   9   10  11  12  13   14  15   16   17  18
                                     12Z  AVG MX 2MIN
DY MAX MIN AVG DEP HDD CDD  WTR  SNW DPTH SPD SPD DIR MIN PSBL S-S WX    SPD DR
================================================================================

 1  51  30  41 -11  24   0 0.00    M    M 15.7 31 270   M    M   3 8      50 260
 2  51  29  40 -12  25   0 0.03    M    M  7.7 17 260   M    M   8        23 260
 3  57  34  46  -7  19   0 0.01    M    M  8.9 17 100   M    M   4        24  90
 4  70  36  53   0  12   0    T    M    M 19.7 33 260   M    M   3        42 260
 5  51  38  45  -9  20   0 0.16    M    M 11.2 30 250   M    M   8 1      40 240
 6  55  36  46  -8  19   0 0.01    M    M 20.7 33 260   M    M   6        45 280
 7  50  34  42 -12  23   0    T    M    M 26.3 39 280   M    M   3        58 300
 8  57  32  45  -9  20   0 0.00    M    M 13.9 24 270   M    M   1        32 270
 9  70  36  53  -2  12   0 0.00    M    M  8.1 18  20   M    M   2        27  50
10  71  44  58   3   7   0 0.00    M    M  8.3 21  80   M    M   2        27  70
11  77  42  60   4   5   0 0.00    M    M  9.5 23 260   M    M   0        30 270
12  80  52  66  10   0   1 0.00    M    M 11.0 24 270   M    M   0        39 250
13  76  49  63   7   2   0 0.01    M    M  9.3 38 280   M    M   2 3      54 290
14  74  47  61   5   4   0    T    M    M 13.5 25 270   M    M   0        34 280
15  74  38  56  -1   9   0 0.00    M    M  7.0 18 270   M    M   0        23 270
16  80  49  65   8   0   0 0.00    M    M 10.0 24 290   M    M   0        38 300
17  69  45  57   0   8   0 0.00    M    M 17.8 33 270   M    M   0 8      45 290
18  73  42  58   0   7   0 0.00    M    M  5.3 14 280   M    M   0        20 290
19  61  41  51  -7  14   0 0.00    M    M 18.3 31 270   M    M   0        41 260
20  58  39  49  -9  16   0    T    M    M 13.8 33 290   M    M   2        42 300
21  65  33  49  -9  16   0 0.00    M    M  7.9 21 260   M    M   0        30 280
22  59  37  48 -11  17   0 0.18    M    M 14.3 30 300   M    M   8 1      37 300
23  58  35  47 -12  18   0 0.00    M    M 16.4 30 260   M    M   2        40 250
24  69  36  53  -6  12   0 0.00    M    M  6.3 15 290   M    M   0        19 280
25  67  47  57  -3   8   0    T    M    M 15.1 29 290   M    M   3        46 280
26  70  42  56  -4   9   0 0.00    M    M 14.8 25 280   M    M   0        36 310
================================================================================
SM 1693 1023       326   1  0.40    M    330.8          M       57
================================================================================
AV 65.1 39.3                              12.7 FASTST   M    M   2    MAX(MPH)
                                 MISC ---->    39 280                 58 300
================================================================================
NOTES:
# LAST OF SEVERAL OCCURRENCES

COLUMN 17 PEAK WIND IN M.P.H.

PRELIMINARY LOCAL CLIMATOLOGICAL DATA (WS FORM: F-6) , PAGE 2

                                          STATION:   JEROME ID
                                          MONTH:     MAY
                                          YEAR:      2024
                                          LATITUDE:   42 43 N
                                          LONGITUDE: 114 27 W

[TEMPERATURE DATA]      [PRECIPITATION DATA]       SYMBOLS USED IN COLUMN 16

AVERAGE MONTHLY: 52.2   TOTAL FOR MONTH:   0.40    1 = FOG OR MIST
DPTR FM NORMAL:  -3.9   DPTR FM NORMAL:   -0.85    2 = FOG REDUCING VISIBILITY
HIGHEST:    80 ON 16,12  GRTST 24HR  0.18 ON 22-22      TO 1/4 MILE OR LESS
LOWEST:     29 ON  2                               3 = THUNDER
                        SNOW, ICE PELLETS, HAIL    4 = ICE PELLETS
                        TOTAL MONTH:  M            5 = HAIL
                        GRTST 24HR    M  ON   M    6 = FREEZING RAIN OR DRIZZLE
                        GRTST DEPTH:  M  ON   M    7 = DUSTSTORM OR SANDSTORM:
                                                       VSBY 1/2 MILE OR LESS
                                                   8 = SMOKE OR HAZE
[NO. OF DAYS WITH]      [WEATHER - DAYS WITH]      9 = BLOWING SNOW
                                                   X = TORNADO
MAX 32 OR BELOW:   0    0.01 INCH OR MORE:   6
MAX 90 OR ABOVE:   0    0.10 INCH OR MORE:   2
MIN 32 OR BELOW:   3    0.50 INCH OR MORE:   0
MIN  0 OR BELOW:   0    1.00 INCH OR MORE:   0

[HDD (BASE 65) ]
TOTAL THIS MO.   326    CLEAR  (SCALE 0-3)  18
DPTR FM NORMAL    83    PTCLDY (SCALE 4-7)   8
TOTAL FM JUL 1  5763    CLOUDY (SCALE 8-10)  0
DPTR FM NORMAL  -192

[CDD (BASE 65) ]
TOTAL THIS MO.     1
DPTR FM NORMAL   -10    [PRESSURE DATA]
TOTAL FM JAN 1     1    HIGHEST SLP M ON M
DPTR FM NORMAL   -11    LOWEST  SLP 29.33 ON  4

[REMARKS]