000
CXUS55 KBOI 211002
CF6JER
PRELIMINARY LOCAL CLIMATOLOGICAL DATA (WS FORM: F-6)

                                          STATION:   JEROME ID
                                          MONTH:     AUGUST
                                          YEAR:      2018
                                          LATITUDE:   42 43 N
                                          LONGITUDE: 114 27 W

  TEMPERATURE IN F:       :PCPN:    SNOW:  WIND      :SUNSHINE: SKY     :PK WND
================================================================================
1   2   3   4   5  6A  6B    7    8   9   10  11  12  13   14  15   16   17  18
                                     12Z  AVG MX 2MIN
DY MAX MIN AVG DEP HDD CDD  WTR  SNW DPTH SPD SPD DIR MIN PSBL S-S WX    SPD DR
================================================================================

 1  96  66  81   9   0  16 0.00    M    M  6.4 12 100   M    M   0        13 250
 2  91  62  77   5   0  12 0.00    M    M  7.3 15 220   M    M   0        19 230
 3  85  57  71  -1   0   6 0.00    M    M  9.2 21 230   M    M   0        29 230
 4  87  54  71  -1   0   6 0.00    M    M  4.8 12 210   M    M   0        15 180
 5  86  55  71  -1   0   6 0.00    M    M  8.3 17 240   M    M   0        22 220
 6  87  50  69  -3   0   4 0.00    M    M  6.6 14  80   M    M   0        17  70
 7  92  55  74   2   0   9 0.00    M    M  6.3 14 230   M    M   0        17 260
 8  95  57  76   4   0  11 0.00    M    M  5.7 12  70   M    M   0        14  60
 9 102  63  83  11   0  18 0.00    M    M  6.9 14  80   M    M   0        18  70
10 102  70  86  14   0  21 0.00    M    M  9.2 18  80   M    M   0        25  70
11  99  62  81   9   0  16 0.00    M    M  6.6 14 240   M    M   0        17 250
12  86  64  75   4   0  10 0.00    M    M  8.4 18 150   M    M   0        28 210
13  88  58  73   2   0   8    T    M    M  5.8 12 230   M    M   0        15 270
14  91  58  75   4   0  10 0.00    M    M  6.3 14 220   M    M   0        17 230
15  94  53  74   3   0   9 0.00    M    M  4.2 12 220   M    M   0        18 250
16  90  65  78   7   0  13    T    M    M  6.2 13  90   M    M   1        15  90
17  89  60  75   5   0  10    T    M    M  8.6 21  90   M    M   M        28 100
18  87  55  71   1   0   6 0.00    M    M  8.6 22 240   M    M   M        26 260
19  89  57  73   3   0   8 0.00    M    M  9.4 15  70   M    M   M        19  70
20  82  58  70   0   0   5    T    M    M  9.4 21 100   M    M   0        24  40
================================================================================
SM 1818 1179         0 204    T     M    144.2          M        1
================================================================================
AV 90.9 59.0                               7.2 FASTST   M    M   0    MAX(MPH)
                                 MISC ---->  # 22 240               # 29  230
================================================================================
NOTES:
# LAST OF SEVERAL OCCURRENCES

COLUMN 17 PEAK WIND IN M.P.H.

PRELIMINARY LOCAL CLIMATOLOGICAL DATA (WS FORM: F-6) , PAGE 2

                                          STATION:  JEROME ID
                                          MONTH:    AUGUST
                                          YEAR:     2018
                                          LATITUDE:   42 43 N
                                          LONGITUDE: 114 27 W

[TEMPERATURE DATA]      [PRECIPITATION DATA]       SYMBOLS USED IN COLUMN 16

AVERAGE MONTHLY: 74.9   TOTAL FOR MONTH:      T    1 = FOG OR MIST
DPTR FM NORMAL:   3.6   DPTR FM NORMAL:   -0.16    2 = FOG REDUCING VISIBILITY
HIGHEST:   102 ON 10, 9 GRTST 24HR    T  ON 20-20      TO 1/4 MILE OR LESS
LOWEST:     50 ON  6                               3 = THUNDER
                        SNOW, ICE PELLETS, HAIL    4 = ICE PELLETS
                        TOTAL MONTH:    M          5 = HAIL
                        GRTST 24HR    M  ON   M    6 = FREEZING RAIN OR DRIZZLE
                        GRTST DEPTH:  M  ON   M    7 = DUSTSTORM OR SANDSTORM:
                                                       VSBY 1/2 MILE OR LESS
                                                   8 = SMOKE OR HAZE
[NO. OF DAYS WITH]      [WEATHER - DAYS WITH]      9 = BLOWING SNOW
                                                   X = TORNADO
MAX 32 OR BELOW:   0    0.01 INCH OR MORE:   0
MAX 90 OR ABOVE:  10    0.10 INCH OR MORE:   0
MIN 32 OR BELOW:   0    0.50 INCH OR MORE:   0
MIN  0 OR BELOW:   0    1.00 INCH OR MORE:   0

[HDD (BASE 65) ]
TOTAL THIS MO.     0    CLEAR  (SCALE 0-3)  17
DPTR FM NORMAL    -2    PTCLDY (SCALE 4-7)   0
TOTAL FM JUL 1     5    CLOUDY (SCALE 8-10)  0
DPTR FM NORMAL    -9

[CDD (BASE 65) ]
TOTAL THIS MO.   204
DPTR FM NORMAL    70    [PRESSURE DATA]
TOTAL FM JAN 1   684    HIGHEST SLP M ON M
DPTR FM NORMAL   267    LOWEST  SLP 29.70 ON 11

[REMARKS]
