000
CXUS55 KBOI 241002
CF6JER
PRELIMINARY LOCAL CLIMATOLOGICAL DATA (WS FORM: F-6)

                                          STATION:   JEROME ID
                                          MONTH:     MAY
                                          YEAR:      2018
                                          LATITUDE:   42 43 N
                                          LONGITUDE: 114 27 W

  TEMPERATURE IN F:       :PCPN:    SNOW:  WIND      :SUNSHINE: SKY     :PK WND
================================================================================
1   2   3   4   5  6A  6B    7    8   9   10  11  12  13   14  15   16   17  18
                                     12Z  AVG MX 2MIN
DY MAX MIN AVG DEP HDD CDD  WTR  SNW DPTH SPD SPD DIR MIN PSBL S-S WX    SPD DR
================================================================================

 1  56  39  48  -2  17   0 0.02    M    M  8.7 16 240   M    M   6        19 210
 2  65  35  50  -1  15   0 0.00    M    M  8.9 21 240   M    M   3        27 320
 3  71  42  57   6   8   0 0.00    M    M  7.3 15 270   M    M   0        22 280
 4  77  43  60   9   5   0 0.00    M    M  5.9 14 290   M    M   0        19 240
 5  81  49  65  13   0   0 0.00    M    M  8.8 18  30   M    M   0        23  40
 6  88  57  73  21   0   8 0.00    M    M 13.2 24 240   M    M   0        31 240
 7  76  49  63  11   2   0 0.00    M    M 12.3 24 260   M    M   0        30 260
 8  81  44  63  11   2   0 0.00    M    M  4.2  8  60   M    M   0        15  70
 9  79  52  66  13   0   1    T    M    M  6.7 24 280   M    M   0        35 250
10  72  48  60   7   5   0 0.03    M    M 11.4 31 260   M    M   3        38 270
11  56  43  50  -4  15   0 0.10    M    M 13.7 23 230   M    M   7        29 220
12  47  42  45  -9  20   0 0.41    M    M  8.7 21 230   M    M  10 1      24 230
13  62  44  53  -1  12   0 0.06    M    M  9.2 24 120   M    M   6 13     30  40
14  74  42  58   4   7   0 0.00    M    M  7.5 16  30   M    M   2        20  10
15  72  48  60   5   5   0 0.04    M    M  7.7 23 150   M    M   4 3      28 150
16  72  46  59   4   6   0 0.01    M    M  5.2 15 140   M    M   3        22 140
17  70  46  58   3   7   0 0.00    M    M  8.9 24 160   M    M   1        30 170
18  69  47  58   2   7   0 0.00    M    M  7.0 20 240   M    M   5        23 240
19  75  50  63   7   2   0 0.00    M    M  6.6 14  60   M    M   0        17  60
20  77  52  65   9   0   0 0.35    M    M 11.0 29 190   M    M   5 3      33 190
21  75  48  62   6   3   0    T    M    M  3.5 14 110   M    M   2 1      18 110
22  76  52  64   7   1   0 0.46    M    M  6.4 26 180   M    M   2 3      35 170
23  75  50  63   6   2   0    T    M    M  6.7 17 140   M    M   2        23 130
================================================================================
SM 1646 1068       141   9  1.48    M    189.5          M       61
================================================================================
AV 71.6 46.4                               8.2 FASTST   M    M   3    MAX(MPH)
                                 MISC ---->  # 31 260               # 38  270
================================================================================
NOTES:
# LAST OF SEVERAL OCCURRENCES

COLUMN 17 PEAK WIND IN M.P.H.

PRELIMINARY LOCAL CLIMATOLOGICAL DATA (WS FORM: F-6) , PAGE 2

                                          STATION:  JEROME ID
                                          MONTH:    MAY
                                          YEAR:     2018
                                          LATITUDE:   42 43 N
                                          LONGITUDE: 114 27 W

[TEMPERATURE DATA]      [PRECIPITATION DATA]       SYMBOLS USED IN COLUMN 16

AVERAGE MONTHLY: 59.0   TOTAL FOR MONTH:   1.48    1 = FOG OR MIST
DPTR FM NORMAL:   5.3   DPTR FM NORMAL:    0.46    2 = FOG REDUCING VISIBILITY
HIGHEST:    88 ON  6    GRTST 24HR  0.46 ON 22-22      TO 1/4 MILE OR LESS
LOWEST:     35 ON  2                               3 = THUNDER
                        SNOW, ICE PELLETS, HAIL    4 = ICE PELLETS
                        TOTAL MONTH:    M          5 = HAIL
                        GRTST 24HR    M  ON   M    6 = FREEZING RAIN OR DRIZZLE
                        GRTST DEPTH:  M  ON   M    7 = DUSTSTORM OR SANDSTORM:
                                                       VSBY 1/2 MILE OR LESS
                                                   8 = SMOKE OR HAZE
[NO. OF DAYS WITH]      [WEATHER - DAYS WITH]      9 = BLOWING SNOW
                                                   X = TORNADO
MAX 32 OR BELOW:   0    0.01 INCH OR MORE:   9
MAX 90 OR ABOVE:   0    0.10 INCH OR MORE:   4
MIN 32 OR BELOW:   0    0.50 INCH OR MORE:   0
MIN  0 OR BELOW:   0    1.00 INCH OR MORE:   0

[HDD (BASE 65) ]
TOTAL THIS MO.   141    CLEAR  (SCALE 0-3)  16
DPTR FM NORMAL  -123    PTCLDY (SCALE 4-7)   6
TOTAL FM JUL 1  5790    CLOUDY (SCALE 8-10)  1
DPTR FM NORMAL  -677

[CDD (BASE 65) ]
TOTAL THIS MO.     9
DPTR FM NORMAL     7    [PRESSURE DATA]
TOTAL FM JAN 1    12    HIGHEST SLP M ON M
DPTR FM NORMAL    10    LOWEST  SLP 29.70 ON M

[REMARKS]
