165
CXUS51 KOKX 170910
CF6JFK
PRELIMINARY LOCAL CLIMATOLOGICAL DATA (WS FORM: F-6)

                                          STATION:   KENNEDY NY
                                          MONTH:     JULY
                                          YEAR:      2024
                                          LATITUDE:   40 39 N
                                          LONGITUDE:  73 47 W

  TEMPERATURE IN F:       :PCPN:    SNOW:  WIND      :SUNSHINE: SKY     :PK WND
================================================================================
1   2   3   4   5  6A  6B    7    8   9   10  11  12  13   14  15   16   17  18
                                     12Z  AVG MX 2MIN
DY MAX MIN AVG DEP HDD CDD  WTR  SNW DPTH SPD SPD DIR MIN PSBL S-S WX    SPD DR
================================================================================

 1  82  64  73  -2   0   8 0.00  0.0    0 15.5 25 360   M    M   3        38 360
 2  82  65  74  -1   0   9 0.00  0.0    0  7.9 14 360   M    M   4        17 350
 3  80  64  72  -3   0   7 0.00  0.0    0 10.1 23 180   M    M   7        29 180
 4  82  68  75   0   0  10 0.07  0.0    0  9.8 17 170   M    M   7 1      24 170
 5  83  71  77   2   0  12 0.03  0.0    0  7.5 18 200   M    M   7 13     24 270
 6  81  70  76   0   0  11 0.01  0.0    0  9.4 18 190   M    M   8 123    27 180
 7  87  73  80   4   0  15 0.00  0.0    0  5.8 16  40   M    M   7        21  40
 8  88  72  80   4   0  15 0.00  0.0    0  5.7 12 170   M    M   8 18     12 190
 9  82  72  77   1   0  12 0.00  0.0    0  9.5 24 180   M    M   9 128    30 170
10  84  74  79   3   0  14 0.00  0.0    0 18.0 33 180   M    M   6 128    46 170
11  88  72  80   4   0  15 0.01  0.0    0 13.4 24 190   M    M   6 1      32 190
12  82  72  77   1   0  12 0.13  0.0    0  8.6 18 180   M    M   8 1      22 180
13  82  72  77   1   0  12 0.75  0.0    0  7.5 13 190   M    M   7 1      16 180
14  86  75  81   5   0  16 0.00  0.0    0  7.6 14 200   M    M   4        17 200
15  84  72  78   2   0  13 0.30  0.0    0  9.3 28 270   M    M   6 13     33 280
16  89  78  84   8   0  19    T  0.0    0  9.4 35 210   M    M   6 3      42 220
================================================================================
SM 1342 1134         0 200  1.30  0.0    155.0          M      103
================================================================================
AV 83.9 70.9                               9.7 FASTST   M    M   6    MAX(MPH)
                                 MISC ---->    35 210                 46 170
================================================================================
NOTES:
# LAST OF SEVERAL OCCURRENCES

COLUMN 17 PEAK WIND IN M.P.H.

PRELIMINARY LOCAL CLIMATOLOGICAL DATA (WS FORM: F-6) , PAGE 2

                                          STATION:   KENNEDY NY
                                          MONTH:     JULY
                                          YEAR:      2024
                                          LATITUDE:   40 39 N
                                          LONGITUDE:  73 47 W

[TEMPERATURE DATA]      [PRECIPITATION DATA]       SYMBOLS USED IN COLUMN 16

AVERAGE MONTHLY: 77.4   TOTAL FOR MONTH:   1.30    1 = FOG OR MIST
DPTR FM NORMAL:   1.7   DPTR FM NORMAL:   -0.57    2 = FOG REDUCING VISIBILITY
HIGHEST:    89 ON 16    GRTST 24HR  0.82 ON 12-13      TO 1/4 MILE OR LESS
LOWEST:     64 ON  3, 1                             3 = THUNDER
                        SNOW, ICE PELLETS, HAIL    4 = ICE PELLETS
                        TOTAL MONTH:   0.0 INCH    5 = HAIL
                        GRTST 24HR  0.0            6 = FREEZING RAIN OR DRIZZLE
                        GRTST DEPTH:  0            7 = DUSTSTORM OR SANDSTORM:
                                                       VSBY 1/2 MILE OR LESS
                                                   8 = SMOKE OR HAZE
[NO. OF DAYS WITH]      [WEATHER - DAYS WITH]      9 = BLOWING SNOW
                                                   X = TORNADO
MAX 32 OR BELOW:   0    0.01 INCH OR MORE:   7
MAX 90 OR ABOVE:   0    0.10 INCH OR MORE:   3
MIN 32 OR BELOW:   0    0.50 INCH OR MORE:   1
MIN  0 OR BELOW:   0    1.00 INCH OR MORE:   0

[HDD (BASE 65) ]
TOTAL THIS MO.     0    CLEAR  (SCALE 0-3)   0
DPTR FM NORMAL     0    PTCLDY (SCALE 4-7)  14
TOTAL FM JUL 1     0    CLOUDY (SCALE 8-10)  2
DPTR FM NORMAL     0

[CDD (BASE 65) ]
TOTAL THIS MO.   200
DPTR FM NORMAL    28    [PRESSURE DATA]
TOTAL FM JAN 1   530    HIGHEST SLP M ON M
DPTR FM NORMAL   149    LOWEST  SLP 29.73 ON 16

[REMARKS]