000
CXUS51 KOKX 220703
CF6JFK
PRELIMINARY LOCAL CLIMATOLOGICAL DATA (WS FORM: F-6)

                                          STATION:   KENNEDY NY
                                          MONTH:     JANUARY
                                          YEAR:      2019
                                          LATITUDE:   40 39 N
                                          LONGITUDE:  73 47 W

  TEMPERATURE IN F:       :PCPN:    SNOW:  WIND      :SUNSHINE: SKY     :PK WND
================================================================================
1   2   3   4   5  6A  6B    7    8   9   10  11  12  13   14  15   16   17  18
                                     12Z  AVG MX 2MIN
DY MAX MIN AVG DEP HDD CDD  WTR  SNW DPTH SPD SPD DIR MIN PSBL S-S WX    SPD DR
================================================================================

 1  59  40  50  16  15   0 0.11  0.0    0 18.3 33 320   M    M   8 12     41 320
 2  41  34  38   4  27   0 0.00  0.0    0  8.2 16 320   M    M   9        20 330
 3  46  34  40   7  25   0    T  0.0    0 11.3 26 320   M    M   8        32 330
 4  45  34  40   7  25   0 0.00  0.0    0 11.6 22 240   M    M   7        25 230
 5  46  41  44  11  21   0 0.40  0.0    0 11.9 26 330   M    M   9 1      32 330
 6  51  31  41   8  24   0 0.00  0.0    0 18.1 38 320   M    M   5        46 320
 7  35  25  30  -3  35   0    T    T    0 10.6 24 340   M    M   6        30 340
 8  46  35  41   8  24   0 0.17    T    0  7.8 15 270   M    M   9 14     19 270
 9  47  34  41   8  24   0 0.07  0.0    0 21.2 32 300   M    M   6 1      44 290
10  36  28  32  -1  33   0    T    T    0 24.0 36 300   M    M   6        46 310
11  32  22  27  -6  38   0 0.00  0.0    0 18.9 30 310   M    M   3        36 320
12  35  20  28  -4  37   0 0.00  0.0    0  6.5 15 310   M    M   6        18 320
13  33  24  29  -3  36   0    T    T    0 10.6 22  30   M    M   8        26  30
14  33  24  29  -3  36   0 0.00  0.0    0 12.0 21 350   M    M   5        26  30
15  36  23  30  -2  35   0 0.00  0.0    0  6.6 16 350   M    M   4        19 350
16  39  25  32   0  33   0 0.00  0.0    0 12.9 22 310   M    M   5        25 320
17  34  25  30  -2  35   0 0.00  0.0    0  8.1 21 320   M    M   8        24 330
18  39  28  34   2  31   0 0.04  0.5    1  7.6 16 320   M    M  10 1      20 320
19  39  29  34   2  31   0 0.41    T    0  9.7 24  80   M    M   8 1      31  80
20  50  15  33   1  32   0 1.23    T    0 19.6 43 310   M    M   8 1      52 300
21  15   5  10 -22  55   0 0.00  0.0    0 27.6 38 300   M    M   4        50 310
================================================================================
SM  837  576       652   0  2.43     0.5 283.1          M      142
================================================================================
AV 39.9 27.4                              13.5 FASTST   M    M   7    MAX(MPH)
                                 MISC ---->  # 43 310               # 52  300
================================================================================
NOTES:
# LAST OF SEVERAL OCCURRENCES

COLUMN 17 PEAK WIND IN M.P.H.

PRELIMINARY LOCAL CLIMATOLOGICAL DATA (WS FORM: F-6) , PAGE 2

                                          STATION:  KENNEDY NY
                                          MONTH:    JANUARY
                                          YEAR:     2019
                                          LATITUDE:   40 39 N
                                          LONGITUDE:  73 47 W

[TEMPERATURE DATA]      [PRECIPITATION DATA]       SYMBOLS USED IN COLUMN 16

AVERAGE MONTHLY: 33.6   TOTAL FOR MONTH:   2.43    1 = FOG OR MIST
DPTR FM NORMAL:   1.0   DPTR FM NORMAL:    0.22    2 = FOG REDUCING VISIBILITY
HIGHEST:    59 ON  1    GRTST 24HR  1.23 ON 20-20      TO 1/4 MILE OR LESS
LOWEST:      5 ON 21                               3 = THUNDER
                        SNOW, ICE PELLETS, HAIL    4 = ICE PELLETS
                        TOTAL MONTH:   0.5 INCH    5 = HAIL
                        GRTST 24HR   0.5 ON 18-18  6 = FREEZING RAIN OR DRIZZLE
                        GRTST DEPTH:   1 ON 18     7 = DUSTSTORM OR SANDSTORM:
                                                       VSBY 1/2 MILE OR LESS
                                                   8 = SMOKE OR HAZE
[NO. OF DAYS WITH]      [WEATHER - DAYS WITH]      9 = BLOWING SNOW
                                                   X = TORNADO
MAX 32 OR BELOW:   2    0.01 INCH OR MORE:   7
MAX 90 OR ABOVE:   0    0.10 INCH OR MORE:   5
MIN 32 OR BELOW:  14    0.50 INCH OR MORE:   1
MIN  0 OR BELOW:   0    1.00 INCH OR MORE:   1

[HDD (BASE 65) ]
TOTAL THIS MO.   652    CLEAR  (SCALE 0-3)   1
DPTR FM NORMAL   -27    PTCLDY (SCALE 4-7)  15
TOTAL FM JUL 1  2318    CLOUDY (SCALE 8-10)  5
DPTR FM NORMAL   -30

[CDD (BASE 65) ]
TOTAL THIS MO.     0
DPTR FM NORMAL     0    [PRESSURE DATA]
TOTAL FM JAN 1     0    HIGHEST SLP M ON M
DPTR FM NORMAL     0    LOWEST  SLP 29.21 ON 20

[REMARKS]
