000
CXUS51 KOKX 170703
CF6JFK
PRELIMINARY LOCAL CLIMATOLOGICAL DATA (WS FORM: F-6)

                                          STATION:   KENNEDY NY
                                          MONTH:     NOVEMBER
                                          YEAR:      2018
                                          LATITUDE:   40 39 N
                                          LONGITUDE:  73 47 W

  TEMPERATURE IN F:       :PCPN:    SNOW:  WIND      :SUNSHINE: SKY     :PK WND
================================================================================
1   2   3   4   5  6A  6B    7    8   9   10  11  12  13   14  15   16   17  18
                                     12Z  AVG MX 2MIN
DY MAX MIN AVG DEP HDD CDD  WTR  SNW DPTH SPD SPD DIR MIN PSBL S-S WX    SPD DR
================================================================================

 1  66  51  59   7   6   0 0.00  0.0    0 10.5 23 180   M    M   8        29 190
 2  66  62  64  12   1   0 0.06  0.0    0 20.5 30 180   M    M  10 12     37 180
 3  64  49  57   6   8   0 0.24  0.0    0 17.8 35 270   M    M   6 1      45 270
 4  57  43  50  -1  15   0 0.00  0.0    0  6.9 15 330   M    M   3        18 320
 5  55  44  50  -1  15   0 0.27  0.0    0 12.5 21 100   M    M  10 1      27 100
 6  61  50  56   6   9   0 0.49  0.0    0  8.6 23 300   M    M   9 12     33 290
 7  63  50  57   7   8   0 0.00  0.0    0 14.9 22 220   M    M   5        28 270
 8  58  43  51   1  14   0 0.00  0.0    0 10.4 21 290   M    M   5        28 280
 9  52  39  46  -4  19   0 0.86  0.0    0 10.6 21  60   M    M   7 1      27  70
10  51  35  43  -6  22   0 0.01  0.0    0 18.1 31 270   M    M   5 1      40 270
11  47  34  41  -8  24   0 0.00  0.0    0  9.8 18 310   M    M   1        24 300
12  49  30  40  -9  25   0 0.04  0.0    0  3.9 10 180   M    M   6 1      14 180
13  58  43  51   3  14   0 1.16  0.0    0 14.0 26 320   M    M  10 1      33 300
14  44  32  38 -10  27   0 0.00  0.0    0 17.1 29 320   M    M   8        36 300
15  37  31  34 -14  31   0 0.89  4.8    0 15.1 33  60   M    M  10 124    44  60
16  47  35  41  -6  24   0 0.16  0.0    1 20.8 37 320   M    M   7 1      45 340
================================================================================
SM  875  671       262   0  4.18     4.8 211.5          M      110
================================================================================
AV 54.7 41.9                              13.2 FASTST   M    M   7    MAX(MPH)
                                 MISC ---->  # 37 320               # 45  270
================================================================================
NOTES:
# LAST OF SEVERAL OCCURRENCES

COLUMN 17 PEAK WIND IN M.P.H.

PRELIMINARY LOCAL CLIMATOLOGICAL DATA (WS FORM: F-6) , PAGE 2

                                          STATION:  KENNEDY NY
                                          MONTH:    NOVEMBER
                                          YEAR:     2018
                                          LATITUDE:   40 39 N
                                          LONGITUDE:  73 47 W

[TEMPERATURE DATA]      [PRECIPITATION DATA]       SYMBOLS USED IN COLUMN 16

AVERAGE MONTHLY: 48.3   TOTAL FOR MONTH:   4.18    1 = FOG OR MIST
DPTR FM NORMAL:  -1.4   DPTR FM NORMAL:    2.50    2 = FOG REDUCING VISIBILITY
HIGHEST:    66 ON  2, 1 GRTST 24HR  1.16 ON 13-13      TO 1/4 MILE OR LESS
LOWEST:     30 ON 12                               3 = THUNDER
                        SNOW, ICE PELLETS, HAIL    4 = ICE PELLETS
                        TOTAL MONTH:   4.8 INCHES  5 = HAIL
                        GRTST 24HR   4.8 ON 15-15  6 = FREEZING RAIN OR DRIZZLE
                        GRTST DEPTH:   1 ON 16     7 = DUSTSTORM OR SANDSTORM:
                                                       VSBY 1/2 MILE OR LESS
                                                   8 = SMOKE OR HAZE
[NO. OF DAYS WITH]      [WEATHER - DAYS WITH]      9 = BLOWING SNOW
                                                   X = TORNADO
MAX 32 OR BELOW:   0    0.01 INCH OR MORE:  10
MAX 90 OR ABOVE:   0    0.10 INCH OR MORE:   7
MIN 32 OR BELOW:   3    0.50 INCH OR MORE:   3
MIN  0 OR BELOW:   0    1.00 INCH OR MORE:   1

[HDD (BASE 65) ]
TOTAL THIS MO.   262    CLEAR  (SCALE 0-3)   2
DPTR FM NORMAL    17    PTCLDY (SCALE 4-7)   8
TOTAL FM JUL 1   543    CLOUDY (SCALE 8-10)  6
DPTR FM NORMAL    -1

[CDD (BASE 65) ]
TOTAL THIS MO.     0
DPTR FM NORMAL     0    [PRESSURE DATA]
TOTAL FM JAN 1  1220    HIGHEST SLP M ON M
DPTR FM NORMAL   215    LOWEST  SLP 29.44 ON 16

[REMARKS]
