000
CXUS51 KOKX 190703
CF6JFK
PRELIMINARY LOCAL CLIMATOLOGICAL DATA (WS FORM: F-6)

                                          STATION:   KENNEDY NY
                                          MONTH:     AUGUST
                                          YEAR:      2018
                                          LATITUDE:   40 39 N
                                          LONGITUDE:  73 47 W

  TEMPERATURE IN F:       :PCPN:    SNOW:  WIND      :SUNSHINE: SKY     :PK WND
================================================================================
1   2   3   4   5  6A  6B    7    8   9   10  11  12  13   14  15   16   17  18
                                     12Z  AVG MX 2MIN
DY MAX MIN AVG DEP HDD CDD  WTR  SNW DPTH SPD SPD DIR MIN PSBL S-S WX    SPD DR
================================================================================

 1  84  75  80   4   0  15 0.02  0.0    0 15.5 28 190   M    M   8        35 190
 2  85  76  81   5   0  16 0.02  0.0    0 14.4 29 190   M    M   6 1      34 180
 3  84  73  79   3   0  14 0.05  0.0    0 11.1 25 200   M    M   7 13     30 200
 4  86  73  80   4   0  15 0.17  0.0    0 10.9 21 200   M    M   6 1      25 200
 5  88  73  81   5   0  16 0.00  0.0    0  7.9 17 200   M    M   2        23 200
 6  89  75  82   6   0  17 0.00  0.0    0 10.8 22 190   M    M   4        26 190
 7  85  72  79   3   0  14 0.74  0.0    0 12.3 28 310   M    M   5 13     33 300
 8  85  73  79   3   0  14 0.01  0.0    0  9.7 21 190   M    M   6 1      24 190
 9  90  74  82   6   0  17 0.30  0.0    0  9.5 22 310   M    M   5 13     27 300
10  86  69  78   2   0  13    T  0.0    0  8.3 22 230   M    M   6        26 220
11  79  70  75  -1   0  10 0.33  0.0    0  7.5 22 290   M    M   9 13     26 290
12  83  71  77   2   0  12 1.84  0.0    0  6.5 20  70   M    M   8 123    30  50
13  77  71  74  -1   0   9 0.60  0.0    0  9.1 16  40   M    M   8 1      22  40
14  82  70  76   1   0  11 0.14  0.0    0  9.5 21 230   M    M   6 13     24 240
15  89  71  80   5   0  15 0.00  0.0    0 11.5 17 300   M    M   5        26 310
16  89  74  82   7   0  17 0.00  0.0    0  9.4 17 200   M    M   4        21 210
17  85  74  80   5   0  15 0.03  0.0    0 11.4 24 180   M    M   7 13     31 180
18  86  71  79   4   0  14 0.14  0.0    0 10.2 23 240   M    M   8 13     28 240
================================================================================
SM 1532 1305         0 254  4.39     0.0 185.5          M      110
================================================================================
AV 85.1 72.5                              10.3 FASTST   M    M   6    MAX(MPH)
                                 MISC ---->  # 29 190               # 35  190
================================================================================
NOTES:
# LAST OF SEVERAL OCCURRENCES

COLUMN 17 PEAK WIND IN M.P.H.

PRELIMINARY LOCAL CLIMATOLOGICAL DATA (WS FORM: F-6) , PAGE 2

                                          STATION:  KENNEDY NY
                                          MONTH:    AUGUST
                                          YEAR:     2018
                                          LATITUDE:   40 39 N
                                          LONGITUDE:  73 47 W

[TEMPERATURE DATA]      [PRECIPITATION DATA]       SYMBOLS USED IN COLUMN 16

AVERAGE MONTHLY: 78.8   TOTAL FOR MONTH:   4.39    1 = FOG OR MIST
DPTR FM NORMAL:   3.2   DPTR FM NORMAL:    2.14    2 = FOG REDUCING VISIBILITY
HIGHEST:    90 ON  9    GRTST 24HR  1.84 ON 12-12      TO 1/4 MILE OR LESS
LOWEST:     69 ON 10                               3 = THUNDER
                        SNOW, ICE PELLETS, HAIL    4 = ICE PELLETS
                        TOTAL MONTH:   0.0 INCH    5 = HAIL
                        GRTST 24HR     0.0         6 = FREEZING RAIN OR DRIZZLE
                        GRTST DEPTH:   0           7 = DUSTSTORM OR SANDSTORM:
                                                       VSBY 1/2 MILE OR LESS
                                                   8 = SMOKE OR HAZE
[NO. OF DAYS WITH]      [WEATHER - DAYS WITH]      9 = BLOWING SNOW
                                                   X = TORNADO
MAX 32 OR BELOW:   0    0.01 INCH OR MORE:  13
MAX 90 OR ABOVE:   1    0.10 INCH OR MORE:   8
MIN 32 OR BELOW:   0    0.50 INCH OR MORE:   3
MIN  0 OR BELOW:   0    1.00 INCH OR MORE:   1

[HDD (BASE 65) ]
TOTAL THIS MO.     0    CLEAR  (SCALE 0-3)   1
DPTR FM NORMAL     0    PTCLDY (SCALE 4-7)  15
TOTAL FM JUL 1     0    CLOUDY (SCALE 8-10)  2
DPTR FM NORMAL     0

[CDD (BASE 65) ]
TOTAL THIS MO.   254
DPTR FM NORMAL    63    [PRESSURE DATA]
TOTAL FM JAN 1   829    HIGHEST SLP M ON M
DPTR FM NORMAL    83    LOWEST  SLP 29.75 ON 18

[REMARKS]
