000
CXUS51 KOKX 230702
CF6JFK
PRELIMINARY LOCAL CLIMATOLOGICAL DATA (WS FORM: F-6)

                                          STATION:   KENNEDY NY
                                          MONTH:     OCTOBER
                                          YEAR:      2019
                                          LATITUDE:   40 39 N
                                          LONGITUDE:  73 47 W

  TEMPERATURE IN F:       :PCPN:    SNOW:  WIND      :SUNSHINE: SKY     :PK WND
================================================================================
1   2   3   4   5  6A  6B    7    8   9   10  11  12  13   14  15   16   17  18
                                     12Z  AVG MX 2MIN
DY MAX MIN AVG DEP HDD CDD  WTR  SNW DPTH SPD SPD DIR MIN PSBL S-S WX    SPD DR
================================================================================

 1  78  62  70   8   0   5    T  0.0    0 12.6 20 240   M    M   7        23 240
 2  95  64  80  18   0  15 0.35  0.0    0 13.6 23 280   M    M   7 1      30 270
 3  64  53  59  -3   6   0 0.32  0.0    0 12.0 23  40   M    M   9 1      27  40
 4  68  50  59  -2   6   0    T  0.0    0 16.7 35 320   M    M   4 1      40 330
 5  59  45  52  -9  13   0 0.00  0.0    0  8.4 16  30   M    M   3        21  20
 6  69  58  64   4   1   0    T  0.0    0 15.9 23 180   M    M   9        30 190
 7  76  60  68   8   0   3    T  0.0    0 17.7 26 190   M    M   9        36 180
 8  64  58  61   1   4   0 0.01  0.0    0 12.9 18  30   M    M   9 1      24  40
 9  60  53  57  -2   8   0 0.64  0.0    0 16.5 25  20   M    M  10 1      32  50
10  72  53  63   4   2   0 0.00  0.0    0 18.4 28  20   M    M   7        35  20
11  64  55  60   1   5   0 0.00  0.0    0 18.5 29  20   M    M   7        36  20
12  68  55  62   4   3   0 0.00  0.0    0  8.9 17  20   M    M   8        20  20
13  65  53  59   1   6   0    T  0.0    0  7.7 15 360   M    M   6        19 340
14  70  55  63   5   2   0 0.00  0.0    0  7.9 16 170   M    M   4        19 160
15  64  49  57   0   8   0 0.00  0.0    0  6.5 15 360   M    M   3        18 360
16  66  48  57   0   8   0 1.02  0.0    0 16.7 40 290   M    M   8 1      51 280
17  59  52  56  -1   9   0 0.00  0.0    0 26.3 40 260   M    M   7        50 270
18  61  46  54  -2  11   0 0.00  0.0    0 16.8 30 290   M    M   5        40 280
19  59  40  50  -6  15   0 0.00  0.0    0  7.5 14 200   M    M   4 8      16 220
20  61  44  53  -3  12   0 0.58  0.0    0  8.2 18  40   M    M   9 1      23  40
21  68  51  60   5   5   0 0.00  0.0    0  9.1 20  30   M    M   5        23  30
22  64  53  59   4   6   0 0.46  0.0    0 11.2 21  90   M    M  10 1      28 100
================================================================================
SM 1474 1157       130  23  3.38     0.0 290.0          M      150
================================================================================
AV 67.0 52.6                              13.2 FASTST   M    M   7    MAX(MPH)
                                 MISC ---->  # 40 290               # 51  280
================================================================================
NOTES:
# LAST OF SEVERAL OCCURRENCES

COLUMN 17 PEAK WIND IN M.P.H.

PRELIMINARY LOCAL CLIMATOLOGICAL DATA (WS FORM: F-6) , PAGE 2

                                          STATION:  KENNEDY NY
                                          MONTH:    OCTOBER
                                          YEAR:     2019
                                          LATITUDE:   40 39 N
                                          LONGITUDE:  73 47 W

[TEMPERATURE DATA]      [PRECIPITATION DATA]       SYMBOLS USED IN COLUMN 16

AVERAGE MONTHLY: 59.8   TOTAL FOR MONTH:   3.38    1 = FOG OR MIST
DPTR FM NORMAL:   1.2   DPTR FM NORMAL:    0.75    2 = FOG REDUCING VISIBILITY
HIGHEST:    95 ON  2    GRTST 24HR  1.02 ON 16-16      TO 1/4 MILE OR LESS
LOWEST:     40 ON 19                               3 = THUNDER
                        SNOW, ICE PELLETS, HAIL    4 = ICE PELLETS
                        TOTAL MONTH:   0.0 INCH    5 = HAIL
                        GRTST 24HR     0.0         6 = FREEZING RAIN OR DRIZZLE
                        GRTST DEPTH:   0           7 = DUSTSTORM OR SANDSTORM:
                                                       VSBY 1/2 MILE OR LESS
                                                   8 = SMOKE OR HAZE
[NO. OF DAYS WITH]      [WEATHER - DAYS WITH]      9 = BLOWING SNOW
                                                   X = TORNADO
MAX 32 OR BELOW:   0    0.01 INCH OR MORE:   7
MAX 90 OR ABOVE:   1    0.10 INCH OR MORE:   6
MIN 32 OR BELOW:   0    0.50 INCH OR MORE:   3
MIN  0 OR BELOW:   0    1.00 INCH OR MORE:   1

[HDD (BASE 65) ]
TOTAL THIS MO.   130    CLEAR  (SCALE 0-3)   2
DPTR FM NORMAL   -26    PTCLDY (SCALE 4-7)  13
TOTAL FM JUL 1   141    CLOUDY (SCALE 8-10)  7
DPTR FM NORMAL   -54

[CDD (BASE 65) ]
TOTAL THIS MO.    23
DPTR FM NORMAL    11    [PRESSURE DATA]
TOTAL FM JAN 1  1152    HIGHEST SLP M ON M
DPTR FM NORMAL   149    LOWEST  SLP 29.14 ON 16

[REMARKS]
