000
CXUS51 KOKX 210703
CF6JFK
PRELIMINARY LOCAL CLIMATOLOGICAL DATA (WS FORM: F-6)

                                          STATION:   KENNEDY NY
                                          MONTH:     MARCH
                                          YEAR:      2019
                                          LATITUDE:   40 39 N
                                          LONGITUDE:  73 47 W

  TEMPERATURE IN F:       :PCPN:    SNOW:  WIND      :SUNSHINE: SKY     :PK WND
================================================================================
1   2   3   4   5  6A  6B    7    8   9   10  11  12  13   14  15   16   17  18
                                     12Z  AVG MX 2MIN
DY MAX MIN AVG DEP HDD CDD  WTR  SNW DPTH SPD SPD DIR MIN PSBL S-S WX    SPD DR
================================================================================

 1  37  27  32  -6  33   0 0.03  0.4    T  9.5 14  40   M    M  10 1      18  40
 2  40  31  36  -2  29   0 0.56  3.2    3 10.4 16 260   M    M   8 14     20  20
 3  43  32  38   0  27   0 0.57  1.8    1  8.1 16 340   M    M   8 14     23 330
 4  39  29  34  -4  31   0 0.44  0.7    2 15.5 23 310   M    M   6 14     28 300
 5  33  20  27 -11  38   0 0.00  0.0    1 14.0 25 330   M    M   3        31 330
 6  28  19  24 -15  41   0 0.00  0.0    1 17.8 26 290   M    M   4        32 280
 7  33  18  26 -13  39   0 0.00  0.0    T 13.5 24 280   M    M   5        30 260
 8  37  22  30  -9  35   0 0.00  0.0    0  5.7 12 230   M    M   8        13 170
 9  47  33  40   0  25   0 0.00  0.0    0  7.4 14 200   M    M   5        16 190
10  44  35  40   0  25   0 0.87    T    0 12.4 29  90   M    M  10 14     42 100
11  54  39  47   7  18   0 0.00  0.0    0 16.8 33 330   M    M   6        43 330
12  45  34  40   0  25   0 0.00  0.0    0 18.3 30 300   M    M   3        38 330
13  42  29  36  -5  29   0 0.00  0.0    0  7.8 17 180   M    M   6        20 190
14  52  38  45   4  20   0 0.00  0.0    0 12.0 23 170   M    M   8        33 170
15  59  47  53  12  12   0 0.16  0.0    0 17.3 26 180   M    M   8 1      33 180
16  57  37  47   6  18   0 0.00  0.0    0 20.7 30 290   M    M   7        38 290
17  45  33  39  -3  26   0 0.00  0.0    0 13.2 23 300   M    M   4        31 290
18  45  28  37  -5  28   0 0.00  0.0    0  7.9 17 200   M    M   4        24 320
19  50  32  41  -1  24   0 0.00  0.0    0  9.5 21 240   M    M   3        27 210
20  50  31  41  -2  24   0 0.00  0.0    0  8.4 17 170   M    M   5         M  M
================================================================================
SM  880  614       547   0  2.63     6.1 246.2          M      121
================================================================================
AV 44.0 30.7                              12.3 FASTST   M    M   6    MAX(MPH)
                                 MISC ---->  # 33 330               # 43  330
================================================================================
NOTES:
# LAST OF SEVERAL OCCURRENCES

COLUMN 17 PEAK WIND IN M.P.H.

PRELIMINARY LOCAL CLIMATOLOGICAL DATA (WS FORM: F-6) , PAGE 2

                                          STATION:  KENNEDY NY
                                          MONTH:    MARCH
                                          YEAR:     2019
                                          LATITUDE:   40 39 N
                                          LONGITUDE:  73 47 W

[TEMPERATURE DATA]      [PRECIPITATION DATA]       SYMBOLS USED IN COLUMN 16

AVERAGE MONTHLY: 37.4   TOTAL FOR MONTH:   2.63    1 = FOG OR MIST
DPTR FM NORMAL:  -2.7   DPTR FM NORMAL:    0.30    2 = FOG REDUCING VISIBILITY
HIGHEST:    59 ON 15    GRTST 24HR  0.87 ON 10-10      TO 1/4 MILE OR LESS
LOWEST:     18 ON  7                               3 = THUNDER
                        SNOW, ICE PELLETS, HAIL    4 = ICE PELLETS
                        TOTAL MONTH:   6.1 INCHES  5 = HAIL
                        GRTST 24HR   3.2 ON  2- 2  6 = FREEZING RAIN OR DRIZZLE
                        GRTST DEPTH:   3 ON  2     7 = DUSTSTORM OR SANDSTORM:
                                                       VSBY 1/2 MILE OR LESS
                                                   8 = SMOKE OR HAZE
[NO. OF DAYS WITH]      [WEATHER - DAYS WITH]      9 = BLOWING SNOW
                                                   X = TORNADO
MAX 32 OR BELOW:   1    0.01 INCH OR MORE:   6
MAX 90 OR ABOVE:   0    0.10 INCH OR MORE:   5
MIN 32 OR BELOW:  12    0.50 INCH OR MORE:   3
MIN  0 OR BELOW:   0    1.00 INCH OR MORE:   0

[HDD (BASE 65) ]
TOTAL THIS MO.   547    CLEAR  (SCALE 0-3)   2
DPTR FM NORMAL    48    PTCLDY (SCALE 4-7)  16
TOTAL FM JUL 1  4038    CLOUDY (SCALE 8-10)  2
DPTR FM NORMAL    28

[CDD (BASE 65) ]
TOTAL THIS MO.     0
DPTR FM NORMAL     0    [PRESSURE DATA]
TOTAL FM JAN 1     0    HIGHEST SLP M ON M
DPTR FM NORMAL     0    LOWEST  SLP 29.58 ON 15

[REMARKS]
