000
CXUS51 KOKX 230910
CF6JFK
PRELIMINARY LOCAL CLIMATOLOGICAL DATA (WS FORM: F-6)

                                          STATION:   KENNEDY NY
                                          MONTH:     MAY
                                          YEAR:      2022
                                          LATITUDE:   40 39 N
                                          LONGITUDE:  73 47 W

  TEMPERATURE IN F:       :PCPN:    SNOW:  WIND      :SUNSHINE: SKY     :PK WND
================================================================================
1   2   3   4   5  6A  6B    7    8   9   10  11  12  13   14  15   16   17  18
                                     12Z  AVG MX 2MIN
DY MAX MIN AVG DEP HDD CDD  WTR  SNW DPTH SPD SPD DIR MIN PSBL S-S WX    SPD DR
================================================================================

 1  63  42  53  -3  12   0    T  0.0    0  8.5 17 170   M    M   6        22 170
 2  55  50  53  -3  12   0 0.51  0.0    0  9.7 24 130   M    M   9 13     30 130
 3  62  49  56  -1   9   0    T  0.0    0 11.0 20  90   M    M   8 1      24 100
 4  66  49  58   1   7   0 0.04  0.0    0  6.4 15  10   M    M   9 13     18  20
 5  70  54  62   5   3   0 0.00  0.0    0 10.4 18 350   M    M   7        24 330
 6  58  48  53  -5  12   0 0.85  0.0    0  6.9 15  90   M    M  10 1      19 100
 7  51  44  48 -10  17   0 0.96  0.0    0 18.6 29  40   M    M  10 1      35  40
 8  58  44  51  -7  14   0    T  0.0    0 19.0 30  50   M    M   9        39  50
 9  70  45  58   0   7   0 0.00  0.0    0 19.7 32  40   M    M   4        39  40
10  73  50  62   3   3   0 0.00  0.0    0 16.4 30  60   M    M   3        36  40
11  74  53  64   5   1   0 0.00  0.0    0 12.6 28  40   M    M   5        34  40
12  71  53  62   3   3   0 0.00  0.0    0  7.1 15 100   M    M   8 1      19 100
13  75  57  66   6   0   1    T  0.0    0  6.1 16 120   M    M  10 12     19 120
14  70  57  64   4   1   0 0.15  0.0    0  5.1 18 130   M    M  10 12     23 130
15  73  55  64   4   1   0 0.00  0.0    0  6.5 15 170   M    M   9 128    19 180
16  69  59  64   4   1   0 0.09  0.0    0  9.3 22 300   M    M   8 13     28 300
17  79  57  68   7   0   3 0.00  0.0    0 16.3 30 270   M    M   3        41 290
18  70  56  63   2   2   0    T  0.0    M 14.3 24 190   M    M   5        27 190
19  63  54  59  -2   6   0 1.04  0.0    0  7.5 15 170   M    M   8 1      20  90
20  69  52  61  -1   4   0 0.49  0.0    0  7.0 20 270   M    M   9 123    25 270
21  87  59  73  11   0   8 0.00  0.0    0  8.1 21 180   M    M   5 128    27 180
22  84  65  75  13   0  10 0.00  0.0    0  9.1 22 190   M    M   5        28 180
================================================================================
SM 1510 1152       115  22  4.13  0.0    235.6          M      160
================================================================================
AV 68.6 52.4                              10.7 FASTST   M    M   7    MAX(MPH)
                                 MISC ---->    32  40                 41 290
================================================================================
NOTES:
# LAST OF SEVERAL OCCURRENCES

COLUMN 17 PEAK WIND IN M.P.H.

PRELIMINARY LOCAL CLIMATOLOGICAL DATA (WS FORM: F-6) , PAGE 2

                                          STATION:   KENNEDY NY
                                          MONTH:     MAY
                                          YEAR:      2022
                                          LATITUDE:   40 39 N
                                          LONGITUDE:  73 47 W

[TEMPERATURE DATA]      [PRECIPITATION DATA]       SYMBOLS USED IN COLUMN 16

AVERAGE MONTHLY: 60.5   TOTAL FOR MONTH:   4.13    1 = FOG OR MIST
DPTR FM NORMAL:   1.4   DPTR FM NORMAL:    1.61    2 = FOG REDUCING VISIBILITY
HIGHEST:    87 ON 21    GRTST 24HR  1.57 ON  6- 7      TO 1/4 MILE OR LESS
LOWEST:     42 ON  1                               3 = THUNDER
                        SNOW, ICE PELLETS, HAIL    4 = ICE PELLETS
                        TOTAL MONTH:   0.0 INCH    5 = HAIL
                        GRTST 24HR  0.0            6 = FREEZING RAIN OR DRIZZLE
                        GRTST DEPTH:  0            7 = DUSTSTORM OR SANDSTORM:
                                                       VSBY 1/2 MILE OR LESS
                                                   8 = SMOKE OR HAZE
[NO. OF DAYS WITH]      [WEATHER - DAYS WITH]      9 = BLOWING SNOW
                                                   X = TORNADO
MAX 32 OR BELOW:   0    0.01 INCH OR MORE:   8
MAX 90 OR ABOVE:   0    0.10 INCH OR MORE:   6
MIN 32 OR BELOW:   0    0.50 INCH OR MORE:   4
MIN  0 OR BELOW:   0    1.00 INCH OR MORE:   1

[HDD (BASE 65) ]
TOTAL THIS MO.   115    CLEAR  (SCALE 0-3)   2
DPTR FM NORMAL   -27    PTCLDY (SCALE 4-7)  10
TOTAL FM JUL 1  4393    CLOUDY (SCALE 8-10) 10
DPTR FM NORMAL  -428

[CDD (BASE 65) ]
TOTAL THIS MO.    22
DPTR FM NORMAL    12    [PRESSURE DATA]
TOTAL FM JAN 1    22    HIGHEST SLP M ON M
DPTR FM NORMAL    10    LOWEST  SLP 29.55 ON 16

[REMARKS]
