000
CXUS51 KOKX 190910
CF6JFK
PRELIMINARY LOCAL CLIMATOLOGICAL DATA (WS FORM: F-6)

                                          STATION:   KENNEDY NY
                                          MONTH:     JUNE
                                          YEAR:      2021
                                          LATITUDE:   40 39 N
                                          LONGITUDE:  73 47 W

  TEMPERATURE IN F:       :PCPN:    SNOW:  WIND      :SUNSHINE: SKY     :PK WND
================================================================================
1   2   3   4   5  6A  6B    7    8   9   10  11  12  13   14  15   16   17  18
                                     12Z  AVG MX 2MIN
DY MAX MIN AVG DEP HDD CDD  WTR  SNW DPTH SPD SPD DIR MIN PSBL S-S WX    SPD DR
================================================================================

 1  76  52  64  -1   1   0 0.00  0.0    0 10.3 22 190   M    M   8        27 190
 2  70  56  63  -3   2   0 0.00  0.0    0  8.0 20 190   M    M   8        23 190
 3  71  59  65  -1   0   0 0.23  0.0    0  6.9 18 190   M    M  10 12     23 190
 4  75  61  68   2   0   3 0.39  0.0    0  7.7 22 300   M    M   8 123    30 280
 5  87  62  75   8   0  10 0.00  0.0    0 10.6 20 230   M    M   4 1      21 230
 6  87  68  78  11   0  13 0.00  0.0    0 10.3 21 190   M    M   4        26 190
 7  81  66  74   7   0   9 0.00  0.0    0  6.9 14 190   M    M   5        17 200
 8  85  66  76   8   0  11 0.57  0.0    0  6.8 30 270   M    M   9 138    35 270
 9  91  70  81  13   0  16 0.00  0.0    0  8.2 17 190   M    M   8 13     20 190
10  81  62  72   4   0   7 0.00  0.0    0 13.8 24  90   M    M   6        31  90
11  71  61  66  -3   0   1    T  0.0    0  8.2 14 100   M    M   9        17  70
12  69  59  64  -5   1   0    T  0.0    0  7.6 17 120   M    M   8        21 120
13  72  58  65  -5   0   0 0.00  0.0    0  9.6 16 180   M    M   6        21 190
14  71  63  67  -3   0   2 0.06  0.0    0 10.8 17 150   M    M   9 13     23 160
15  83  66  75   5   0  10 0.07  0.0    0 11.6 22 320   M    M   6 1      31 310
16  78  63  71   1   0   6 0.00  0.0    0 13.6 23 300   M    M   2        29 300
17  77  57  67  -4   0   2 0.00  0.0    0 10.0 20 210   M    M   3        24 200
18  79  59  69  -2   0   4 0.00  0.0    0 12.9 24 180   M    M   5        30 190
================================================================================
SM 1404 1108         4  94  1.32  0.0    173.8          M      118
================================================================================
AV 78.0 61.6                               9.7 FASTST   M    M   7    MAX(MPH)
                                 MISC ---->    30 270                 35 270
================================================================================
NOTES:
# LAST OF SEVERAL OCCURRENCES

COLUMN 17 PEAK WIND IN M.P.H.

PRELIMINARY LOCAL CLIMATOLOGICAL DATA (WS FORM: F-6) , PAGE 2

                                          STATION:   KENNEDY NY
                                          MONTH:     JUNE
                                          YEAR:      2021
                                          LATITUDE:   40 39 N
                                          LONGITUDE:  73 47 W

[TEMPERATURE DATA]      [PRECIPITATION DATA]       SYMBOLS USED IN COLUMN 16

AVERAGE MONTHLY: 69.8   TOTAL FOR MONTH:   1.32    1 = FOG OR MIST
DPTR FM NORMAL:   1.6   DPTR FM NORMAL:   -1.18    2 = FOG REDUCING VISIBILITY
HIGHEST:    91 ON  9    GRTST 24HR  0.57 ON  8- 8      TO 1/4 MILE OR LESS
LOWEST:     52 ON  1                               3 = THUNDER
                        SNOW, ICE PELLETS, HAIL    4 = ICE PELLETS
                        TOTAL MONTH:   0.0 INCH    5 = HAIL
                        GRTST 24HR  0.0            6 = FREEZING RAIN OR DRIZZLE
                        GRTST DEPTH:  0            7 = DUSTSTORM OR SANDSTORM:
                                                       VSBY 1/2 MILE OR LESS
                                                   8 = SMOKE OR HAZE
[NO. OF DAYS WITH]      [WEATHER - DAYS WITH]      9 = BLOWING SNOW
                                                   X = TORNADO
MAX 32 OR BELOW:   0    0.01 INCH OR MORE:   5
MAX 90 OR ABOVE:   1    0.10 INCH OR MORE:   3
MIN 32 OR BELOW:   0    0.50 INCH OR MORE:   1
MIN  0 OR BELOW:   0    1.00 INCH OR MORE:   0

[HDD (BASE 65) ]
TOTAL THIS MO.     4    CLEAR  (SCALE 0-3)   1
DPTR FM NORMAL   -15    PTCLDY (SCALE 4-7)  13
TOTAL FM JUL 1  4477    CLOUDY (SCALE 8-10)  4
DPTR FM NORMAL  -392

[CDD (BASE 65) ]
TOTAL THIS MO.    94
DPTR FM NORMAL    15    [PRESSURE DATA]
TOTAL FM JAN 1   144    HIGHEST SLP M ON M
DPTR FM NORMAL    33    LOWEST  SLP 29.71 ON 15

[REMARKS]
