000
CXUS55 KJKL 181000
CF6JKL
PRELIMINARY LOCAL CLIMATOLOGICAL DATA (WS FORM: F-6)

                                          STATION:   JACKSON KY
                                          MONTH:     OCTOBER
                                          YEAR:      2019
                                          LATITUDE:   37 35 N
                                          LONGITUDE:  83 19 W

  TEMPERATURE IN F:       :PCPN:    SNOW:  WIND      :SUNSHINE: SKY     :PK WND
================================================================================
1   2   3   4   5  6A  6B    7    8   9   10  11  12  13   14  15   16   17  18
                                     12Z  AVG MX 2MIN
DY MAX MIN AVG DEP HDD CDD  WTR  SNW DPTH SPD SPD DIR MIN PSBL S-S WX    SPD DR
================================================================================

 1  97  71  84  22   0  19 0.00  0.0    0  1.3  9 330   M    M   2        16 340
 2  95  69  82  20   0  17 0.00  0.0    0  1.3  9 230   M    M   1        19 290
 3  95  68  82  20   0  17 0.00  0.0    0  3.1 13 310   M    M   1        21 300
 4  77  57  67   5   0   2 0.00  0.0    0  1.4  7  20   M    M   2        17  30
 5  88  50  69   8   0   4 0.02  0.0    0  1.8  9 240   M    M   1 13     16 200
 6  82  64  73  12   0   8 0.30  0.0    0  2.3  9 210   M    M   6 13     22 220
 7  67  53  60  -1   5   0 1.61  0.0    0  0.3  8 330   M    M  10 1      16 320
 8  64  50  57  -3   8   0    T  0.0    0  0.2  5  80   M    M   8 1       9  60
 9  73  56  65   5   0   0 0.00  0.0    0  0.9  5 310   M    M   7 12      9  80
10  81  58  70  10   0   5 0.00  0.0    0  1.5  6 150   M    M   2        10 250
11  80  60  70  11   0   5 0.00  0.0    0  1.4  8 170   M    M   5        13 130
12  69  42  56  -3   9   0 0.01    M    0  4.2 16 310   M    M   7 1      25 300
13  69  34  52  -7  13   0 0.00  0.0    0  1.3  7 190   M    M   1 12     12 180
14  72  46  59   1   6   0 0.00  0.0    0  2.2 10 270   M    M   0        16 260
15  77  47  62   4   3   0 0.00  0.0    0  3.1  8 170   M    M   3        18 180
16  65  44  55  -3  10   0 0.75  0.0    0  5.8 18 320   M    M   9 12     34 310
17  59  37  48 -10  17   0 0.00  0.0    0  4.0 12 280   M    M   1        19 300
================================================================================
SM 1310  906        71  77  2.69     0.0  36.1          M       66
================================================================================
AV 77.1 53.3                               2.1 FASTST   M    M   4    MAX(MPH)
                                 MISC ---->  # 18 320               # 34  310
================================================================================
NOTES:
# LAST OF SEVERAL OCCURRENCES

COLUMN 17 PEAK WIND IN M.P.H.

PRELIMINARY LOCAL CLIMATOLOGICAL DATA (WS FORM: F-6) , PAGE 2

                                          STATION:  JACKSON KY
                                          MONTH:    OCTOBER
                                          YEAR:     2019
                                          LATITUDE:   37 35 N
                                          LONGITUDE:  83 19 W

[TEMPERATURE DATA]      [PRECIPITATION DATA]       SYMBOLS USED IN COLUMN 16

AVERAGE MONTHLY: 65.2   TOTAL FOR MONTH:   2.69    1 = FOG OR MIST
DPTR FM NORMAL:   5.2   DPTR FM NORMAL:    0.99    2 = FOG REDUCING VISIBILITY
HIGHEST:    97 ON  1    GRTST 24HR  1.61 ON  7- 7      TO 1/4 MILE OR LESS
LOWEST:     34 ON 13                               3 = THUNDER
                        SNOW, ICE PELLETS, HAIL    4 = ICE PELLETS
                        TOTAL MONTH:   0.0 INCH    5 = HAIL
                        GRTST 24HR     0.0         6 = FREEZING RAIN OR DRIZZLE
                        GRTST DEPTH:   0           7 = DUSTSTORM OR SANDSTORM:
                                                       VSBY 1/2 MILE OR LESS
                                                   8 = SMOKE OR HAZE
[NO. OF DAYS WITH]      [WEATHER - DAYS WITH]      9 = BLOWING SNOW
                                                   X = TORNADO
MAX 32 OR BELOW:   0    0.01 INCH OR MORE:   5
MAX 90 OR ABOVE:   3    0.10 INCH OR MORE:   3
MIN 32 OR BELOW:   0    0.50 INCH OR MORE:   2
MIN  0 OR BELOW:   0    1.00 INCH OR MORE:   1

[HDD (BASE 65) ]
TOTAL THIS MO.    71    CLEAR  (SCALE 0-3)  10
DPTR FM NORMAL   -37    PTCLDY (SCALE 4-7)   5
TOTAL FM JUL 1    71    CLOUDY (SCALE 8-10)  2
DPTR FM NORMAL   -89

[CDD (BASE 65) ]
TOTAL THIS MO.    77
DPTR FM NORMAL    54    [PRESSURE DATA]
TOTAL FM JAN 1  1578    HIGHEST SLP M ON M
DPTR FM NORMAL   434    LOWEST  SLP 29.69 ON 16

[REMARKS]
