000
CXUS55 KJKL 191000
CF6JKL
PRELIMINARY LOCAL CLIMATOLOGICAL DATA (WS FORM: F-6)

                                          STATION:   JACKSON KY
                                          MONTH:     SEPTEMBER
                                          YEAR:      2018
                                          LATITUDE:   37 35 N
                                          LONGITUDE:  83 19 W

  TEMPERATURE IN F:       :PCPN:    SNOW:  WIND      :SUNSHINE: SKY     :PK WND
================================================================================
1   2   3   4   5  6A  6B    7    8   9   10  11  12  13   14  15   16   17  18
                                     12Z  AVG MX 2MIN
DY MAX MIN AVG DEP HDD CDD  WTR  SNW DPTH SPD SPD DIR MIN PSBL S-S WX    SPD DR
================================================================================

 1  85  68  77   4   0  12 0.00  0.0    0  2.1 13 320   M    M   2 3      24 320
 2  86  69  78   6   0  13 0.92  0.0    0  0.9 10 230   M    M   2 13     20 210
 3  92  71  82  10   0  17 0.00  0.0    0  1.7  7 120   M    M   0        10 140
 4  91  71  81   9   0  16 0.00  0.0    0  1.0  7 160   M    M   0         9 160
 5  89  74  82  10   0  17 0.00  0.0    0  1.7  6 310   M    M   0        11 160
 6  89  70  80   9   0  15    T  0.0    0  0.6  8  10   M    M   2 13     16 340
 7  86  70  78   7   0  13 0.01  0.0    0  0.5  6 130   M    M   3 3      10 310
 8  83  67  75   4   0  10 0.43  0.0    0  0.8 14 330   M    M   4 13     23 330
 9  84  70  77   7   0  12 0.75  0.0    0  1.7  8 280   M    M   5 13     17 150
10  70  60  65  -5   0   0 0.44  0.0    0  2.8  9 310   M    M  10 1      17 280
11  69  60  65  -5   0   0 0.00  0.0    0  0.6  6 140   M    M  10         9 100
12  82  63  73   3   0   8 0.00  0.0    0  0.1  7 310   M    M   6 12      9 300
13  89  68  79  10   0  14 0.00  0.0    0  0.5  6 350   M    M   1 1      12 350
14  88  71  80  11   0  15 0.00  0.0    0  0.3  5  90   M    M   1 1      11  70
15  85  70  78  10   0  13 0.02  0.0    0  0.5  8 110   M    M   2        19  80
16  76  68  72   4   0   7 0.45  0.0    0  1.0  6  60   M    M   4 1      25  70
17  73  68  71   3   0   6 0.66  0.0    0  2.3  9 320   M    M   6 12     15 300
18  86  68  77  10   0  12 0.10  0.0    0  1.3 15 330   M    M   4 12     26 340
================================================================================
SM 1503 1226         0 200  3.78     0.0  20.4          M       62
================================================================================
AV 83.5 68.1                               1.1 FASTST   M    M   3    MAX(MPH)
                                 MISC ---->  # 15 330               # 26  340
================================================================================
NOTES:
# LAST OF SEVERAL OCCURRENCES

COLUMN 17 PEAK WIND IN M.P.H.

PRELIMINARY LOCAL CLIMATOLOGICAL DATA (WS FORM: F-6) , PAGE 2

                                          STATION:  JACKSON KY
                                          MONTH:    SEPTEMBER
                                          YEAR:     2018
                                          LATITUDE:   37 35 N
                                          LONGITUDE:  83 19 W

[TEMPERATURE DATA]      [PRECIPITATION DATA]       SYMBOLS USED IN COLUMN 16

AVERAGE MONTHLY: 75.8   TOTAL FOR MONTH:   3.78    1 = FOG OR MIST
DPTR FM NORMAL:   5.6   DPTR FM NORMAL:    1.75    2 = FOG REDUCING VISIBILITY
HIGHEST:    92 ON  3    GRTST 24HR  1.00 ON 31- 1      TO 1/4 MILE OR LESS
LOWEST:     60 ON 11,10                            3 = THUNDER
                        SNOW, ICE PELLETS, HAIL    4 = ICE PELLETS
                        TOTAL MONTH:   0.0 INCH    5 = HAIL
                        GRTST 24HR     0.0         6 = FREEZING RAIN OR DRIZZLE
                        GRTST DEPTH:   0           7 = DUSTSTORM OR SANDSTORM:
                                                       VSBY 1/2 MILE OR LESS
                                                   8 = SMOKE OR HAZE
[NO. OF DAYS WITH]      [WEATHER - DAYS WITH]      9 = BLOWING SNOW
                                                   X = TORNADO
MAX 32 OR BELOW:   0    0.01 INCH OR MORE:   9
MAX 90 OR ABOVE:   2    0.10 INCH OR MORE:   7
MIN 32 OR BELOW:   0    0.50 INCH OR MORE:   3
MIN  0 OR BELOW:   0    1.00 INCH OR MORE:   0

[HDD (BASE 65) ]
TOTAL THIS MO.     0    CLEAR  (SCALE 0-3)   9
DPTR FM NORMAL   -12    PTCLDY (SCALE 4-7)   7
TOTAL FM JUL 1     0    CLOUDY (SCALE 8-10)  2
DPTR FM NORMAL   -14

[CDD (BASE 65) ]
TOTAL THIS MO.   200
DPTR FM NORMAL    93    [PRESSURE DATA]
TOTAL FM JAN 1  1464    HIGHEST SLP M ON M
DPTR FM NORMAL   379    LOWEST  SLP 29.76 ON  9

[REMARKS]
