000
CXUS53 KSGF 250800
CF6JLN
PRELIMINARY LOCAL CLIMATOLOGICAL DATA (WS FORM: F-6)

                                          STATION:   JOPLIN MO
                                          MONTH:     MAY
                                          YEAR:      2020
                                          LATITUDE:   37 10 N
                                          LONGITUDE:  94 30 W

  TEMPERATURE IN F:       :PCPN:    SNOW:  WIND      :SUNSHINE: SKY     :PK WND
================================================================================
1   2   3   4   5  6A  6B    7    8   9   10  11  12  13   14  15   16   17  18
                                     12Z  AVG MX 2MIN
DY MAX MIN AVG DEP HDD CDD  WTR  SNW DPTH SPD SPD DIR MIN PSBL S-S WX    SPD DR
================================================================================

 1  82  53  68   5   0   3 0.00    M    M 13.2 26 190   M    M   0        36 200
 2  84  62  73  10   0   8 0.00    M    M  7.1 16 200   M    M   2        23 190
 3  73  58  66   2   0   1 0.51    M    M  5.1 36 330   M    M   9 135    52 330
 4  70  59  65   1   0   0 0.49    M    M 10.6 22 140   M    M   7 13     33 110
 5  71  54  63  -1   2   0 0.00    M    M 11.8 21 320   M    M   2        29 310
 6  67  48  58  -6   7   0    T    M    M  6.5 17 350   M    M   4        22 350
 7  64  43  54 -11  11   0 0.36    M    M  5.0 24 350   M    M   6 13     35 350
 8  63  41  52 -13  13   0 0.09    M    M 11.5 29  10   M    M   3 13     41  10
 9  68  36  52 -13  13   0 0.00    M    M  1.6 10 250   M    M   1 1      15 270
10  62  43  53 -12  12   0 0.00    M    M  7.5 17 340   M    M   1        23 360
11  48  37  43 -23  22   0 1.05    M    M  2.9 12  90   M    M   7 1      17  90
12  50  43  47 -19  18   0 1.26    M    M  6.3 16 100   M    M  10 1      23 100
13  73  50  62  -4   3   0 0.10    M    M  7.8 20 160   M    M   7 1      29 140
14  81  66  74   8   0   9 0.00    M    M 17.1 26 190   M    M   2        39 190
15  70  59  65  -2   0   0 1.00    M    M  8.2 35 320   M    M   4 13     43 310
16  78  59  69   2   0   4 0.00    M    M  5.0 13 160   M    M   3 1      17 110
17  70  55  63  -4   2   0 0.02    M    M  8.1 18 320   M    M   6 1      25 310
18  65  49  57 -10   8   0 0.00    M    M  6.3 17 310   M    M   5 1      22 300
19  69  45  57 -11   8   0 0.00    M    M  4.1 12  20   M    M   5 1      17  10
20  69  49  59  -9   6   0 0.00    M    M  4.6 14  80   M    M   5 1      21  50
21  76  59  68   0   0   3 0.33    M    M  7.2 20 110   M    M   6 13     30 100
22  79  61  70   2   0   5 1.05    M    M  9.0 29 300   M    M   5 123    40 300
23  83  66  75   6   0  10 0.00    M    M  9.3 18 210   M    M   0        23 180
24  85  68  77   8   0  12 0.00    M    M 11.4 20 240   M    M   2        27 190
================================================================================
SM 1700 1263       125  55  6.26    M    187.2          M      102
================================================================================
AV 70.8 52.6                               7.8 FASTST   M    M   4    MAX(MPH)
                                 MISC ---->  # 36 330               # 52  330
================================================================================
NOTES:
# LAST OF SEVERAL OCCURRENCES

COLUMN 17 PEAK WIND IN M.P.H.

PRELIMINARY LOCAL CLIMATOLOGICAL DATA (WS FORM: F-6) , PAGE 2

                                          STATION:  JOPLIN MO
                                          MONTH:    MAY
                                          YEAR:     2020
                                          LATITUDE:   37 10 N
                                          LONGITUDE:  94 30 W

[TEMPERATURE DATA]      [PRECIPITATION DATA]       SYMBOLS USED IN COLUMN 16

AVERAGE MONTHLY: 61.7   TOTAL FOR MONTH:   6.26    1 = FOG OR MIST
DPTR FM NORMAL:  -4.3   DPTR FM NORMAL:    1.80    2 = FOG REDUCING VISIBILITY
HIGHEST:    85 ON 24    GRTST 24HR  1.26 ON 12-12      TO 1/4 MILE OR LESS
LOWEST:     36 ON  9                               3 = THUNDER
                        SNOW, ICE PELLETS, HAIL    4 = ICE PELLETS
                        TOTAL MONTH:    M          5 = HAIL
                        GRTST 24HR    M  ON   M    6 = FREEZING RAIN OR DRIZZLE
                        GRTST DEPTH:  M  ON   M    7 = DUSTSTORM OR SANDSTORM:
                                                       VSBY 1/2 MILE OR LESS
                                                   8 = SMOKE OR HAZE
[NO. OF DAYS WITH]      [WEATHER - DAYS WITH]      9 = BLOWING SNOW
                                                   X = TORNADO
MAX 32 OR BELOW:   0    0.01 INCH OR MORE:  11
MAX 90 OR ABOVE:   0    0.10 INCH OR MORE:   9
MIN 32 OR BELOW:   0    0.50 INCH OR MORE:   5
MIN  0 OR BELOW:   0    1.00 INCH OR MORE:   4

[HDD (BASE 65) ]
TOTAL THIS MO.   125    CLEAR  (SCALE 0-3)  10
DPTR FM NORMAL    66    PTCLDY (SCALE 4-7)  12
TOTAL FM JUL 1  3962    CLOUDY (SCALE 8-10)  2
DPTR FM NORMAL  -100

[CDD (BASE 65) ]
TOTAL THIS MO.    55
DPTR FM NORMAL   -29    [PRESSURE DATA]
TOTAL FM JAN 1    96    HIGHEST SLP M ON M
DPTR FM NORMAL   -42    LOWEST  SLP 29.72 ON  4

[REMARKS]
