000
CXUS53 KSGF 180800
CF6JLN
PRELIMINARY LOCAL CLIMATOLOGICAL DATA (WS FORM: F-6)

                                          STATION:   JOPLIN MO
                                          MONTH:     OCTOBER
                                          YEAR:      2018
                                          LATITUDE:   37 10 N
                                          LONGITUDE:  94 30 W

  TEMPERATURE IN F:       :PCPN:    SNOW:  WIND      :SUNSHINE: SKY     :PK WND
================================================================================
1   2   3   4   5  6A  6B    7    8   9   10  11  12  13   14  15   16   17  18
                                     12Z  AVG MX 2MIN
DY MAX MIN AVG DEP HDD CDD  WTR  SNW DPTH SPD SPD DIR MIN PSBL S-S WX    SPD DR
================================================================================

 1  80  64  72   8   0   7 0.00    M    M  8.8 16 210   M    M   3 1      23 210
 2  86  68  77  13   0  12 0.00    M    M 10.1 17 210   M    M   1 1      23 180
 3  89  72  81  17   0  16 0.00    M    M 15.3 29 200   M    M   1        42 190
 4  76  61  69   6   0   4 0.27    M    M  8.0 15  10   M    M   9 1      21  20
 5  89  64  77  14   0  12 0.00    M    M 13.3 24 210   M    M   1 1      33 200
 6  83  63  73  10   0   8 0.68    M    M  9.2 20 210   M    M   4 13     28 200
 7  78  64  71   9   0   6 0.14    M    M  6.3 15 150   M    M   5 13     21 150
 8  85  71  78  16   0  13 0.00    M    M 11.4 23 180   M    M   3 3      30 150
 9  78  64  71   9   0   6 0.36    M    M  8.8 32 230   M    M   6 138    49 220
10  65  45  55  -7  10   0 0.02    M    M  9.5 21 250   M    M   7 1      29 250
11  60  40  50 -11  15   0 0.00    M    M  5.3 14 350   M    M   1        19 270
12  53  44  49 -12  16   0 0.18    M    M  4.0 13 350   M    M  10 1      16 340
13  54  39  47 -14  18   0 0.13    M    M  4.2  9  90   M    M   8 12     13  80
14  58  37  48 -12  17   0 0.07    M    M  8.1 24 340   M    M   9 1      32 340
15  49  34  42 -18  23   0 0.01    M    M  8.1 21 340   M    M   4 1      29 340
16  60  33  47 -13  18   0 0.00    M    M  1.4  9 290   M    M   1 1      14 320
17  69  36  53  -7  12   0 0.00    M    M  4.6 14  10   M    M   0        19  60
================================================================================
SM 1212  899       129  84  1.86    M    136.4          M       73
================================================================================
AV 71.3 52.9                               8.0 FASTST   M    M   4    MAX(MPH)
                                 MISC ---->  # 32 230               # 49  220
================================================================================
NOTES:
# LAST OF SEVERAL OCCURRENCES

COLUMN 17 PEAK WIND IN M.P.H.

PRELIMINARY LOCAL CLIMATOLOGICAL DATA (WS FORM: F-6) , PAGE 2

                                          STATION:  JOPLIN MO
                                          MONTH:    OCTOBER
                                          YEAR:     2018
                                          LATITUDE:   37 10 N
                                          LONGITUDE:  94 30 W

[TEMPERATURE DATA]      [PRECIPITATION DATA]       SYMBOLS USED IN COLUMN 16

AVERAGE MONTHLY: 62.1   TOTAL FOR MONTH:   1.86    1 = FOG OR MIST
DPTR FM NORMAL:   0.2   DPTR FM NORMAL:   -0.35    2 = FOG REDUCING VISIBILITY
HIGHEST:    89 ON  5, 3 GRTST 24HR  0.68 ON  6- 6      TO 1/4 MILE OR LESS
LOWEST:     33 ON 16                               3 = THUNDER
                        SNOW, ICE PELLETS, HAIL    4 = ICE PELLETS
                        TOTAL MONTH:    M          5 = HAIL
                        GRTST 24HR    M  ON   M    6 = FREEZING RAIN OR DRIZZLE
                        GRTST DEPTH:  M  ON   M    7 = DUSTSTORM OR SANDSTORM:
                                                       VSBY 1/2 MILE OR LESS
                                                   8 = SMOKE OR HAZE
[NO. OF DAYS WITH]      [WEATHER - DAYS WITH]      9 = BLOWING SNOW
                                                   X = TORNADO
MAX 32 OR BELOW:   0    0.01 INCH OR MORE:   9
MAX 90 OR ABOVE:   0    0.10 INCH OR MORE:   6
MIN 32 OR BELOW:   0    0.50 INCH OR MORE:   1
MIN  0 OR BELOW:   0    1.00 INCH OR MORE:   0

[HDD (BASE 65) ]
TOTAL THIS MO.   129    CLEAR  (SCALE 0-3)   7
DPTR FM NORMAL    39    PTCLDY (SCALE 4-7)   7
TOTAL FM JUL 1   152    CLOUDY (SCALE 8-10)  3
DPTR FM NORMAL    20

[CDD (BASE 65) ]
TOTAL THIS MO.    84
DPTR FM NORMAL    49    [PRESSURE DATA]
TOTAL FM JAN 1  2003    HIGHEST SLP M ON M
DPTR FM NORMAL   326    LOWEST  SLP 29.69 ON  9

[REMARKS]
