823
CXUS53 KSGF 230800
CF6JLN
PRELIMINARY LOCAL CLIMATOLOGICAL DATA (WS FORM: F-6)

                                          STATION:   JOPLIN MO
                                          MONTH:     OCTOBER
                                          YEAR:      2019
                                          LATITUDE:   37 10 N
                                          LONGITUDE:  94 30 W

  TEMPERATURE IN F:       :PCPN:    SNOW:  WIND      :SUNSHINE: SKY     :PK WND
================================================================================
1   2   3   4   5  6A  6B    7    8   9   10  11  12  13   14  15   16   17  18
                                     12Z  AVG MX 2MIN
DY MAX MIN AVG DEP HDD CDD  WTR  SNW DPTH SPD SPD DIR MIN PSBL S-S WX    SPD DR
================================================================================

 1  89  72  81  17   0  16 0.00    M    M 12.8 24 210   M    M   1        34 190
 2  89  73  81  17   0  16 0.00    M    M 13.0 22 210   M    M   0        31 210
 3  76  54  65   1   0   0 0.03    M    M  9.0 18  30   M    M   7 1      24 360
 4  76  53  65   2   0   0 0.00    M    M  7.1 13  80   M    M   2        19  60
 5  79  63  71   8   0   6 0.19    M    M  8.0 21 200   M    M   5 13     28 200
 6  63  49  56  -7   9   0 0.68    M    M  7.6 15  40   M    M   9 1      23  60
 7  71  43  57  -5   8   0 0.00    M    M  2.9 10  20   M    M   0 12     17  40
 8  72  45  59  -3   6   0 0.00    M    M  6.8 15 160   M    M   0        20 140
 9  67  52  60  -2   5   0 0.03    M    M  8.7 17 120   M    M   3 1      25 140
10  77  45  61  -1   4   0 0.33    M    M 16.1 25 180   M    M   7 138    36 190
11  51  34  43 -18  22   0 0.30    M    M  9.9 22 310   M    M   4 13     32 320
12  63  31  47 -14  18   0 0.00    M    M 10.3 21 210   M    M   0        29 200
13  70  42  56  -5   9   0 0.00    M    M  9.2 21 220   M    M   0        28 210
14  75  43  59  -1   6   0    T    M    M  8.0 18 170   M    M   0        24 170
15  69  44  57  -3   8   0 0.07    M    M  7.5 20 350   M    M   8 1      28 360
16  58  37  48 -12  17   0 0.00    M    M  4.5 14  20   M    M   0 8      19  20
17  71  41  56  -4   9   0 0.00    M    M  6.8 14 180   M    M   0        18 160
18  73  44  59   0   6   0 0.00    M    M  9.0 18 150   M    M   0        26 140
19  69  49  59   0   6   0 0.01    M    M  3.9 12 300   M    M   6 1      19 160
20  75  47  61   2   4   0 0.67    M    M  8.3 17 160   M    M   1 123    25 160
21  64  46  55  -3  10   0 0.03    M    M 13.6 29 250   M    M   M 13     39 230
22  63  41  52  -6  13   0 0.00    M    M 10.8 23 280   M    M   0        33 270
================================================================================
SM 1560 1048       160  38  2.34    M    193.8          M       53
================================================================================
AV 70.9 47.6                               8.8 FASTST   M    M   3    MAX(MPH)
                                 MISC ---->  # 29 250               # 39  230
================================================================================
NOTES:
# LAST OF SEVERAL OCCURRENCES

COLUMN 17 PEAK WIND IN M.P.H.

PRELIMINARY LOCAL CLIMATOLOGICAL DATA (WS FORM: F-6) , PAGE 2

                                          STATION:  JOPLIN MO
                                          MONTH:    OCTOBER
                                          YEAR:     2019
                                          LATITUDE:   37 10 N
                                          LONGITUDE:  94 30 W

[TEMPERATURE DATA]      [PRECIPITATION DATA]       SYMBOLS USED IN COLUMN 16

AVERAGE MONTHLY: 59.3   TOTAL FOR MONTH:   2.34    1 = FOG OR MIST
DPTR FM NORMAL:  -1.9   DPTR FM NORMAL:   -0.55    2 = FOG REDUCING VISIBILITY
HIGHEST:    89 ON  2, 1 GRTST 24HR  0.68 ON  6- 6      TO 1/4 MILE OR LESS
LOWEST:     31 ON 12                               3 = THUNDER
                        SNOW, ICE PELLETS, HAIL    4 = ICE PELLETS
                        TOTAL MONTH:    M          5 = HAIL
                        GRTST 24HR    M  ON   M    6 = FREEZING RAIN OR DRIZZLE
                        GRTST DEPTH:  M  ON   M    7 = DUSTSTORM OR SANDSTORM:
                                                       VSBY 1/2 MILE OR LESS
                                                   8 = SMOKE OR HAZE
[NO. OF DAYS WITH]      [WEATHER - DAYS WITH]      9 = BLOWING SNOW
                                                   X = TORNADO
MAX 32 OR BELOW:   0    0.01 INCH OR MORE:  10
MAX 90 OR ABOVE:   0    0.10 INCH OR MORE:   5
MIN 32 OR BELOW:   1    0.50 INCH OR MORE:   2
MIN  0 OR BELOW:   0    1.00 INCH OR MORE:   0

[HDD (BASE 65) ]
TOTAL THIS MO.   160    CLEAR  (SCALE 0-3)  14
DPTR FM NORMAL    33    PTCLDY (SCALE 4-7)   6
TOTAL FM JUL 1   160    CLOUDY (SCALE 8-10)  1
DPTR FM NORMAL    -9

[CDD (BASE 65) ]
TOTAL THIS MO.    38
DPTR FM NORMAL    -2    [PRESSURE DATA]
TOTAL FM JAN 1  1696    HIGHEST SLP M ON M
DPTR FM NORMAL    14    LOWEST  SLP 29.46 ON 20

[REMARKS]
