000
CXUS53 KSGF 180800
CF6JLN
PRELIMINARY LOCAL CLIMATOLOGICAL DATA (WS FORM: F-6)

                                          STATION:   JOPLIN MO
                                          MONTH:     JULY
                                          YEAR:      2018
                                          LATITUDE:   37 10 N
                                          LONGITUDE:  94 30 W

  TEMPERATURE IN F:       :PCPN:    SNOW:  WIND      :SUNSHINE: SKY     :PK WND
================================================================================
1   2   3   4   5  6A  6B    7    8   9   10  11  12  13   14  15   16   17  18
                                     12Z  AVG MX 2MIN
DY MAX MIN AVG DEP HDD CDD  WTR  SNW DPTH SPD SPD DIR MIN PSBL S-S WX    SPD DR
================================================================================

 1  83  69  76  -3   0  11 0.52    M    M  7.8 22 340   M    M   3 13     28 340
 2  93  70  82   3   0  17 0.00    M    M  3.8  9  80   M    M   1 1      13  80
 3  97  76  87   8   0  22 0.00    M    M  6.9 14 120   M    M   0        19 120
 4  96  73  85   5   0  20 0.00    M    M  8.2 18 170   M    M   1 18     24 170
 5  97  69  83   3   0  18 0.00    M    M  3.0 13  20   M    M   1 18     18  10
 6  96  72  84   4   0  19 0.00    M    M  6.0 15  20   M    M   1        22  30
 7  91  69  80   0   0  15 0.00    M    M  6.3 13  70   M    M   1        19  80
 8  93  65  79  -1   0  14 0.00    M    M  6.8 13  80   M    M   1        23  70
 9  94  71  83   3   0  18 0.00    M    M  3.9  9 150   M    M   2        15 170
10  97  71  84   4   0  19 0.02    M    M  2.5 13  40   M    M   2 3      18  20
11  99  70  85   5   0  20 0.00    M    M  1.9 10 240   M    M   2 1      14 230
12  97  74  86   6   0  21 0.23    M    M  4.0 16 210   M    M   1 3      23 190
13  97  74  86   6   0  21 0.00    M    M  6.4 15 220   M    M   1        21 220
14  96  72  84   4   0  19    T    M    M  6.8 22 240   M    M   3 3      29 220
15  96  72  84   4   0  19 0.21    M    M  4.5 16 340   M    M   3 13     21 290
16  97  73  85   5   0  20    T    M    M  4.9 13 200   M    M   1 3      18 320
17  89  71  80   0   0  15 0.04    M    M  2.5 28 270   M    M   1 13     35 270
================================================================================
SM 1608 1211         0 308  1.02    M     86.2          M       25
================================================================================
AV 94.6 71.2                               5.1 FASTST   M    M   1    MAX(MPH)
                                 MISC ---->  # 28 270               # 35  270
================================================================================
NOTES:
# LAST OF SEVERAL OCCURRENCES

COLUMN 17 PEAK WIND IN M.P.H.

PRELIMINARY LOCAL CLIMATOLOGICAL DATA (WS FORM: F-6) , PAGE 2

                                          STATION:  JOPLIN MO
                                          MONTH:    JULY
                                          YEAR:     2018
                                          LATITUDE:   37 10 N
                                          LONGITUDE:  94 30 W

[TEMPERATURE DATA]      [PRECIPITATION DATA]       SYMBOLS USED IN COLUMN 16

AVERAGE MONTHLY: 82.9   TOTAL FOR MONTH:   1.02    1 = FOG OR MIST
DPTR FM NORMAL:   3.1   DPTR FM NORMAL:   -1.28    2 = FOG REDUCING VISIBILITY
HIGHEST:    99 ON 11    GRTST 24HR  0.52 ON  1- 1      TO 1/4 MILE OR LESS
LOWEST:     65 ON  8                               3 = THUNDER
                        SNOW, ICE PELLETS, HAIL    4 = ICE PELLETS
                        TOTAL MONTH:    M          5 = HAIL
                        GRTST 24HR    M  ON   M    6 = FREEZING RAIN OR DRIZZLE
                        GRTST DEPTH:  M  ON   M    7 = DUSTSTORM OR SANDSTORM:
                                                       VSBY 1/2 MILE OR LESS
                                                   8 = SMOKE OR HAZE
[NO. OF DAYS WITH]      [WEATHER - DAYS WITH]      9 = BLOWING SNOW
                                                   X = TORNADO
MAX 32 OR BELOW:   0    0.01 INCH OR MORE:   5
MAX 90 OR ABOVE:  15    0.10 INCH OR MORE:   3
MIN 32 OR BELOW:   0    0.50 INCH OR MORE:   1
MIN  0 OR BELOW:   0    1.00 INCH OR MORE:   0

[HDD (BASE 65) ]
TOTAL THIS MO.     0    CLEAR  (SCALE 0-3)  16
DPTR FM NORMAL     0    PTCLDY (SCALE 4-7)   1
TOTAL FM JUL 1     0    CLOUDY (SCALE 8-10)  0
DPTR FM NORMAL     0

[CDD (BASE 65) ]
TOTAL THIS MO.   308
DPTR FM NORMAL    57    [PRESSURE DATA]
TOTAL FM JAN 1  1050    HIGHEST SLP M ON M
DPTR FM NORMAL   301    LOWEST  SLP 29.83 ON  1

[REMARKS]
