000
CXUS53 KBIS 190803
CF6JMS
PRELIMINARY LOCAL CLIMATOLOGICAL DATA (WS FORM: F-6)

                                          STATION:   JAMESTOWN ND
                                          MONTH:     JUNE
                                          YEAR:      2018
                                          LATITUDE:   46 55 N
                                          LONGITUDE:  98 40 W

  TEMPERATURE IN F:       :PCPN:    SNOW:  WIND      :SUNSHINE: SKY     :PK WND
================================================================================
1   2   3   4   5  6A  6B    7    8   9   10  11  12  13   14  15   16   17  18
                                     12Z  AVG MX 2MIN
DY MAX MIN AVG DEP HDD CDD  WTR  SNW DPTH SPD SPD DIR MIN PSBL S-S WX    SPD DR
================================================================================

 1  82  62  72  12   0   7 1.37    M    M 16.8 35 280   M    M   5 13     51 250
 2  64  52  58  -3   7   0    T    M    M 19.8 32 300   M    M   8        43 310
 3  74  49  62   1   3   0 0.00    M    M 14.9 25 310   M    M   0        36 300
 4  86  52  69   8   0   4 0.00    M    M  7.6 21  80   M    M   1        26  90
 5  90  59  75  13   0  10 0.27    M    M 11.9 46 320   M    M   1 138    63 320
 6  75  55  65   3   0   0    T    M    M 11.0 24 350   M    M   1        28 350
 7  79  52  66   4   0   1    T    M    M  9.6 20 130   M    M   2        23 140
 8  86  60  73  11   0   8 0.00    M    M 11.4 23 120   M    M   2 8      29 120
 9  93  63  78  15   0  13 0.00    M    M  8.8 18 200   M    M   2 8      24 220
10  87  63  75  12   0  10 0.05    M    M 20.7 32 140   M    M   1 13     42 140
11  68  53  61  -2   4   0 1.15    M    M 10.7 28 300   M    M   5 13     34  60
12  74  50  62  -2   3   0    T    M    M 10.1 23 320   M    M   3        30 320
13  81  52  67   3   0   2 0.00    M    M 10.2 22 210   M    M   1        30 210
14  88  58  73   9   0   8    T    M    M 14.8 29 140   M    M   2 3      35 140
15  86  67  77  13   0  12 0.01    M    M 15.4 29 170   M    M   2 3      40 170
16  80  62  71   6   0   6 0.10    M    M 14.5 30 340   M    M   5 13     39 340
17  75  57  66   1   0   1 0.13    M    M 10.7 23 360   M    M   8        29 360
18  78  52  65   0   0   0    T    M    M  9.1 18  30   M    M   1        26  60
================================================================================
SM 1446 1018        17  82  3.08    M    228.0          M       50
================================================================================
AV 80.3 56.6                              12.7 FASTST   M    M   3    MAX(MPH)
                                 MISC ---->  # 46 320               # 63  320
================================================================================
NOTES:
# LAST OF SEVERAL OCCURRENCES

COLUMN 17 PEAK WIND IN M.P.H.

PRELIMINARY LOCAL CLIMATOLOGICAL DATA (WS FORM: F-6) , PAGE 2

                                          STATION:  JAMESTOWN ND
                                          MONTH:    JUNE
                                          YEAR:     2018
                                          LATITUDE:   46 55 N
                                          LONGITUDE:  98 40 W

[TEMPERATURE DATA]      [PRECIPITATION DATA]       SYMBOLS USED IN COLUMN 16

AVERAGE MONTHLY: 68.4   TOTAL FOR MONTH:   3.08    1 = FOG OR MIST
DPTR FM NORMAL:   5.6   DPTR FM NORMAL:    1.21    2 = FOG REDUCING VISIBILITY
HIGHEST:    93 ON  9    GRTST 24HR  1.37 ON  1- 1      TO 1/4 MILE OR LESS
LOWEST:     49 ON  3                               3 = THUNDER
                        SNOW, ICE PELLETS, HAIL    4 = ICE PELLETS
                        TOTAL MONTH:    M          5 = HAIL
                        GRTST 24HR    M  ON   M    6 = FREEZING RAIN OR DRIZZLE
                        GRTST DEPTH:  M  ON   M    7 = DUSTSTORM OR SANDSTORM:
                                                       VSBY 1/2 MILE OR LESS
                                                   8 = SMOKE OR HAZE
[NO. OF DAYS WITH]      [WEATHER - DAYS WITH]      9 = BLOWING SNOW
                                                   X = TORNADO
MAX 32 OR BELOW:   0    0.01 INCH OR MORE:   7
MAX 90 OR ABOVE:   2    0.10 INCH OR MORE:   5
MIN 32 OR BELOW:   0    0.50 INCH OR MORE:   2
MIN  0 OR BELOW:   0    1.00 INCH OR MORE:   2

[HDD (BASE 65) ]
TOTAL THIS MO.    17    CLEAR  (SCALE 0-3)  13
DPTR FM NORMAL   -58    PTCLDY (SCALE 4-7)   5
TOTAL FM JUL 1  9080    CLOUDY (SCALE 8-10)  0
DPTR FM NORMAL    89

[CDD (BASE 65) ]
TOTAL THIS MO.    82
DPTR FM NORMAL    46    [PRESSURE DATA]
TOTAL FM JAN 1   156    HIGHEST SLP M ON M
DPTR FM NORMAL   100    LOWEST  SLP 29.44 ON 14

[REMARKS]
