000
CXUS53 KBIS 210803
CF6JMS
PRELIMINARY LOCAL CLIMATOLOGICAL DATA (WS FORM: F-6)

                                          STATION:   JAMESTOWN ND
                                          MONTH:     SEPTEMBER
                                          YEAR:      2018
                                          LATITUDE:   46 55 N
                                          LONGITUDE:  98 40 W

  TEMPERATURE IN F:       :PCPN:    SNOW:  WIND      :SUNSHINE: SKY     :PK WND
================================================================================
1   2   3   4   5  6A  6B    7    8   9   10  11  12  13   14  15   16   17  18
                                     12Z  AVG MX 2MIN
DY MAX MIN AVG DEP HDD CDD  WTR  SNW DPTH SPD SPD DIR MIN PSBL S-S WX    SPD DR
================================================================================

 1  77  48  63  -1   2   0    T    M    M  7.2 20 320   M    M   1 3      23 170
 2  71  49  60  -4   5   0 0.02    M    M  7.6 22 330   M    M   1        28 320
 3  78  44  61  -2   4   0 0.00    M    M 10.6 21 150   M    M   1        27 140
 4  71  52  62  -1   3   0 0.10    M    M  8.8 22 330   M    M   2 13     38 350
 5  68  47  58  -4   7   0 0.00    M    M  3.2  9  20   M    M   3 8      13  10
 6  75  45  60  -2   5   0 0.00    M    M  9.4 21 150   M    M   M        25 170
 7  78  54  66   5   0   1 0.07    M    M 14.3 24 140   M    M   3 13     30 150
 8  76  53  65   4   0   0 0.00    M    M 15.6 25 150   M    M   0        32 180
 9  79  54  67   7   0   2 0.11    M    M 12.3 20 180   M    M   4 13     25 170
10  79  55  67   7   0   2 0.00    M    M  4.5 10 120   M    M   0        14 130
11  82  56  69   9   0   4 0.00    M    M 12.7 23 320   M    M   2        29 170
12  73  50  62   3   3   0    T    M    M 11.5 24 160   M    M   2        33 150
13  71  60  66   7   0   1    T    M    M  8.2 24 170   M    M   8 1      31 170
14  72  50  61   3   4   0 0.01    M    M  8.4 23 290   M    M   5 3      32 290
15  70  56  63   5   2   0    T    M    M  9.5 15  80   M    M   9 18     21  90
16  83  56  70  13   0   5 0.00    M    M 15.4 28 230   M    M   M        36 210
17  63  44  54  -3  11   0    T    M    M  8.2 17 330   M    M   4        21  10
18  65  38  52  -4  13   0    T    M    M  5.0 15  30   M    M   0        20  30
19  67  44  56   0   9   0 0.00    M    M  7.3 14  30   M    M   3        20  60
20  51  41  46 -10  19   0 0.95    M    M 11.4 22 360   M    M   7 1      30 340
================================================================================
SM 1449  996        87  15  1.26    M    191.1          M       55
================================================================================
AV 72.5 49.8                               9.6 FASTST   M    M   3    MAX(MPH)
                                 MISC ---->  # 28 230               # 38  350
================================================================================
NOTES:
# LAST OF SEVERAL OCCURRENCES

COLUMN 17 PEAK WIND IN M.P.H.

PRELIMINARY LOCAL CLIMATOLOGICAL DATA (WS FORM: F-6) , PAGE 2

                                          STATION:  JAMESTOWN ND
                                          MONTH:    SEPTEMBER
                                          YEAR:     2018
                                          LATITUDE:   46 55 N
                                          LONGITUDE:  98 40 W

[TEMPERATURE DATA]      [PRECIPITATION DATA]       SYMBOLS USED IN COLUMN 16

AVERAGE MONTHLY: 61.1   TOTAL FOR MONTH:   1.26    1 = FOG OR MIST
DPTR FM NORMAL:   1.3   DPTR FM NORMAL:   -0.17    2 = FOG REDUCING VISIBILITY
HIGHEST:    83 ON 16    GRTST 24HR  0.95 ON 20-20      TO 1/4 MILE OR LESS
LOWEST:     38 ON 18                               3 = THUNDER
                        SNOW, ICE PELLETS, HAIL    4 = ICE PELLETS
                        TOTAL MONTH:    M          5 = HAIL
                        GRTST 24HR    M  ON   M    6 = FREEZING RAIN OR DRIZZLE
                        GRTST DEPTH:  M  ON   M    7 = DUSTSTORM OR SANDSTORM:
                                                       VSBY 1/2 MILE OR LESS
                                                   8 = SMOKE OR HAZE
[NO. OF DAYS WITH]      [WEATHER - DAYS WITH]      9 = BLOWING SNOW
                                                   X = TORNADO
MAX 32 OR BELOW:   0    0.01 INCH OR MORE:   6
MAX 90 OR ABOVE:   0    0.10 INCH OR MORE:   3
MIN 32 OR BELOW:   0    0.50 INCH OR MORE:   1
MIN  0 OR BELOW:   0    1.00 INCH OR MORE:   0

[HDD (BASE 65) ]
TOTAL THIS MO.    87    CLEAR  (SCALE 0-3)  10
DPTR FM NORMAL   -45    PTCLDY (SCALE 4-7)   6
TOTAL FM JUL 1   140    CLOUDY (SCALE 8-10)  2
DPTR FM NORMAL   -58

[CDD (BASE 65) ]
TOTAL THIS MO.    15
DPTR FM NORMAL   -13    [PRESSURE DATA]
TOTAL FM JAN 1   545    HIGHEST SLP M ON M
DPTR FM NORMAL   102    LOWEST  SLP 29.59 ON M

[REMARKS]
