000
CXUS53 KBIS 210830
CF6JMS
PRELIMINARY LOCAL CLIMATOLOGICAL DATA (WS FORM: F-6)

                                          STATION:   JAMESTOWN ND
                                          MONTH:     FEBRUARY
                                          YEAR:      2020
                                          LATITUDE:   46 55 N
                                          LONGITUDE:  98 40 W

  TEMPERATURE IN F:       :PCPN:    SNOW:  WIND      :SUNSHINE: SKY     :PK WND
================================================================================
1   2   3   4   5  6A  6B    7    8   9   10  11  12  13   14  15   16   17  18
                                     12Z  AVG MX 2MIN
DY MAX MIN AVG DEP HDD CDD  WTR  SNW DPTH SPD SPD DIR MIN PSBL S-S WX    SPD DR
================================================================================

 1  46  26  36  25  29   0 0.00    M    M 14.2 29 290   M    M   6        38 300
 2  44  27  36  25  29   0 0.00    M    M 17.2 29 320   M    M   3        39 270
 3  27  10  19   7  46   0 0.00    M    M 12.3 22 320   M    M   0        28 310
 4  21   2  12   0  53   0 0.00    M    M  5.4 13 190   M    M   3        16 190
 5  28  10  19   7  46   0 0.00    M    M 12.4 21 210   M    M   0        27 240
 6  17   2  10  -2  55   0    T    M    M 11.5 25 360   M    M   8 18     32 350
 7   7  -9  -1 -13  66   0 0.00    M    M  9.2 17 350   M    M   1        21 350
 8  35   1  18   5  47   0    T    M    M  5.4  9 100   M    M   8 1      12 110
 9  30  16  23  10  42   0 0.00    M    M  9.1 16 220   M    M   6 1      23 220
10  27  19  23  10  42   0    T    M    M 16.5 30 310   M    M   4 1      38 310
11  33  17  25  11  40   0    T    M    M 12.6 20 210   M    M   4 1      26 210
12  30 -14   8  -6  57   0    M    M    M 20.6 37  10   M    M   4 189    46  10
13   3 -15  -6 -20  71   0 0.00    M    M  7.9 14 170   M    M   0        17 170
14  27  -7  10  -5  55   0 0.00    M    M 16.4 29 180   M    M   2        38 170
15  30   6  18   3  47   0    T    M    M 12.3 25 310   M    M   3        32 310
16  19   5  12  -3  53   0 0.03    M    M 10.4 18 140   M    M   7 1      22 140
17  27  13  20   4  45   0 0.02    M    M 11.0 23 330   M    M   9 1      30 340
18  14  -6   4 -12  61   0    T    M    M 13.4 29 330   M    M   2 189    37 330
19   4 -11  -3 -19  68   0 0.00    M    M  7.6 13 330   M    M   1        17 300
20  29 -13   8  -9  57   0 0.00    M    M 10.7 20 240   M    M   0        26 210
================================================================================
SM  498   79      1009   0  0.05    M    236.1          M       71
================================================================================
AV 24.9  4.0                              11.8 FASTST   M    M   4    MAX(MPH)
                                 MISC ---->  # 37  10               # 46   10
================================================================================
NOTES:
# LAST OF SEVERAL OCCURRENCES

COLUMN 17 PEAK WIND IN M.P.H.

PRELIMINARY LOCAL CLIMATOLOGICAL DATA (WS FORM: F-6) , PAGE 2

                                          STATION:  JAMESTOWN ND
                                          MONTH:    FEBRUARY
                                          YEAR:     2020
                                          LATITUDE:   46 55 N
                                          LONGITUDE:  98 40 W

[TEMPERATURE DATA]      [PRECIPITATION DATA]       SYMBOLS USED IN COLUMN 16

AVERAGE MONTHLY: 14.4   TOTAL FOR MONTH:   0.05    1 = FOG OR MIST
DPTR FM NORMAL:   0.8   DPTR FM NORMAL:   -0.20    2 = FOG REDUCING VISIBILITY
HIGHEST:    46 ON  1    GRTST 24HR  0.03 ON 16-16      TO 1/4 MILE OR LESS
LOWEST:    -15 ON 13                               3 = THUNDER
                        SNOW, ICE PELLETS, HAIL    4 = ICE PELLETS
                        TOTAL MONTH:    M          5 = HAIL
                        GRTST 24HR    M  ON   M    6 = FREEZING RAIN OR DRIZZLE
                        GRTST DEPTH:  M  ON   M    7 = DUSTSTORM OR SANDSTORM:
                                                       VSBY 1/2 MILE OR LESS
                                                   8 = SMOKE OR HAZE
[NO. OF DAYS WITH]      [WEATHER - DAYS WITH]      9 = BLOWING SNOW
                                                   X = TORNADO
MAX 32 OR BELOW:  16    0.01 INCH OR MORE:   2
MAX 90 OR ABOVE:   0    0.10 INCH OR MORE:   0
MIN 32 OR BELOW:  20    0.50 INCH OR MORE:   0
MIN  0 OR BELOW:   7    1.00 INCH OR MORE:   0

[HDD (BASE 65) ]
TOTAL THIS MO.  1009    CLEAR  (SCALE 0-3)   8
DPTR FM NORMAL   -17    PTCLDY (SCALE 4-7)  10
TOTAL FM JUL 1  6379    CLOUDY (SCALE 8-10)  2
DPTR FM NORMAL    -9

[CDD (BASE 65) ]
TOTAL THIS MO.     0
DPTR FM NORMAL     0    [PRESSURE DATA]
TOTAL FM JAN 1     0    HIGHEST SLP M ON M
DPTR FM NORMAL     0    LOWEST  SLP 29.47 ON  1

[REMARKS]
