000
CXHW50 PHFO 181250
CF6JRF
PRELIMINARY LOCAL CLIMATOLOGICAL DATA (WS FORM: F-6)

                                          STATION:   KALAELOA ARPT/OAHU HI
                                          MONTH:     NOVEMBER
                                          YEAR:      2018
                                          LATITUDE:   21 19 N
                                          LONGITUDE: 158  4 W

  TEMPERATURE IN F:       :PCPN:    SNOW:  WIND      :SUNSHINE: SKY     :PK WND
================================================================================
1   2   3   4   5  6A  6B    7    8   9   10  11  12  13   14  15   16   17  18
                                     12Z  AVG MX 2MIN
DY MAX MIN AVG DEP HDD CDD  WTR  SNW DPTH SPD SPD DIR MIN PSBL S-S WX    SPD DR
================================================================================

 1   M   M   M   M   M   M    M    M    M   M   M   M   M    M   M         M  M
 2  87  73  80   2   0  15 0.03  0.0    M  5.5 10  40   M    M   M 1      18  80
 3  87  73  80   2   0  15    T  0.0    M  7.5 16  80   M    M   M        24  70
 4  87  73  80   2   0  15 0.00  0.0    M  7.4 15  70   M    M   M        24  60
 5  87  71  79   1   0  14    T  0.0    M  6.2 14  40   M    M   M        23  60
 6  86  70  78   0   0  13 0.00  0.0    M  5.5 14  80   M    M   M        21  80
 7  84  68  76  -2   0  11 0.00  0.0    M  4.9 14 140   M    M   M        18 150
 8  84  68  76  -1   0  11 0.00  0.0    M  5.1 10 160   M    M   M        14 120
 9  85  66  76  -1   0  11 0.00  0.0    M  5.2 13 280   M    M   M        17 280
10  82  71  77   0   0  12 0.06  0.0    M  9.4 18  30   M    M   M 1      31  10
11  84  69  77   0   0  12    T  0.0    M  7.4 15  20   M    M   M        25  30
12  84  68  76  -1   0  11    T  0.0    M  6.3 14  70   M    M   M        19  40
13  84  68  76  -1   0  11    T  0.0    M  6.2 14 120   M    M   M        22 120
14  83  68  76  -1   0  11 0.00  0.0    M  4.6 13 150   M    M   M        16 150
15  84  66  75  -1   0  10    T  0.0    M  4.5 12  50   M    M   M        17  40
16  84  69  77   1   0  12    T  0.0    M  5.4 13  40   M    M   M        20  40
17  82  71  77   1   0  12 0.05  0.0    M  7.0 15  60   M    M   M 1      25  60
================================================================================
SM 1354 1112         0 196  0.14     0.0  98.1          M        M
================================================================================
AV 84.6 69.5                               6.1 FASTST   M    M   0    MAX(MPH)
                                 MISC ---->  # 18  30               # 31   10
================================================================================
NOTES:
# LAST OF SEVERAL OCCURRENCES

COLUMN 17 PEAK WIND IN M.P.H.

PRELIMINARY LOCAL CLIMATOLOGICAL DATA (WS FORM: F-6) , PAGE 2

                                          STATION:  KALAELOA ARPT/OAHU HI
                                          MONTH:    NOVEMBER
                                          YEAR:     2018
                                          LATITUDE:   21 19 N
                                          LONGITUDE: 158  4 W

[TEMPERATURE DATA]      [PRECIPITATION DATA]       SYMBOLS USED IN COLUMN 16

AVERAGE MONTHLY: 77.1   TOTAL FOR MONTH:   0.14    1 = FOG OR MIST
DPTR FM NORMAL:  -0.2   DPTR FM NORMAL:   -0.98    2 = FOG REDUCING VISIBILITY
HIGHEST:    87 ON  5, 4 GRTST 24HR  0.06 ON 10-10      TO 1/4 MILE OR LESS
LOWEST:     66 ON 15, 9                            3 = THUNDER
                        SNOW, ICE PELLETS, HAIL    4 = ICE PELLETS
                        TOTAL MONTH:   0.0 INCH    5 = HAIL
                        GRTST 24HR     0.0         6 = FREEZING RAIN OR DRIZZLE
                        GRTST DEPTH:  M  ON   M    7 = DUSTSTORM OR SANDSTORM:
                                                       VSBY 1/2 MILE OR LESS
                                                   8 = SMOKE OR HAZE
[NO. OF DAYS WITH]      [WEATHER - DAYS WITH]      9 = BLOWING SNOW
                                                   X = TORNADO
MAX 32 OR BELOW:   0    0.01 INCH OR MORE:   3
MAX 90 OR ABOVE:   0    0.10 INCH OR MORE:   0
MIN 32 OR BELOW:   0    0.50 INCH OR MORE:   0
MIN  0 OR BELOW:   0    1.00 INCH OR MORE:   0

[HDD (BASE 65) ]
TOTAL THIS MO.     0    CLEAR  (SCALE 0-3)   0
DPTR FM NORMAL     0    PTCLDY (SCALE 4-7)   0
TOTAL FM JUL 1     0    CLOUDY (SCALE 8-10)  0
DPTR FM NORMAL     0

[CDD (BASE 65) ]
TOTAL THIS MO.   196
DPTR FM NORMAL   -12    [PRESSURE DATA]
TOTAL FM JAN 1  3943    HIGHEST SLP M ON M
DPTR FM NORMAL    92    LOWEST  SLP 29.82 ON  7

[REMARKS]
