000
CXUS55 KCTP 230700
CF6JST
PRELIMINARY LOCAL CLIMATOLOGICAL DATA (WS FORM: F-6)

                                          STATION:   JOHNSTOWN
                                          MONTH:     SEPTEMBER
                                          YEAR:      2018
                                          LATITUDE:   40 18 N
                                          LONGITUDE:  78 50 W

  TEMPERATURE IN F:       :PCPN:    SNOW:  WIND      :SUNSHINE: SKY     :PK WND
================================================================================
1   2   3   4   5  6A  6B    7    8   9   10  11  12  13   14  15   16   17  18
                                     12Z  AVG MX 2MIN
DY MAX MIN AVG DEP HDD CDD  WTR  SNW DPTH SPD SPD DIR MIN PSBL S-S WX    SPD DR
================================================================================

 1  80  67  74   9   0   9 0.05    M    M  7.8 15 170   M    M   6 13     19 180
 2  84  65  75  10   0  10 0.00    M    M  5.7 10 210   M    M   3        13 260
 3  86  67  77  12   0  12 0.00    M    M  4.5  9  60   M    M   1        12 270
 4  88  67  78  14   0  13 0.00    M    M  3.2 12 180   M    M   1 1      14 160
 5  86  70  78  14   0  13 0.00    M    M  6.0 20 170   M    M   2 3      23 170
 6  83  68  76  12   0  11    T    M    M  4.8 30 310   M    M   1 3      37 300
 7  80  65  73  10   0   8 0.15    M    M  3.2 13  30   M    M   5 123    15 330
 8  66  49  58  -5   7   0 1.63    M    M  8.9 16  60   M    M  10 12     23  60
 9  55  50  53  -9  12   0 2.73  0.0    0  9.9 17 110   M    M  10 1      28 110
10  62  53  58  -4   7   0 1.42    M    M  9.2 18 160   M    M  10 12     24 150
11  66  58  62   0   3   0 0.03    M    M  3.9 10 280   M    M  10 12     14 270
12  72  61  67   6   0   2    T    M    M  3.3 12 160   M    M   9        16 180
13  77  68  73  12   0   8    T    M    M  5.2 12 110   M    M   8 1      16 110
14  74  66  70   9   0   5 0.01    M    M  5.2 10 110   M    M  10 1      14 140
15  75  65  70  10   0   5 0.00    M    M  5.2 10  80   M    M   8 1      14 150
16  75  64  70  10   0   5 0.00    M    M  6.7 13 110   M    M   5 1      19 110
17  74  66  70  11   0   5 0.87    M    M  7.6 15 200   M    M  10 1      22 200
18  74  65  70  11   0   5 0.11    M    M  8.4 17 320   M    M   5 12     21 320
19   M   M   M   M   M   M    M    M    M   M   M   M   M    M   M 12      M  M
20  80  58  69  11   0   4 0.00    M    M  6.0 13 170   M    M   1        18 150
21  84  65  75  17   0  10 0.54    M    M 11.5 28 300   M    M   5 1      40 300
22  67  52  60   3   5   0    T    M    M  6.8 17 340   M    M   4        21 350
================================================================================
SM 1588 1309        34 125  7.54     0.0 133.0          M      124
================================================================================
AV 75.6 62.3                               6.3 FASTST   M    M   6    MAX(MPH)
                                 MISC ---->  # 30 310               # 40  300
================================================================================
NOTES:
# LAST OF SEVERAL OCCURRENCES

COLUMN 17 PEAK WIND IN M.P.H.

PRELIMINARY LOCAL CLIMATOLOGICAL DATA (WS FORM: F-6) , PAGE 2

                                          STATION:  JOHNSTOWN
                                          MONTH:    SEPTEMBER
                                          YEAR:     2018
                                          LATITUDE:   40 18 N
                                          LONGITUDE:  78 50 W

[TEMPERATURE DATA]      [PRECIPITATION DATA]       SYMBOLS USED IN COLUMN 16

AVERAGE MONTHLY: 69.0   TOTAL FOR MONTH:   7.54    1 = FOG OR MIST
DPTR FM NORMAL:   7.5   DPTR FM NORMAL:    5.03    2 = FOG REDUCING VISIBILITY
HIGHEST:    88 ON  4    GRTST 24HR  2.73 ON  9- 9      TO 1/4 MILE OR LESS
LOWEST:     49 ON  8                               3 = THUNDER
                        SNOW, ICE PELLETS, HAIL    4 = ICE PELLETS
                        TOTAL MONTH:   0.0 INCH    5 = HAIL
                        GRTST 24HR     0.0         6 = FREEZING RAIN OR DRIZZLE
                        GRTST DEPTH:   0           7 = DUSTSTORM OR SANDSTORM:
                                                       VSBY 1/2 MILE OR LESS
                                                   8 = SMOKE OR HAZE
[NO. OF DAYS WITH]      [WEATHER - DAYS WITH]      9 = BLOWING SNOW
                                                   X = TORNADO
MAX 32 OR BELOW:   0    0.01 INCH OR MORE:  10
MAX 90 OR ABOVE:   0    0.10 INCH OR MORE:   7
MIN 32 OR BELOW:   0    0.50 INCH OR MORE:   5
MIN  0 OR BELOW:   0    1.00 INCH OR MORE:   3

[HDD (BASE 65) ]
TOTAL THIS MO.    34    CLEAR  (SCALE 0-3)   6
DPTR FM NORMAL   -69    PTCLDY (SCALE 4-7)   7
TOTAL FM JUL 1    44    CLOUDY (SCALE 8-10)  8
DPTR FM NORMAL  -101

[CDD (BASE 65) ]
TOTAL THIS MO.   125
DPTR FM NORMAL   103    [PRESSURE DATA]
TOTAL FM JAN 1   665    HIGHEST SLP M ON M
DPTR FM NORMAL   283    LOWEST  SLP 29.76 ON 18

[REMARKS]
