000
CXUS51 KCTP 190831
CF6JST

PRELIMINARY LOCAL CLIMATOLOGICAL DATA (WS FORM: F-6)

                                          STATION:   JOHNSTOWN
                                          MONTH:     OCTOBER
                                          YEAR:      2019
                                          LATITUDE:   40 18 N
                                          LONGITUDE:  78 50 W

  TEMPERATURE IN F:       :PCPN:    SNOW:  WIND      :SUNSHINE: SKY     :PK WND
================================================================================
1   2   3   4   5  6A  6B    7    8   9   10  11  12  13   14  15   16   17  18
                                     12Z  AVG MX 2MIN
DY MAX MIN AVG DEP HDD CDD  WTR  SNW DPTH SPD SPD DIR MIN PSBL S-S WX    SPD DR
================================================================================

 1  84  63  74  20   0   9 0.00    M    M  7.8 18 260   M    M   4 12     25 240
 2  82  68  75  21   0  10 0.01    M    M  8.5 20 300   M    M   3 1      26 310
 3  83  63  73  20   0   8 0.78    M    M  8.6 21 320   M    M   8 1      27 230
 4  63  41  52  -1  13   0 0.00    M    M 10.8 21 300   M    M   6        26 300
 5  55  37  46  -7  19   0 0.00    M    M 10.6 20 160   M    M   3        27 160
 6  66  52  59   7   6   0 0.22    M    M  9.4 18 170   M    M   9 1      25 180
 7  63  49  56   4   9   0 0.46    M    M  5.3 16 360   M    M   9 12     28  80
 8  60  47  54   2  11   0 0.00    M    M  6.0 14  60   M    M   3 12     20  60
 9  64  45  55   3  10   0 0.00    M    M  4.8  9 130   M    M   0        14 120
10  68  41  55   4  10   0 0.00    M    M  3.9 10 160   M    M   0        13 130
11  70  47  59   8   6   0 0.00    M    M  3.1  8 180   M    M   0        11  60
12  59  40  50  -1  15   0 0.01    M    M  8.9 21 280   M    M   5 1      27 240
13  61  32  47  -3  18   0 0.00    M    M  7.0 16 160   M    M   0 12     21 170
14  59  43  51   1  14   0 0.00    M    M  9.1 20 250   M    M   0        26 260
15  63  38  51   1  14   0 0.00    M    M  6.6 17 160   M    M   0        23 160
16  55  41  48  -2  17   0 0.31    M    M 14.0 25 260   M    M   8 1      38 270
17  43  39  41  -8  24   0 0.09    M    M 21.1 32 280   M    M  10 1      47 260
18  48  37  43  -6  22   0 0.00    M    M 10.2 20 300   M    M   7        27 310
================================================================================
SM 1146  823       208  27  1.88    M    155.7          M       75
================================================================================
AV 63.7 45.7                               8.6 FASTST   M    M   4    MAX(MPH)
                                 MISC ---->    32 280                 47 260
================================================================================
NOTES:
# LAST OF SEVERAL OCCURRENCES

COLUMN 17 PEAK WIND IN M.P.H.

PRELIMINARY LOCAL CLIMATOLOGICAL DATA (WS FORM: F-6) , PAGE 2

                                          STATION:   JOHNSTOWN
                                          MONTH:     OCTOBER
                                          YEAR:      2019
                                          LATITUDE:   40 18 N
                                          LONGITUDE:  78 50 W

[TEMPERATURE DATA]      [PRECIPITATION DATA]       SYMBOLS USED IN COLUMN 16

AVERAGE MONTHLY: 54.7   TOTAL FOR MONTH:   1.88    1 = FOG OR MIST
DPTR FM NORMAL:   3.3   DPTR FM NORMAL:    0.04    2 = FOG REDUCING VISIBILITY
HIGHEST:    84 ON  1    GRTST 24HR  0.79 ON  2- 3      TO 1/4 MILE OR LESS
LOWEST:     32 ON 13                               3 = THUNDER
                        SNOW, ICE PELLETS, HAIL    4 = ICE PELLETS
                        TOTAL MONTH:  M            5 = HAIL
                        GRTST 24HR    M  ON   M    6 = FREEZING RAIN OR DRIZZLE
                        GRTST DEPTH:  M  ON   M    7 = DUSTSTORM OR SANDSTORM:
                                                       VSBY 1/2 MILE OR LESS
                                                   8 = SMOKE OR HAZE
[NO. OF DAYS WITH]      [WEATHER - DAYS WITH]      9 = BLOWING SNOW
                                                   X = TORNADO
MAX 32 OR BELOW:   0    0.01 INCH OR MORE:   7
MAX 90 OR ABOVE:   0    0.10 INCH OR MORE:   4
MIN 32 OR BELOW:   1    0.50 INCH OR MORE:   1
MIN  0 OR BELOW:   0    1.00 INCH OR MORE:   0

[HDD (BASE 65) ]
TOTAL THIS MO.   208    CLEAR  (SCALE 0-3)   7
DPTR FM NORMAL   -38    PTCLDY (SCALE 4-7)   8
TOTAL FM JUL 1   268    CLOUDY (SCALE 8-10)  3
DPTR FM NORMAL  -200

[CDD (BASE 65) ]
TOTAL THIS MO.    27
DPTR FM NORMAL    27    [PRESSURE DATA]
TOTAL FM JAN 1   564    HIGHEST SLP M ON M
DPTR FM NORMAL   179    LOWEST  SLP 29.59 ON 16

[REMARKS]
NEW PROGRAM, MANUAL COPY
