000
CXUS54 KFWD 230730
CF6JWY
PRELIMINARY LOCAL CLIMATOLOGICAL DATA (WS FORM: F-6)

                                          STATION:   WAXAHACHIE
                                          MONTH:     JANUARY
                                          YEAR:      2019
                                          LATITUDE:   32 27 N
                                          LONGITUDE:  96 54 W

  TEMPERATURE IN F:       :PCPN:    SNOW:  WIND      :SUNSHINE: SKY     :PK WND
================================================================================
1   2   3   4   5  6A  6B    7    8   9   10  11  12  13   14  15   16   17  18
                                     12Z  AVG MX 2MIN
DY MAX MIN AVG DEP HDD CDD  WTR  SNW DPTH SPD SPD DIR MIN PSBL S-S WX    SPD DR
================================================================================

 1  42  36  39  -5  26   0 0.00  0.0    0 12.1 17 340   M    M   9        21 330
 2  37  32  35  -9  30   0 0.94  0.0    0  8.7 17 340   M    M  10 1       M  M
 3  39  34  37  -7  28   0 0.46    M    0  9.0 14 280   M    M  10 1      17 280
 4  59  36  48   4  17   0 0.00  0.0    0  7.4 16 290   M    M   6        21 290
 5  71  38  55  11  10   0 0.00  0.0    0  3.1  8 180   M    M   1         M  M
 6  64  42  53   9  12   0 0.00  0.0    0 10.3 21 170   M    M   3        29 170
 7  75  55  65  21   0   0 0.00  0.0    0 10.3 17 170   M    M   3        24 170
 8  67  47  57  13   8   0 0.00  0.0    0  8.8 17 330   M    M   0        24  20
 9  57  43  50   6  15   0 0.00  0.0    0  6.7 16  10   M    M   0        22  10
10  51  37  44   0  21   0 0.00  0.0    0  2.9  8 140   M    M   7         M  M
11  54  42  48   4  17   0 0.30  0.0    0  6.8 14 150   M    M  10        17 150
12  55  41  48   4  17   0 0.03  0.0    0 13.3 17 340   M    M   9        24 280
13  42  35  39  -5  26   0 0.00  0.0    0 10.4 15 330   M    M  10        18 330
14  47  33  40  -4  25   0 0.00  0.0    0  2.0  7 350   M    M   6         M  M
15  48  33  41  -3  24   0 0.00  0.0    0  3.7  8 150   M    M  10 1       M  M
16  60  42  51   7  14   0 0.00  0.0    0  8.2 17 170   M    M   9 1      22 170
17  59  41  50   5  15   0 0.00  0.0    0  9.0 18 310   M    M   5        27 200
18  68  39  54   9  11   0 0.00  0.0    0 10.4 21 170   M    M   6 1      30 180
19  61  31  46   1  19   0 0.00  0.0    0 20.3 30 310   M    M   5        41 310
20  46  24  35 -10  30   0 0.00  0.0    0  3.5 17 330   M    M   0         M  M
21  58  33  46   1  19   0 0.00  0.0    0 12.5 23 150   M    M   1        30 160
22  62  38  50   5  15   0 0.01    M    0 15.0 25 310   M    M  10        35 310
================================================================================
SM 1222  832       399   0  1.74     0.0 194.4          M      130
================================================================================
AV 55.6 37.8                               8.8 FASTST   M    M   6    MAX(MPH)
                                 MISC ---->  # 30 310               # 41  310
================================================================================
NOTES:
# LAST OF SEVERAL OCCURRENCES

COLUMN 17 PEAK WIND IN M.P.H.

PRELIMINARY LOCAL CLIMATOLOGICAL DATA (WS FORM: F-6) , PAGE 2

                                          STATION:  WAXAHACHIE
                                          MONTH:    JANUARY
                                          YEAR:     2019
                                          LATITUDE:   32 27 N
                                          LONGITUDE:  96 54 W

[TEMPERATURE DATA]      [PRECIPITATION DATA]       SYMBOLS USED IN COLUMN 16

AVERAGE MONTHLY: 46.7   TOTAL FOR MONTH:   1.74    1 = FOG OR MIST
DPTR FM NORMAL:   2.4   DPTR FM NORMAL:    0.22    2 = FOG REDUCING VISIBILITY
HIGHEST:    75 ON  7    GRTST 24HR  0.94 ON  2- 2      TO 1/4 MILE OR LESS
LOWEST:     24 ON 20                               3 = THUNDER
                        SNOW, ICE PELLETS, HAIL    4 = ICE PELLETS
                        TOTAL MONTH:   0.0 INCH    5 = HAIL
                        GRTST 24HR     0.0         6 = FREEZING RAIN OR DRIZZLE
                        GRTST DEPTH:   0           7 = DUSTSTORM OR SANDSTORM:
                                                       VSBY 1/2 MILE OR LESS
                                                   8 = SMOKE OR HAZE
[NO. OF DAYS WITH]      [WEATHER - DAYS WITH]      9 = BLOWING SNOW
                                                   X = TORNADO
MAX 32 OR BELOW:   0    0.01 INCH OR MORE:   5
MAX 90 OR ABOVE:   0    0.10 INCH OR MORE:   3
MIN 32 OR BELOW:   3    0.50 INCH OR MORE:   1
MIN  0 OR BELOW:   0    1.00 INCH OR MORE:   0

[HDD (BASE 65) ]
TOTAL THIS MO.   399    CLEAR  (SCALE 0-3)   6
DPTR FM NORMAL   -57    PTCLDY (SCALE 4-7)   7
TOTAL FM JUL 1  1415    CLOUDY (SCALE 8-10)  9
DPTR FM NORMAL   -32

[CDD (BASE 65) ]
TOTAL THIS MO.     0
DPTR FM NORMAL     0    [PRESSURE DATA]
TOTAL FM JAN 1     0    HIGHEST SLP M ON M
DPTR FM NORMAL     0    LOWEST  SLP M ON M

[REMARKS]
