000
CXUS54 KFWD 200730
CF6JWY
PRELIMINARY LOCAL CLIMATOLOGICAL DATA (WS FORM: F-6)

                                          STATION:   WAXAHACHIE
                                          MONTH:     OCTOBER
                                          YEAR:      2020
                                          LATITUDE:   32 27 N
                                          LONGITUDE:  96 54 W

  TEMPERATURE IN F:       :PCPN:    SNOW:  WIND      :SUNSHINE: SKY     :PK WND
================================================================================
1   2   3   4   5  6A  6B    7    8   9   10  11  12  13   14  15   16   17  18
                                     12Z  AVG MX 2MIN
DY MAX MIN AVG DEP HDD CDD  WTR  SNW DPTH SPD SPD DIR MIN PSBL S-S WX    SPD DR
================================================================================

 1  83  57  70  -1   0   5 0.00  0.0    0  6.5 13  30   M    M   0        18  50
 2  78  53  66  -5   0   1 0.00  0.0    0  2.2  6 110   M    M   0         M  M
 3  83  54  69  -1   0   4 0.00  0.0    0  4.3 10 170   M    M   0        16 170
 4  78  58  68  -2   0   3 0.00  0.0    0  3.5 10  30   M    M   2        17  20
 5  80  51  66  -4   0   1 0.00  0.0    0  1.8  6 160   M    M   0         M  M
 6  87  55  71   1   0   6 0.00  0.0    0  2.3 10 190   M    M   1         M  M
 7  88  58  73   4   0   8 0.00  0.0    0  1.8  7 150   M    M   0 1       M  M
 8  87  58  73   4   0   8 0.00  0.0    0  1.4  7 160   M    M   2         M  M
 9  85  65  75   7   0  10 0.00  0.0    0  3.3  8  80   M    M   7 1       M  M
10  87  60  74   6   0   9 0.00  0.0    0  1.1  7 190   M    M   3 12      M  M
11  96  67  82  14   0  17 0.00  0.0    0  7.3 15 190   M    M   0        21 180
12  82  52  67  -1   0   2 0.00  0.0    0  8.7 16  10   M    M   1 8      24  10
13  83  47  65  -2   0   0 0.00  0.0    0  0.6  6 170   M    M   0         M  M
14  91  55  73   6   0   8 0.00  0.0    0  7.9 17 180   M    M   1        22 180
15  78  64  71   4   0   6 0.00  0.0    0  8.6 16  10   M    M   6        29  10
16  71  52  62  -4   3   0 0.00  0.0    0  5.8 13  60   M    M   2        22  30
17  77  47  62  -4   3   0 0.00  0.0    0  7.0 15 200   M    M   6        23 170
18  89  61  75   9   0  10 0.00  0.0    0 12.1 20 170   M    M   7        29 180
19  68  56  62  -3   3   0 0.00  0.0    0  4.9  9 340   M    M   7         M  M
================================================================================
SM 1571 1070         9  98  0.00     0.0  91.1          M       45
================================================================================
AV 82.7 56.3                               4.8 FASTST   M    M   2    MAX(MPH)
                                 MISC ---->  # 20 170               # 29   10
================================================================================
NOTES:
# LAST OF SEVERAL OCCURRENCES

COLUMN 17 PEAK WIND IN M.P.H.

PRELIMINARY LOCAL CLIMATOLOGICAL DATA (WS FORM: F-6) , PAGE 2

                                          STATION:  WAXAHACHIE
                                          MONTH:    OCTOBER
                                          YEAR:     2020
                                          LATITUDE:   32 27 N
                                          LONGITUDE:  96 54 W

[TEMPERATURE DATA]      [PRECIPITATION DATA]       SYMBOLS USED IN COLUMN 16

AVERAGE MONTHLY: 69.5   TOTAL FOR MONTH:   0.00    1 = FOG OR MIST
DPTR FM NORMAL:   1.3   DPTR FM NORMAL:   -2.57    2 = FOG REDUCING VISIBILITY
HIGHEST:    96 ON 11    GRTST 24HR  0.00 ON 19-19      TO 1/4 MILE OR LESS
LOWEST:     47 ON 17,13                            3 = THUNDER
                        SNOW, ICE PELLETS, HAIL    4 = ICE PELLETS
                        TOTAL MONTH:   0.0 INCH    5 = HAIL
                        GRTST 24HR     0.0         6 = FREEZING RAIN OR DRIZZLE
                        GRTST DEPTH:   0           7 = DUSTSTORM OR SANDSTORM:
                                                       VSBY 1/2 MILE OR LESS
                                                   8 = SMOKE OR HAZE
[NO. OF DAYS WITH]      [WEATHER - DAYS WITH]      9 = BLOWING SNOW
                                                   X = TORNADO
MAX 32 OR BELOW:   0    0.01 INCH OR MORE:   0
MAX 90 OR ABOVE:   2    0.10 INCH OR MORE:   0
MIN 32 OR BELOW:   0    0.50 INCH OR MORE:   0
MIN  0 OR BELOW:   0    1.00 INCH OR MORE:   0

[HDD (BASE 65) ]
TOTAL THIS MO.     9    CLEAR  (SCALE 0-3)  14
DPTR FM NORMAL   -21    PTCLDY (SCALE 4-7)   5
TOTAL FM JUL 1    13    CLOUDY (SCALE 8-10)  0
DPTR FM NORMAL   -24

[CDD (BASE 65) ]
TOTAL THIS MO.    98
DPTR FM NORMAL     8    [PRESSURE DATA]
TOTAL FM JAN 1  2448    HIGHEST SLP M ON M
DPTR FM NORMAL    63    LOWEST  SLP M ON M

[REMARKS]
