000
CXUS53 KGRR 011017
CF6JXN
PRELIMINARY LOCAL CLIMATOLOGICAL DATA (WS FORM: F-6)

                                          STATION:   JACKSON
                                          MONTH:     MAY
                                          YEAR:      2020
                                          LATITUDE:   42 16 N
                                          LONGITUDE:  84 28 W

  TEMPERATURE IN F:       :PCPN:    SNOW:  WIND      :SUNSHINE: SKY     :PK WND
================================================================================
1   2   3   4   5  6A  6B    7    8   9   10  11  12  13   14  15   16   17  18
                                     12Z  AVG MX 2MIN
DY MAX MIN AVG DEP HDD CDD  WTR  SNW DPTH SPD SPD DIR MIN PSBL S-S WX    SPD DR
================================================================================

 1  65  40  53   0  12   0 0.00    M    M  7.2 16 330   M    M   2        24 330
 2  77  50  64  10   1   0 0.00    M    M 10.6 23 240   M    M   4        35 240
 3  72  50  61   7   4   0 0.00    M    M  8.1 20 250   M    M   1        31 280
 4  58  38  48  -6  17   0 0.00    M    M  6.3 15 340   M    M   2        22 350
 5  50  39  45  -9  20   0 0.00    M    M 10.2 21  90   M    M   6        34  80
 6  60  34  47  -8  18   0 0.00    M    M  7.2 17  10   M    M   1        28 320
 7  62  36  49  -6  16   0 0.00    M    M 10.3 28 250   M    M   1        43 250
 8  44  28  36 -19  29   0 0.00    M    M 10.4 18 340   M    M   7        31 270
 9  51  24  38 -18  27   0 0.00    M    M 10.5 25 250   M    M   4        39 270
10  56  34  45 -11  20   0 0.41    M    M 10.4 31 220   M    M  10 1      46 220
11  44  30  37 -19  28   0 0.01    M    M  9.0 17 290   M    M   8        28 270
12  58  28  43 -13  22   0 0.00    M    M  8.1 20 270   M    M   2        33 290
13  63  29  46 -11  19   0 0.00    M    M  6.5 18 100   M    M   0        25 100
14  65  46  56  -1   9   0 0.52    M    M  8.2 17 220   M    M   9 13     25 200
15  70  56  63   6   2   0 0.88    M    M  7.5 18 200   M    M   6 13     27 200
16  70  52  61   3   4   0 0.00    M    M  6.6 14  70   M    M   6 1      21  80
17  59  53  56  -2   9   0 0.38    M    M 12.1 18  70   M    M   9 1      29  90
18  63  55  59   1   6   0 2.22    M    M 11.8 20  80   M    M  10 13     29  70
19  63  55  59   0   6   0 0.02    M    M 11.5 25  70   M    M   9 18     36  60
20  67  49  58  -1   7   0 0.00    M    M  9.2 20  80   M    M   4        26  80
21  68  53  61   2   4   0 0.00    M    M  8.5 16 100   M    M   8        22 100
22  69  55  62   2   3   0 0.03    M    M  4.1 12 100   M    M   9 1      17 100
23  75  56  66   6   0   1 0.00    M    M  5.4 14 110   M    M   5 1      19 100
24  85  60  73  13   0   8 0.00    M    M  7.8 21 210   M    M   3        27 240
25  86  62  74  14   0   9 0.00    M    M  5.9 17 160   M    M   1 1      26 140
26  88  64  76  15   0  11 0.01    M    M  4.9 23 170   M    M   1 3      31 160
27  83  65  74  13   0   9 0.04    M    M  5.7 24 190   M    M   3 13     33 210
28  77  66  72  10   0   7 0.34    M    M  6.8 15 220   M    M   8 1      22 210
29  71  55  63   1   2   0 0.06    M    M  6.5 17 300   M    M   6 1      26 310
30  67  49  58  -4   7   0 0.00    M    M  7.9 17 290   M    M   3        27 260
31  64  42  53 -10  12   0 0.00    M    M  4.8 13 340   M    M   0        19  20
================================================================================
SM 2050 1453       304  45  4.92    M    250.0          M      148
================================================================================
AV 66.1 46.9                               8.1 FASTST   M    M   5    MAX(MPH)
                                 MISC ---->  # 31 220               # 46  220
================================================================================
NOTES:
# LAST OF SEVERAL OCCURRENCES

COLUMN 17 PEAK WIND IN M.P.H.

PRELIMINARY LOCAL CLIMATOLOGICAL DATA (WS FORM: F-6) , PAGE 2

                                          STATION:  JACKSON
                                          MONTH:    MAY
                                          YEAR:     2020
                                          LATITUDE:   42 16 N
                                          LONGITUDE:  84 28 W

[TEMPERATURE DATA]      [PRECIPITATION DATA]       SYMBOLS USED IN COLUMN 16

AVERAGE MONTHLY: 56.5   TOTAL FOR MONTH:   4.92    1 = FOG OR MIST
DPTR FM NORMAL:  -1.3   DPTR FM NORMAL:    1.61    2 = FOG REDUCING VISIBILITY
HIGHEST:    88 ON 26    GRTST 24HR  2.22 ON 18-18      TO 1/4 MILE OR LESS
LOWEST:     24 ON  9                               3 = THUNDER
                        SNOW, ICE PELLETS, HAIL    4 = ICE PELLETS
                        TOTAL MONTH:    M          5 = HAIL
                        GRTST 24HR    M  ON   M    6 = FREEZING RAIN OR DRIZZLE
                        GRTST DEPTH:  M  ON   M    7 = DUSTSTORM OR SANDSTORM:
                                                       VSBY 1/2 MILE OR LESS
                                                   8 = SMOKE OR HAZE
[NO. OF DAYS WITH]      [WEATHER - DAYS WITH]      9 = BLOWING SNOW
                                                   X = TORNADO
MAX 32 OR BELOW:   0    0.01 INCH OR MORE:  12
MAX 90 OR ABOVE:   0    0.10 INCH OR MORE:   6
MIN 32 OR BELOW:   5    0.50 INCH OR MORE:   3
MIN  0 OR BELOW:   0    1.00 INCH OR MORE:   1

[HDD (BASE 65) ]
TOTAL THIS MO.   304    CLEAR  (SCALE 0-3)  12
DPTR FM NORMAL    48    PTCLDY (SCALE 4-7)  10
TOTAL FM JUL 1  6230    CLOUDY (SCALE 8-10)  9
DPTR FM NORMAL  -372

[CDD (BASE 65) ]
TOTAL THIS MO.    45
DPTR FM NORMAL    14    [PRESSURE DATA]
TOTAL FM JAN 1    45    HIGHEST SLP 30.37 ON 31
DPTR FM NORMAL     8    LOWEST  SLP 29.76 ON  2

[REMARKS]
#FINAL-05-20#
