000
CXUS53 KGRR 231017
CF6JXN
PRELIMINARY LOCAL CLIMATOLOGICAL DATA (WS FORM: F-6)

                                          STATION:   JACKSON
                                          MONTH:     SEPTEMBER
                                          YEAR:      2018
                                          LATITUDE:   42 16 N
                                          LONGITUDE:  84 28 W

  TEMPERATURE IN F:       :PCPN:    SNOW:  WIND      :SUNSHINE: SKY     :PK WND
================================================================================
1   2   3   4   5  6A  6B    7    8   9   10  11  12  13   14  15   16   17  18
                                     12Z  AVG MX 2MIN
DY MAX MIN AVG DEP HDD CDD  WTR  SNW DPTH SPD SPD DIR MIN PSBL S-S WX    SPD DR
================================================================================

 1  87  67  77  10   0  12 3.04    M    M  6.8 22  70   M    M   3 13     39  70
 2  88  71  80  13   0  15 0.04    M    M  8.3 20 190   M    M   3 1      24 200
 3  87  70  79  12   0  14 0.39    M    M  5.0 26 220   M    M   2 13     33 220
 4  90  70  80  14   0  15 0.00    M    M  5.9 14 220   M    M   1        19 190
 5  90  70  80  14   0  15 0.48    M    M  8.3 35 220   M    M   2 138    44 210
 6  72  63  68   2   0   3 0.05    M    M  6.3 13  30   M    M   8 1      17  30
 7  69  58  64  -1   1   0 0.02    M    M  6.7 13  30   M    M   3        16  50
 8  66  55  61  -4   4   0 0.00    M    M 10.6 18  40   M    M   0        26  40
 9  62  54  58  -7   7   0 0.02    M    M 11.5 21  40   M    M   6 18     28  50
10  65  54  60  -4   5   0 0.01    M    M  7.0 15  20   M    M   9 1      21  20
11  76  49  63  -1   2   0 0.00    M    M  2.1  8  70   M    M   2 12     11 110
12  76  49  63   0   2   0 0.00    M    M  2.6 10 170   M    M   2 12     13  90
13  79  55  67   4   0   2 0.00    M    M  3.9 10  80   M    M   7 12     15  40
14  82  60  71   8   0   6 0.00    M    M  2.3  9 360   M    M   5 12     11 350
15  86  58  72  10   0   7 0.00    M    M  3.0 10  30   M    M   4 12     14  40
16  85  61  73  11   0   8 0.00    M    M  5.8 15  90   M    M   2 12     19  80
17  88  63  76  15   0  11 0.00    M    M  2.2  8  40   M    M   2 12     12  10
18  88  59  74  13   0   9 0.00    M    M  5.5 15 320   M    M   2 1238   21 290
19  78  63  71  11   0   6 0.00    M    M  5.2 12 110   M    M   4 1      17 120
20  84  64  74  14   0   9 0.06    M    M  8.2 14  90   M    M   4 1      19  80
21  80  58  69   9   0   4 0.01    M    M 15.3 30 210   M    M   3        36 200
22  62  45  54  -5  11   0 0.00    M    M  4.5 14 320   M    M   3 1      20 320
================================================================================
SM 1740 1316        32 136  4.12    M    137.0          M       77
================================================================================
AV 79.1 59.8                               6.2 FASTST   M    M   4    MAX(MPH)
                                 MISC ---->  # 35 220               # 44  210
================================================================================
NOTES:
# LAST OF SEVERAL OCCURRENCES

COLUMN 17 PEAK WIND IN M.P.H.

PRELIMINARY LOCAL CLIMATOLOGICAL DATA (WS FORM: F-6) , PAGE 2

                                          STATION:  JACKSON
                                          MONTH:    SEPTEMBER
                                          YEAR:     2018
                                          LATITUDE:   42 16 N
                                          LONGITUDE:  84 28 W

[TEMPERATURE DATA]      [PRECIPITATION DATA]       SYMBOLS USED IN COLUMN 16

AVERAGE MONTHLY: 69.5   TOTAL FOR MONTH:   4.12    1 = FOG OR MIST
DPTR FM NORMAL:   6.0   DPTR FM NORMAL:    1.56    2 = FOG REDUCING VISIBILITY
HIGHEST:    90 ON  5, 4 GRTST 24HR  3.04 ON  1- 1      TO 1/4 MILE OR LESS
LOWEST:     45 ON 22                               3 = THUNDER
                        SNOW, ICE PELLETS, HAIL    4 = ICE PELLETS
                        TOTAL MONTH:    M          5 = HAIL
                        GRTST 24HR    M  ON   M    6 = FREEZING RAIN OR DRIZZLE
                        GRTST DEPTH:  M  ON   M    7 = DUSTSTORM OR SANDSTORM:
                                                       VSBY 1/2 MILE OR LESS
                                                   8 = SMOKE OR HAZE
[NO. OF DAYS WITH]      [WEATHER - DAYS WITH]      9 = BLOWING SNOW
                                                   X = TORNADO
MAX 32 OR BELOW:   0    0.01 INCH OR MORE:  10
MAX 90 OR ABOVE:   2    0.10 INCH OR MORE:   3
MIN 32 OR BELOW:   0    0.50 INCH OR MORE:   1
MIN  0 OR BELOW:   0    1.00 INCH OR MORE:   1

[HDD (BASE 65) ]
TOTAL THIS MO.    32    CLEAR  (SCALE 0-3)  13
DPTR FM NORMAL   -54    PTCLDY (SCALE 4-7)   8
TOTAL FM JUL 1    32    CLOUDY (SCALE 8-10)  1
DPTR FM NORMAL   -89

[CDD (BASE 65) ]
TOTAL THIS MO.   136
DPTR FM NORMAL    85    [PRESSURE DATA]
TOTAL FM JAN 1   903    HIGHEST SLP M ON M
DPTR FM NORMAL   323    LOWEST  SLP 29.71 ON 21

[REMARKS]
