000
CXUS53 KGRR 201017
CF6JXN
PRELIMINARY LOCAL CLIMATOLOGICAL DATA (WS FORM: F-6)

                                          STATION:   JACKSON
                                          MONTH:     JUNE
                                          YEAR:      2018
                                          LATITUDE:   42 16 N
                                          LONGITUDE:  84 28 W

  TEMPERATURE IN F:       :PCPN:    SNOW:  WIND      :SUNSHINE: SKY     :PK WND
================================================================================
1   2   3   4   5  6A  6B    7    8   9   10  11  12  13   14  15   16   17  18
                                     12Z  AVG MX 2MIN
DY MAX MIN AVG DEP HDD CDD  WTR  SNW DPTH SPD SPD DIR MIN PSBL S-S WX    SPD DR
================================================================================

 1  83  63  73  10   0   8 0.60    M    M  5.6 20 290   M    M   3 1      25  70
 2  68  55  62  -1   3   0 0.00    M    M  6.7 15  20   M    M   9        23  10
 3  72  61  67   3   0   2 0.36    M    M  8.7 22 240   M    M   7 13     29 250
 4  70  57  64   0   1   0 0.12    M    M 10.7 24 320   M    M   4 1      33 330
 5  71  54  63  -1   2   0 0.01    M    M  6.7 16 340   M    M   4 1      21 310
 6  72  44  58  -7   7   0 0.00    M    M  3.3 12 210   M    M   1 1      15 200
 7  83  60  72   7   0   7 0.00    M    M  4.4  9 350   M    M   2        15  20
 8  82  61  72   7   0   7 0.00    M    M  5.6 10 130   M    M   4        14 110
 9  73  62  68   2   0   3 0.57    M    M  8.1 16  80   M    M   9 138    21  90
10  69  60  65  -1   0   0 0.01    M    M  7.5 14  60   M    M  10 1      22  70
11  78  59  69   3   0   4 0.00    M    M 10.1 20  80   M    M   4        24  80
12  74  60  67   0   0   2 0.00    M    M  4.5 10 150   M    M   7 128    25 340
13  80  57  69   2   0   4    T    M    M  8.3 20 260   M    M   5 128    28 260
14  83  50  67   0   0   2 0.00    M    M  5.4 12 300   M    M   0        18 290
15  84  59  72   4   0   7 0.00    M    M  4.7 14 150   M    M   1        17 150
16  86  65  76   8   0  11    T    M    M  3.0  9 200   M    M   3        13 150
17  94  67  81  13   0  16 0.00    M    M  6.9 16 220   M    M   1        21 220
18  92  75  84  16   0  19 0.01    M    M 10.2 22 240   M    M   2 3      34 240
19  76  67  72   3   0   7 0.14    M    M  7.4 15  30   M    M   9 1      20  90
================================================================================
SM 1490 1136        13  99  1.82    M    127.8          M       85
================================================================================
AV 78.4 59.8                               6.7 FASTST   M    M   4    MAX(MPH)
                                 MISC ---->  # 24 320               # 34  240
================================================================================
NOTES:
# LAST OF SEVERAL OCCURRENCES

COLUMN 17 PEAK WIND IN M.P.H.

PRELIMINARY LOCAL CLIMATOLOGICAL DATA (WS FORM: F-6) , PAGE 2

                                          STATION:  JACKSON
                                          MONTH:    JUNE
                                          YEAR:     2018
                                          LATITUDE:   42 16 N
                                          LONGITUDE:  84 28 W

[TEMPERATURE DATA]      [PRECIPITATION DATA]       SYMBOLS USED IN COLUMN 16

AVERAGE MONTHLY: 69.1   TOTAL FOR MONTH:   1.82    1 = FOG OR MIST
DPTR FM NORMAL:   3.2   DPTR FM NORMAL:   -0.25    2 = FOG REDUCING VISIBILITY
HIGHEST:    94 ON 17    GRTST 24HR  0.60 ON  1- 1      TO 1/4 MILE OR LESS
LOWEST:     44 ON  6                               3 = THUNDER
                        SNOW, ICE PELLETS, HAIL    4 = ICE PELLETS
                        TOTAL MONTH:    M          5 = HAIL
                        GRTST 24HR    M  ON   M    6 = FREEZING RAIN OR DRIZZLE
                        GRTST DEPTH:  M  ON   M    7 = DUSTSTORM OR SANDSTORM:
                                                       VSBY 1/2 MILE OR LESS
                                                   8 = SMOKE OR HAZE
[NO. OF DAYS WITH]      [WEATHER - DAYS WITH]      9 = BLOWING SNOW
                                                   X = TORNADO
MAX 32 OR BELOW:   0    0.01 INCH OR MORE:   8
MAX 90 OR ABOVE:   2    0.10 INCH OR MORE:   5
MIN 32 OR BELOW:   0    0.50 INCH OR MORE:   2
MIN  0 OR BELOW:   0    1.00 INCH OR MORE:   0

[HDD (BASE 65) ]
TOTAL THIS MO.    13    CLEAR  (SCALE 0-3)   7
DPTR FM NORMAL   -32    PTCLDY (SCALE 4-7)   8
TOTAL FM JUL 1  6503    CLOUDY (SCALE 8-10)  4
DPTR FM NORMAL  -144

[CDD (BASE 65) ]
TOTAL THIS MO.    99
DPTR FM NORMAL    35    [PRESSURE DATA]
TOTAL FM JAN 1   206    HIGHEST SLP M ON M
DPTR FM NORMAL   105    LOWEST  SLP 29.74 ON  1

[REMARKS]
