813
CXUS53 KGID 250730
CF6JYR
PRELIMINARY LOCAL CLIMATOLOGICAL DATA (WS FORM: F-6)

                                          STATION:   YORK
                                          MONTH:     APRIL
                                          YEAR:      2018
                                          LATITUDE:   40 54 N
                                          LONGITUDE:  97 37 W

  TEMPERATURE IN F:       :PCPN:    SNOW:  WIND      :SUNSHINE: SKY     :PK WND
================================================================================
1   2   3   4   5  6A  6B    7    8   9   10  11  12  13   14  15   16   17  18
                                     12Z  AVG MX 2MIN
DY MAX MIN AVG DEP HDD CDD  WTR  SNW DPTH SPD SPD DIR MIN PSBL S-S WX    SPD DR
================================================================================

 1  28  18  23   M  42   0    M    M    M  4.2 14  10   M    M   5        21  10
 2  32  18  25   M  40   0 0.00    M    M 12.8 21 180   M    M   2 1      28 170
 3  34  18  26   M  39   0    T    M    M 15.6 30 330   M    M   3 1      41 330
 4  48  12  30   M  35   0 0.00    M    M 10.5 20 180   M    M   2        24 190
 5  59  25  42   M  23   0 0.00    M    M  8.2 20  20   M    M   1        25  20
 6  37  14  26   M  39   0    M    M    M 16.9 31  10   M    M   0        38  10
 7  37   9  23   M  42   0 0.00    M    M  3.9  9 160   M    M   0         M  M
 8  57  32  45   M  20   0    T    M    M 16.2 28 180   M    M   0        36 170
 9  37  27  32   M  33   0    T    M    M  9.1 16  10   M    M   0        22  10
10  68  21  45   M  20   0 0.00    M    M  5.2 18 220   M    M   0        23 200
11  75  39  57   M   8   0 0.00    M    M  6.0 20 200   M    M   0        22 190
12  68  39  54   M  11   0 0.00    M    M 16.1 23 100   M    M   0 1      30 100
13  57  37  47   M  18   0    T    M    M 21.5 28  10   M    M   0 1      36 360
14  37  23  30   M  35   0    M    M    M 24.8 36  10   M    M   0        46 360
15  32  23  28   M  37   0    T    M    M 17.7 25 360   M    M   0        37 360
16  48  28  38   M  27   0 0.00    M    M  4.9 13 350   M    M   0        18 360
17  57  30  44   M  21   0    T    M    M 16.7 24  30   M    M   0 3      35  30
18  45  30  38   M  27   0    M    M    M 15.0 22 330   M    M   0        31 340
19  57  27  42   M  23   0 0.00    M    M  3.6 10 320   M    M   0         M  M
20  59  36  48   M  17   0    T    M    M  8.3 20 160   M    M   0        27 160
21  50  41  46   M  19   0    M    M    M  6.5 16 120   M    M   0         M  M
22  66  34  50   M  15   0 0.00    M    M  5.5 13 100   M    M   0        23  80
23  72  37  55   M  10   0 0.00    M    M  0.1  4  90   M    M   0         M  M
24  59  41  50   M  15   0 0.05    M    M  8.8 21 310   M    M   0        27 310
================================================================================
SM 1219  659       616   0  0.05    M    258.1          M       13
================================================================================
AV 50.8 27.5                              10.8 FASTST   M    M   1    MAX(MPH)
                                 MISC ---->  # 36  10               # 46  360
================================================================================
NOTES:
# LAST OF SEVERAL OCCURRENCES

COLUMN 17 PEAK WIND IN M.P.H.

PRELIMINARY LOCAL CLIMATOLOGICAL DATA (WS FORM: F-6) , PAGE 2

                                          STATION:  YORK
                                          MONTH:    APRIL
                                          YEAR:     2018
                                          LATITUDE:   40 54 N
                                          LONGITUDE:  97 37 W

[TEMPERATURE DATA]      [PRECIPITATION DATA]       SYMBOLS USED IN COLUMN 16

AVERAGE MONTHLY: 39.1   TOTAL FOR MONTH:   0.05    1 = FOG OR MIST
DPTR FM NORMAL:     M   DPTR FM NORMAL:       M    2 = FOG REDUCING VISIBILITY
HIGHEST:    75 ON 11    GRTST 24HR  0.05 ON 24-24      TO 1/4 MILE OR LESS
LOWEST:      9 ON  7                               3 = THUNDER
                        SNOW, ICE PELLETS, HAIL    4 = ICE PELLETS
                        TOTAL MONTH:    M          5 = HAIL
                        GRTST 24HR    M  ON   M    6 = FREEZING RAIN OR DRIZZLE
                        GRTST DEPTH:  M  ON   M    7 = DUSTSTORM OR SANDSTORM:
                                                       VSBY 1/2 MILE OR LESS
                                                   8 = SMOKE OR HAZE
[NO. OF DAYS WITH]      [WEATHER - DAYS WITH]      9 = BLOWING SNOW
                                                   X = TORNADO
MAX 32 OR BELOW:   3    0.01 INCH OR MORE:   1
MAX 90 OR ABOVE:   0    0.10 INCH OR MORE:   0
MIN 32 OR BELOW:  16    0.50 INCH OR MORE:   0
MIN  0 OR BELOW:   0    1.00 INCH OR MORE:   0

[HDD (BASE 65) ]
TOTAL THIS MO.   616    CLEAR  (SCALE 0-3)  22
DPTR FM NORMAL     M    PTCLDY (SCALE 4-7)   2
TOTAL FM JUL 1  6197    CLOUDY (SCALE 8-10)  0
DPTR FM NORMAL     M

[CDD (BASE 65) ]
TOTAL THIS MO.     0
DPTR FM NORMAL     M    [PRESSURE DATA]
TOTAL FM JAN 1     0    HIGHEST SLP M ON M
DPTR FM NORMAL     M    LOWEST  SLP M ON M

[REMARKS]
