421
CXUS53 KGID 160730
CF6JYR
PRELIMINARY LOCAL CLIMATOLOGICAL DATA (WS FORM: F-6)

                                          STATION:   YORK
                                          MONTH:     OCTOBER
                                          YEAR:      2019
                                          LATITUDE:   40 54 N
                                          LONGITUDE:  97 37 W

  TEMPERATURE IN F:       :PCPN:    SNOW:  WIND      :SUNSHINE: SKY     :PK WND
================================================================================
1   2   3   4   5  6A  6B    7    8   9   10  11  12  13   14  15   16   17  18
                                     12Z  AVG MX 2MIN
DY MAX MIN AVG DEP HDD CDD  WTR  SNW DPTH SPD SPD DIR MIN PSBL S-S WX    SPD DR
================================================================================

 1  66  50  58   M   7   0 0.87    M    M  9.6 15  20   M    M  10 13     23  10
 2  54  46  50   M  15   0 0.07    M    M  9.6 16 320   M    M  10 1      21 320
 3  59  41  50   M  15   0 0.00    M    M  6.3  9 350   M    M   2        16 350
 4  54  43  49   M  16   0 0.07    M    M 10.9 17 150   M    M   9 3      24 140
 5  66  41  54   M  11   0 0.01    M    M 11.6 23 320   M    M   4 13     31 320
 6  64  39  52   M  13   0    T    M    M  4.9 14 310   M    M   1        24 300
 7  70  36  53   M  12   0 0.00    M    M  7.6 15 210   M    M   0        22 200
 8  72  46  59   M   6   0 0.00    M    M 14.4 24 180   M    M   0        32 190
 9  68  54  61   M   4   0 0.01    M    M 12.6 22 180   M    M   5 3      28 180
10  57  34  46   M  19   0 0.41    M    M 16.6 25 320   M    M   9 3      32 360
11  41  27  34   M  31   0 0.00    M    M 14.6 22 300   M    M   6        30 330
12  59  27  43   M  22   0 0.00    M    M  9.0 20 300   M    M   0        24 290
13  59  27  43   M  22   0 0.00    M    M  7.4 16 310   M    M   0        20 290
14  73  32  53   M  12   0 0.00    M    M  8.8 14 200   M    M   0        23 200
15  57  37  47   M  18   0 0.00    M    M 13.1 22 330   M    M   1        32 340
================================================================================
SM  919  580       223   0  1.44    M    157.0          M       57
================================================================================
AV 61.3 38.7                              10.5 FASTST   M    M   4    MAX(MPH)
                                 MISC ---->  # 25 320               # 32  190
================================================================================
NOTES:
# LAST OF SEVERAL OCCURRENCES

COLUMN 17 PEAK WIND IN M.P.H.

PRELIMINARY LOCAL CLIMATOLOGICAL DATA (WS FORM: F-6) , PAGE 2

                                          STATION:  YORK
                                          MONTH:    OCTOBER
                                          YEAR:     2019
                                          LATITUDE:   40 54 N
                                          LONGITUDE:  97 37 W

[TEMPERATURE DATA]      [PRECIPITATION DATA]       SYMBOLS USED IN COLUMN 16

AVERAGE MONTHLY: 50.0   TOTAL FOR MONTH:   1.44    1 = FOG OR MIST
DPTR FM NORMAL:     M   DPTR FM NORMAL:       M    2 = FOG REDUCING VISIBILITY
HIGHEST:    73 ON 14    GRTST 24HR  0.87 ON  1- 1      TO 1/4 MILE OR LESS
LOWEST:     27 ON 13,12                            3 = THUNDER
                        SNOW, ICE PELLETS, HAIL    4 = ICE PELLETS
                        TOTAL MONTH:    M          5 = HAIL
                        GRTST 24HR    M  ON   M    6 = FREEZING RAIN OR DRIZZLE
                        GRTST DEPTH:  M  ON   M    7 = DUSTSTORM OR SANDSTORM:
                                                       VSBY 1/2 MILE OR LESS
                                                   8 = SMOKE OR HAZE
[NO. OF DAYS WITH]      [WEATHER - DAYS WITH]      9 = BLOWING SNOW
                                                   X = TORNADO
MAX 32 OR BELOW:   0    0.01 INCH OR MORE:   6
MAX 90 OR ABOVE:   0    0.10 INCH OR MORE:   2
MIN 32 OR BELOW:   4    0.50 INCH OR MORE:   1
MIN  0 OR BELOW:   0    1.00 INCH OR MORE:   0

[HDD (BASE 65) ]
TOTAL THIS MO.   223    CLEAR  (SCALE 0-3)   8
DPTR FM NORMAL     M    PTCLDY (SCALE 4-7)   3
TOTAL FM JUL 1   244    CLOUDY (SCALE 8-10)  4
DPTR FM NORMAL     M

[CDD (BASE 65) ]
TOTAL THIS MO.     0
DPTR FM NORMAL     M    [PRESSURE DATA]
TOTAL FM JAN 1   926    HIGHEST SLP M ON M
DPTR FM NORMAL     M    LOWEST  SLP M ON M

[REMARKS]
