336
CXUS53 KGID 230730
CF6JYR
PRELIMINARY LOCAL CLIMATOLOGICAL DATA (WS FORM: F-6)

                                          STATION:   YORK
                                          MONTH:     OCTOBER
                                          YEAR:      2018
                                          LATITUDE:   40 54 N
                                          LONGITUDE:  97 37 W

  TEMPERATURE IN F:       :PCPN:    SNOW:  WIND      :SUNSHINE: SKY     :PK WND
================================================================================
1   2   3   4   5  6A  6B    7    8   9   10  11  12  13   14  15   16   17  18
                                     12Z  AVG MX 2MIN
DY MAX MIN AVG DEP HDD CDD  WTR  SNW DPTH SPD SPD DIR MIN PSBL S-S WX    SPD DR
================================================================================

 1  55  46  51   M  14   0 0.08    M    M  6.7 10  10   M    M  10 1       M  M
 2  72  50  61   M   4   0 0.00    M    M  6.8 15 190   M    M   7 1       M  M
 3  93  45  69   M   0   4 0.00    M    M 19.2 31  10   M    M   1        44  10
 4  46  37  42   M  23   0    T    M    M 11.8 29  10   M    M   6        37  10
 5  52  41  47   M  18   0 0.01    M    M  5.0 20 360   M    M  10 12     32 360
 6  54  39  47   M  18   0 0.00    M    M 12.2 20  10   M    M   6        28  10
 7  48  41  45   M  20   0 0.14    M    M  8.4 14  70   M    M  10 1       M  M
 8  54  48  51   M  14   0 0.32    M    M  7.6 13  10   M    M  10 1      21 340
 9  48  43  46   M  19   0 1.12    M    M 14.6 25  20   M    M   9 1      40  20
10  46  36  41   M  24   0 0.00    M    M 15.1 22 310   M    M  10 1      27 310
11  50  30  40   M  25   0 0.00    M    M  6.1 15 330   M    M   4        20 320
12  50  36  43   M  22   0 0.09    M    M  3.0  8 330   M    M   7         M  M
13  64  36  50   M  15   0    T    M    M 11.1 17 210   M    M   4        23 230
14  45  30  38   M  27   0    M    M    M 14.5 25  20   M    M  10        39  10
15  46  24  35   M  30   0 0.00    M    M  8.3 13 240   M    M   2        21 280
16  68  32  50   M  15   0 0.00    M    M  9.4 17 300   M    M   0        22 300
17  68  36  52   M  13   0 0.00    M    M  5.8 10 310   M    M   0         M  M
18  68  39  54   M  11   0 0.00    M    M 12.1 24 220   M    M   1        32 220
19  73  41  57   M   8   0    T    M    M 12.9 22 310   M    M   2        30 340
20  59  36  48   M  17   0 0.00    M    M 10.8 20 360   M    M   0        31 360
21  73  34  54   M  11   0 0.00    M    M 12.4 22 210   M    M   0        30 210
22  66  37  52   M  13   0 0.00    M    M  7.9 15  50   M    M   0        25  70
================================================================================
SM 1298  837       361   4  1.76    M    221.7          M      109
================================================================================
AV 59.0 38.1                              10.1 FASTST   M    M   5    MAX(MPH)
                                 MISC ---->  # 31  10               # 44   10
================================================================================
NOTES:
# LAST OF SEVERAL OCCURRENCES

COLUMN 17 PEAK WIND IN M.P.H.

PRELIMINARY LOCAL CLIMATOLOGICAL DATA (WS FORM: F-6) , PAGE 2

                                          STATION:  YORK
                                          MONTH:    OCTOBER
                                          YEAR:     2018
                                          LATITUDE:   40 54 N
                                          LONGITUDE:  97 37 W

[TEMPERATURE DATA]      [PRECIPITATION DATA]       SYMBOLS USED IN COLUMN 16

AVERAGE MONTHLY: 48.5   TOTAL FOR MONTH:   1.76    1 = FOG OR MIST
DPTR FM NORMAL:     M   DPTR FM NORMAL:       M    2 = FOG REDUCING VISIBILITY
HIGHEST:    93 ON  3    GRTST 24HR  1.12 ON  9- 9      TO 1/4 MILE OR LESS
LOWEST:     24 ON 15                               3 = THUNDER
                        SNOW, ICE PELLETS, HAIL    4 = ICE PELLETS
                        TOTAL MONTH:    M          5 = HAIL
                        GRTST 24HR    M  ON   M    6 = FREEZING RAIN OR DRIZZLE
                        GRTST DEPTH:  M  ON   M    7 = DUSTSTORM OR SANDSTORM:
                                                       VSBY 1/2 MILE OR LESS
                                                   8 = SMOKE OR HAZE
[NO. OF DAYS WITH]      [WEATHER - DAYS WITH]      9 = BLOWING SNOW
                                                   X = TORNADO
MAX 32 OR BELOW:   0    0.01 INCH OR MORE:   6
MAX 90 OR ABOVE:   1    0.10 INCH OR MORE:   3
MIN 32 OR BELOW:   4    0.50 INCH OR MORE:   1
MIN  0 OR BELOW:   0    1.00 INCH OR MORE:   1

[HDD (BASE 65) ]
TOTAL THIS MO.   361    CLEAR  (SCALE 0-3)   9
DPTR FM NORMAL     M    PTCLDY (SCALE 4-7)   6
TOTAL FM JUL 1   463    CLOUDY (SCALE 8-10)  7
DPTR FM NORMAL     M

[CDD (BASE 65) ]
TOTAL THIS MO.     4
DPTR FM NORMAL     M    [PRESSURE DATA]
TOTAL FM JAN 1  1103    HIGHEST SLP M ON M
DPTR FM NORMAL     M    LOWEST  SLP M ON M

[REMARKS]
