000
CXHW53 PHFO 231250
CF6KOA
PRELIMINARY LOCAL CLIMATOLOGICAL DATA (WS FORM: F-6)

                                          STATION:   KONA HI
                                          MONTH:     JANUARY
                                          YEAR:      2019
                                          LATITUDE:   19 38 N
                                          LONGITUDE: 156  0 W

  TEMPERATURE IN F:       :PCPN:    SNOW:  WIND      :SUNSHINE: SKY     :PK WND
================================================================================
1   2   3   4   5  6A  6B    7    8   9   10  11  12  13   14  15   16   17  18
                                     12Z  AVG MX 2MIN
DY MAX MIN AVG DEP HDD CDD  WTR  SNW DPTH SPD SPD DIR MIN PSBL S-S WX    SPD DR
================================================================================

 1  80  71  76   1   0  11 0.00  0.0    M  6.2 14 130   M    M   M        16 120
 2  81  68  75   0   0  10 0.00  0.0    M  5.9 14 140   M    M   M        16 200
 3  82  67  75   0   0  10 0.00  0.0    M  7.5 24  50   M    M   M        30  50
 4  82  67  75   0   0  10 0.00  0.0    M  7.3 12 120   M    M   M        18 120
 5  82  67  75   0   0  10 0.00  0.0    M  6.2 15 180   M    M   M        18 180
 6  83  70  77   2   0  12 0.00  0.0    M  8.1 21 350   M    M   M        26  10
 7  81  66  74  -1   0   9 0.00  0.0    M  6.8 16  20   M    M   M        21  70
 8  79  68  74  -1   0   9 0.00  0.0    M  5.6 12 210   M    M   M        15 200
 9  80  67  74  -1   0   9 0.00  0.0    M  6.3 14 340   M    M   M        17 320
10  80  65  73  -2   0   8 0.00  0.0    M  6.4 15 140   M    M   M        17 130
11  80  67  74  -1   0   9 0.00  0.0    M  7.2 13 230   M    M   M        16 230
12  80  69  75   0   0  10 0.00  0.0    M  5.3 12 270   M    M   M        15 270
13  83  71  77   2   0  12    T  0.0    M 10.1 20 360   M    M   M        26 340
14  82  69  76   1   0  11 0.00  0.0    M  7.6 14 130   M    M   M        22 120
15  83  70  77   2   0  12 0.00  0.0    M  6.6 13 320   M    M   M        16 320
16  81  68  75   0   0  10 0.00  0.0    M  6.5 14 320   M    M   M        18 320
17  81  70  76   1   0  11 0.00  0.0    M  8.1 20 250   M    M   M        23 260
18  81  68  75   0   0  10 0.00  0.0    M  8.9 25 360   M    M   M        29 350
19  82  69  76   1   0  11 0.00  0.0    M  7.3 15 190   M    M   M        20 310
20  82  67  75   0   0  10 0.00  0.0    M  5.9 12 230   M    M   M        16 210
21  81  68  75   0   0  10 0.01  0.0    M  5.8 12 290   M    M   M        14 290
22  81  65  73  -2   0   8 0.00  0.0    M  5.8 15 230   M    M   M        17 230
================================================================================
SM 1787 1497         0 222  0.01     0.0 151.4          M        M
================================================================================
AV 81.2 68.1                               6.9 FASTST   M    M   0    MAX(MPH)
                                 MISC ---->  # 25 360               # 30   50
================================================================================
NOTES:
# LAST OF SEVERAL OCCURRENCES

COLUMN 17 PEAK WIND IN M.P.H.

PRELIMINARY LOCAL CLIMATOLOGICAL DATA (WS FORM: F-6) , PAGE 2

                                          STATION:  KONA HI
                                          MONTH:    JANUARY
                                          YEAR:     2019
                                          LATITUDE:   19 38 N
                                          LONGITUDE: 156  0 W

[TEMPERATURE DATA]      [PRECIPITATION DATA]       SYMBOLS USED IN COLUMN 16

AVERAGE MONTHLY: 74.6   TOTAL FOR MONTH:   0.01    1 = FOG OR MIST
DPTR FM NORMAL:  -0.4   DPTR FM NORMAL:   -1.83    2 = FOG REDUCING VISIBILITY
HIGHEST:    83 ON 15,13 GRTST 24HR  0.01 ON 21-21      TO 1/4 MILE OR LESS
LOWEST:     65 ON 22,10                            3 = THUNDER
                        SNOW, ICE PELLETS, HAIL    4 = ICE PELLETS
                        TOTAL MONTH:   0.0 INCH    5 = HAIL
                        GRTST 24HR     0.0         6 = FREEZING RAIN OR DRIZZLE
                        GRTST DEPTH:  M  ON   M    7 = DUSTSTORM OR SANDSTORM:
                                                       VSBY 1/2 MILE OR LESS
                                                   8 = SMOKE OR HAZE
[NO. OF DAYS WITH]      [WEATHER - DAYS WITH]      9 = BLOWING SNOW
                                                   X = TORNADO
MAX 32 OR BELOW:   0    0.01 INCH OR MORE:   1
MAX 90 OR ABOVE:   0    0.10 INCH OR MORE:   0
MIN 32 OR BELOW:   0    0.50 INCH OR MORE:   0
MIN  0 OR BELOW:   0    1.00 INCH OR MORE:   0

[HDD (BASE 65) ]
TOTAL THIS MO.     0    CLEAR  (SCALE 0-3)   0
DPTR FM NORMAL     0    PTCLDY (SCALE 4-7)   0
TOTAL FM JUL 1     0    CLOUDY (SCALE 8-10)  0
DPTR FM NORMAL     0

[CDD (BASE 65) ]
TOTAL THIS MO.   222
DPTR FM NORMAL     2    [PRESSURE DATA]
TOTAL FM JAN 1   222    HIGHEST SLP M ON M
DPTR FM NORMAL     2    LOWEST  SLP 29.91 ON 16

[REMARKS]
