194
CXAK56 PAJK 161252
CF6KTN
PRELIMINARY LOCAL CLIMATOLOGICAL DATA (WS FORM: F-6)

                                          STATION:   KETCHIKAN
                                          MONTH:     OCTOBER
                                          YEAR:      2019
                                          LATITUDE:   55 20 N
                                          LONGITUDE: 131 42 W

  TEMPERATURE IN F:       :PCPN:    SNOW:  WIND      :SUNSHINE: SKY     :PK WND
================================================================================
1   2   3   4   5  6A  6B    7    8   9   10  11  12  13   14  15   16   17  18
                                     12Z  AVG MX 2MIN
DY MAX MIN AVG DEP HDD CDD  WTR  SNW DPTH SPD SPD DIR MIN PSBL S-S WX    SPD DR
================================================================================

 1  54  48  51   2  14   0 0.46    M    M 14.9 23 130   0    0   0        36 130
 2  52  48  50   1  15   0 0.24    M    M  4.4 15 130   M    M  10 1       M  M
 3  54  48  51   3  14   0 0.06    M    M  4.1 10 340   M    M   9        16 350
 4  54  42  48   0  17   0 0.08    M    M  2.5  5 180   M    M   7 1       7 130
 5  54  40  47  -2  18   0 0.02    M    M  6.3 14 130   M    M  10 12      M  M
 6  55  42  49   0  16   0 0.59    M    M 10.3 18   M   M    M  10 1      25 140
 7  49  40  45  -4  20   0 0.07    M    M 11.4 23 330   0    0   0        32 330
 8  49  31  40  -8  25   0 0.00    M    M  7.1 15 320   0    0   0        19 350
 9  50  31  41  -7  24   0    T    M    M  4.4  9 120   M    M   7        11 110
10  51  40  46  -1  19   0    T    M    M  9.1 25 130   0    0   0        31 120
11  50  39  45  -1  20   0 2.01    M    M 16.0 35 130   0    0   0 1      45 130
12  51  41  46  -1  19   0 0.26    M    M  6.0 12 130   M    M  10 1      26 330
13  49  33  41  -6  24   0 0.00    M    M  3.2  9 320   M    M   2        13 330
14  48  33  41  -5  24   0 2.45    M    M 11.5 28 120   0    0   0        40 120
15  54  48  51   6  14   0 5.60    M    M 18.7 31 120   0    0   0        43 130
================================================================================
SM  774  604       283   0 11.84    M    129.9            0     65
================================================================================
AV 51.6 40.3                               8.7 FASTST    0   0   4    MAX(MPH)
                                 MISC ---->  # 35 130               # 45  130
================================================================================
NOTES:
# LAST OF SEVERAL OCCURRENCES

COLUMN 17 PEAK WIND IN M.P.H.

PRELIMINARY LOCAL CLIMATOLOGICAL DATA (WS FORM: F-6) , PAGE 2

                                          STATION:  KETCHIKAN
                                          MONTH:    OCTOBER
                                          YEAR:     2019
                                          LATITUDE:   55 20 N
                                          LONGITUDE: 131 42 W

[TEMPERATURE DATA]      [PRECIPITATION DATA]       SYMBOLS USED IN COLUMN 16

AVERAGE MONTHLY: 45.9   TOTAL FOR MONTH:  11.84    1 = FOG OR MIST
DPTR FM NORMAL:  -1.7   DPTR FM NORMAL:    3.53    2 = FOG REDUCING VISIBILITY
HIGHEST:    55 ON  6    GRTST 24HR  5.60 ON 15-15      TO 1/4 MILE OR LESS
LOWEST:     31 ON  9, 8                            3 = THUNDER
                        SNOW, ICE PELLETS, HAIL    4 = ICE PELLETS
                        TOTAL MONTH:    M          5 = HAIL
                        GRTST 24HR    M  ON   M    6 = FREEZING RAIN OR DRIZZLE
                        GRTST DEPTH:  M  ON   M    7 = DUSTSTORM OR SANDSTORM:
                                                       VSBY 1/2 MILE OR LESS
                                                   8 = SMOKE OR HAZE
[NO. OF DAYS WITH]      [WEATHER - DAYS WITH]      9 = BLOWING SNOW
                                                   X = TORNADO
MAX 32 OR BELOW:   0    0.01 INCH OR MORE:  11
MAX 90 OR ABOVE:   0    0.10 INCH OR MORE:   7
MIN 32 OR BELOW:   2    0.50 INCH OR MORE:   4
MIN  0 OR BELOW:   0    1.00 INCH OR MORE:   3

[HDD (BASE 65) ]
TOTAL THIS MO.   283    CLEAR  (SCALE 0-3)   8
DPTR FM NORMAL    23    PTCLDY (SCALE 4-7)   2
TOTAL FM JUL 1   895    CLOUDY (SCALE 8-10)  5
DPTR FM NORMAL  -191

[CDD (BASE 65) ]
TOTAL THIS MO.     0
DPTR FM NORMAL     0    [PRESSURE DATA]
TOTAL FM JAN 1    13    HIGHEST SLP  0.00 ON  1
DPTR FM NORMAL     3    LOWEST  SLP 29.12 ON 15

[REMARKS]
