127
CXUS55 KPUB 201059
CF6LAA
PRELIMINARY LOCAL CLIMATOLOGICAL DATA (WS FORM: F-6)

                                          STATION:   LAMAR CO
                                          MONTH:     OCTOBER
                                          YEAR:      2019
                                          LATITUDE:   38  4 N
                                          LONGITUDE: 102 41 W

  TEMPERATURE IN F:       :PCPN:    SNOW:  WIND      :SUNSHINE: SKY     :PK WND
================================================================================
1   2   3   4   5  6A  6B    7    8   9   10  11  12  13   14  15   16   17  18
                                     12Z  AVG MX 2MIN
DY MAX MIN AVG DEP HDD CDD  WTR  SNW DPTH SPD SPD DIR MIN PSBL S-S WX    SPD DR
================================================================================

 1  76  51  64   4   1   0 0.00  0.0    0 10.6 21  70   M    M   4 18     26  60
 2  67  46  57  -2   8   0 0.01  0.0    0  8.6 18  70   M    M   6 1      25  50
 3  67  41  54  -5  11   0 0.00  0.0    0  7.5 18 130   M    M   4        26 140
 4  81  50  66   8   0   1    T  0.0    0 16.0 32 190   M    M   4        44 200
 5  73  39  56  -2   9   0 0.00  0.0    0  8.4 21 350   M    M   0        29 360
 6  68  32  50  -7  15   0 0.00  0.0    0  8.4 21  40   M    M   1        28  20
 7  81  36  59   2   6   0 0.00  0.0    0  7.8 22 190   M    M   0        32 170
 8  89  33  61   5   4   0 0.00  0.0    0  6.5 20 160   M    M   0        27 160
 9  89  36  63   7   2   0 0.00  0.0    0 12.1 44 360   M    M   0 8      60  10
10  43  21  32 -23  33   0    T    M    0 15.1 35  10   M    M   8        51  20
11  56  11  34 -21  31   0 0.00  0.0    0  5.6 15 290   M    M   0        21 280
12  72  15  44 -10  21   0 0.00  0.0    0  7.2 14 110   M    M   0        21 120
13  76  23  50  -4  15   0 0.00  0.0    0  8.4 17 150   M    M   0        25 150
14  84  25  55   1  10   0 0.00  0.0    0  7.2 14 130   M    M   0        19 300
15  68  28  48  -5  17   0 0.00  0.0    0  6.7 20  20   M    M   0        26  10
16  80  21  51  -2  14   0 0.00  0.0    0  5.6 14 150   M    M   0        18 260
17  91  30  61   9   4   0 0.00  0.0    0 11.8 25 190   M    M   0        40 180
18  87  42  65  13   0   0    T    M    0 13.0 31  20   M    M   1 8      43  20
19  71  30  51  -1  14   0 0.00  0.0    0 10.8 27 180   M    M   0        45 170
================================================================================
SM 1419  610       215   1  0.01     0.0 177.3          M       28
================================================================================
AV 74.7 32.1                               9.3 FASTST   M    M   1    MAX(MPH)
                                 MISC ---->  # 44 360               # 60   10
================================================================================
NOTES:
# LAST OF SEVERAL OCCURRENCES

COLUMN 17 PEAK WIND IN M.P.H.

PRELIMINARY LOCAL CLIMATOLOGICAL DATA (WS FORM: F-6) , PAGE 2

                                          STATION:  LAMAR CO
                                          MONTH:    OCTOBER
                                          YEAR:     2019
                                          LATITUDE:   38  4 N
                                          LONGITUDE: 102 41 W

[TEMPERATURE DATA]      [PRECIPITATION DATA]       SYMBOLS USED IN COLUMN 16

AVERAGE MONTHLY: 53.4   TOTAL FOR MONTH:   0.01    1 = FOG OR MIST
DPTR FM NORMAL:  -2.1   DPTR FM NORMAL:   -0.50    2 = FOG REDUCING VISIBILITY
HIGHEST:    91 ON 17    GRTST 24HR  0.01 ON  2- 2      TO 1/4 MILE OR LESS
LOWEST:     11 ON 11                               3 = THUNDER
                        SNOW, ICE PELLETS, HAIL    4 = ICE PELLETS
                        TOTAL MONTH:   0.0 INCH    5 = HAIL
                        GRTST 24HR     0.0         6 = FREEZING RAIN OR DRIZZLE
                        GRTST DEPTH:   0           7 = DUSTSTORM OR SANDSTORM:
                                                       VSBY 1/2 MILE OR LESS
                                                   8 = SMOKE OR HAZE
[NO. OF DAYS WITH]      [WEATHER - DAYS WITH]      9 = BLOWING SNOW
                                                   X = TORNADO
MAX 32 OR BELOW:   0    0.01 INCH OR MORE:   1
MAX 90 OR ABOVE:   1    0.10 INCH OR MORE:   0
MIN 32 OR BELOW:  10    0.50 INCH OR MORE:   0
MIN  0 OR BELOW:   0    1.00 INCH OR MORE:   0

[HDD (BASE 65) ]
TOTAL THIS MO.   215    CLEAR  (SCALE 0-3)  14
DPTR FM NORMAL    25    PTCLDY (SCALE 4-7)   5
TOTAL FM JUL 1   221    CLOUDY (SCALE 8-10)  0
DPTR FM NORMAL   -52

[CDD (BASE 65) ]
TOTAL THIS MO.     1
DPTR FM NORMAL    -7    [PRESSURE DATA]
TOTAL FM JAN 1  1406    HIGHEST SLP M ON M
DPTR FM NORMAL   286    LOWEST  SLP 29.57 ON 18

[REMARKS]
