000
CXUS55 KPUB 211059
CF6LAA
PRELIMINARY LOCAL CLIMATOLOGICAL DATA (WS FORM: F-6)

                                          STATION:   LAMAR CO
                                          MONTH:     AUGUST
                                          YEAR:      2018
                                          LATITUDE:   38  4 N
                                          LONGITUDE: 102 41 W

  TEMPERATURE IN F:       :PCPN:    SNOW:  WIND      :SUNSHINE: SKY     :PK WND
================================================================================
1   2   3   4   5  6A  6B    7    8   9   10  11  12  13   14  15   16   17  18
                                     12Z  AVG MX 2MIN
DY MAX MIN AVG DEP HDD CDD  WTR  SNW DPTH SPD SPD DIR MIN PSBL S-S WX    SPD DR
================================================================================

 1  91  60  76  -2   0  11 0.00  0.0    0  6.5 16 110   M    M   0        22 130
 2  94  62  78   0   0  13 0.00  0.0    0  8.4 22 180   M    M   1        29 180
 3  95  65  80   3   0  15 1.13  0.0    0  8.7 44 210   M    M   1 13     68 200
 4  96  61  79   2   0  14 0.00  0.0    0  8.9 22 240   M    M   0        35 240
 5  97  65  81   4   0  16 0.01  0.0    0 11.0 31 200   M    M   0 3      42 200
 6  87  64  76  -1   0  11 0.01  0.0    0  7.0 20  30   M    M   1 3      26  30
 7  89  63  76  -1   0  11 0.22  0.0    0  7.9 33  30   M    M   1 3      49  40
 8  82  63  73  -4   0   8 0.08  0.0    0  7.2 30 180   M    M   3 3      39 190
 9  91  58  75  -2   0  10 0.00  0.0    0  5.2 13  90   M    M   0        17  90
10  88  58  73  -4   0   8 0.01  0.0    0  5.7 18  50   M    M   1        25  30
11  89  54  72  -4   0   7 0.00  0.0    0  6.0 15 140   M    M   0        24 130
12  87  54  71  -5   0   6 0.00  0.0    0  8.3 21 130   M    M   0 18     29 160
13  92  59  76   0   0  11 0.00  0.0    0 11.9 24 110   M    M   1        35 110
14  86  60  73  -3   0   8    T  0.0    0  5.4 20  70   M    M   5 1      24  80
15  91  57  74  -2   0   9 0.00  0.0    0  8.6 28 220   M    M   0        37 220
16  97  57  77   1   0  12 0.00  0.0    0  7.8 21  60   M    M   0        26  70
17  91  66  79   3   0  14 0.05  0.0    0  7.4 22 180   M    M   4        32 170
18  91  63  77   2   0  12 0.00  0.0    0 10.6 33 200   M    M   3 3      43 200
19  84  56  70  -5   0   5 0.00  0.0    0 12.0 32 360   M    M   1        41 360
20  81  52  67  -8   0   2 0.00  0.0    0  8.2 14  50   M    M   0 8      18  30
================================================================================
SM 1799 1197         0 203  1.51     0.0 162.7          M       22
================================================================================
AV 90.0 59.9                               8.1 FASTST   M    M   1    MAX(MPH)
                                 MISC ---->  # 44 210               # 68  200
================================================================================
NOTES:
# LAST OF SEVERAL OCCURRENCES

COLUMN 17 PEAK WIND IN M.P.H.

PRELIMINARY LOCAL CLIMATOLOGICAL DATA (WS FORM: F-6) , PAGE 2

                                          STATION:  LAMAR CO
                                          MONTH:    AUGUST
                                          YEAR:     2018
                                          LATITUDE:   38  4 N
                                          LONGITUDE: 102 41 W

[TEMPERATURE DATA]      [PRECIPITATION DATA]       SYMBOLS USED IN COLUMN 16

AVERAGE MONTHLY: 74.9   TOTAL FOR MONTH:   1.51    1 = FOG OR MIST
DPTR FM NORMAL:  -1.6   DPTR FM NORMAL:   -0.17    2 = FOG REDUCING VISIBILITY
HIGHEST:    97 ON 16, 5 GRTST 24HR  1.13 ON  3- 3      TO 1/4 MILE OR LESS
LOWEST:     52 ON 20                               3 = THUNDER
                        SNOW, ICE PELLETS, HAIL    4 = ICE PELLETS
                        TOTAL MONTH:   0.0 INCH    5 = HAIL
                        GRTST 24HR     0.0         6 = FREEZING RAIN OR DRIZZLE
                        GRTST DEPTH:   0           7 = DUSTSTORM OR SANDSTORM:
                                                       VSBY 1/2 MILE OR LESS
                                                   8 = SMOKE OR HAZE
[NO. OF DAYS WITH]      [WEATHER - DAYS WITH]      9 = BLOWING SNOW
                                                   X = TORNADO
MAX 32 OR BELOW:   0    0.01 INCH OR MORE:   7
MAX 90 OR ABOVE:  11    0.10 INCH OR MORE:   2
MIN 32 OR BELOW:   0    0.50 INCH OR MORE:   1
MIN  0 OR BELOW:   0    1.00 INCH OR MORE:   1

[HDD (BASE 65) ]
TOTAL THIS MO.     0    CLEAR  (SCALE 0-3)  18
DPTR FM NORMAL     0    PTCLDY (SCALE 4-7)   2
TOTAL FM JUL 1     0    CLOUDY (SCALE 8-10)  0
DPTR FM NORMAL    -2

[CDD (BASE 65) ]
TOTAL THIS MO.   203
DPTR FM NORMAL   -26    [PRESSURE DATA]
TOTAL FM JAN 1  1272    HIGHEST SLP M ON M
DPTR FM NORMAL   379    LOWEST  SLP 29.84 ON  7

[REMARKS]
