000
CXUS55 KPUB 241610
CF6LAA
PRELIMINARY LOCAL CLIMATOLOGICAL DATA (WS FORM: F-6)

                                          STATION:   LAMAR CO
                                          MONTH:     JANUARY
                                          YEAR:      2020
                                          LATITUDE:   38  4 N
                                          LONGITUDE: 102 41 W

  TEMPERATURE IN F:       :PCPN:    SNOW:  WIND      :SUNSHINE: SKY     :PK WND
================================================================================
1   2   3   4   5  6A  6B    7    8   9   10  11  12  13   14  15   16   17  18
                                     12Z  AVG MX 2MIN
DY MAX MIN AVG DEP HDD CDD  WTR  SNW DPTH SPD SPD DIR MIN PSBL S-S WX    SPD DR
================================================================================

 1  59  12  36   8  29   0    T    M    M  7.5 18 350   M    M   1        26 360
 2  51  17  34   6  31   0 0.00    M    M  6.1 17  10   M    M   1        24  10
 3  49  16  33   5  32   0 0.00    M    M  7.4 15 240   M    M   1        20 250
 4  58  14  36   8  29   0 0.00    M    M  5.9 14 220   M    M   0        16 270
 5  49  16  33   5  32   0 0.00    M    M  9.1 23 190   M    M   0        35 190
 6  53  13  33   5  32   0 0.00    M    M  8.9 26 300   M    M   0        39 330
 7  61  10  36   8  29   0 0.00    M    M  8.4 23 180   M    M   0        32 170
 8  59  18  39  11  26   0 0.00    M    M  7.0 20 260   M    M   0        27 260
 9  52  17  35   7  30   0 0.00    M    M  7.1 16 260   M    M   1        21  70
10  40   6  23  -5  42   0    T    M    M  8.1 28  20   M    M   5 1      37  20
11  45  -2  22  -6  43   0 0.00    M    M  6.5 17 130   M    M   0        23 120
12  50  10  30   2  35   0 0.00    M    M  8.4 16 260   M    M   1        22 290
13  59  11  35   7  30   0 0.00    M    M  6.8 28 260   M    M   0        36 260
14  67   6  37   8  28   0 0.00    M    M  6.1 16 230   M    M   0        24 270
15  49  14  32   3  33   0 0.00    M    M  5.9 14  90   M    M   0        20 110
16  41  14  28  -1  37   0 0.05    M    M 11.0 25 140   M    M   5 16     38 150
17  62  25  44  15  21   0 0.01    M    M 11.7 36 290   M    M   3 16     47 290
18  42  13  28  -1  37   0 0.00    M    M  7.2 28 350   M    M   0        38 360
19  49  10  30   1  35   0 0.00    M    M  5.9 12 200   M    M   0        15 290
20  55  11  33   4  32   0 0.00    M    M  8.9 16 100   M    M   0        24 120
21  54  25  40  11  25   0 0.00    M    M  9.1 28 200   M    M   4        40 200
22  63  27  45  15  20   0 0.00    M    M  8.7 26 340   M    M   5        36 330
23  51  25  38   8  27   0 0.00    M    M  9.4 25 340   M    M   9        34 340
================================================================================
SM 1218  328       715   0  0.06    M    181.1          M       36
================================================================================
AV 53.0 14.3                               7.9 FASTST   M    M   1    MAX(MPH)
                                 MISC ---->    36 290                 47 290
================================================================================
NOTES:
# LAST OF SEVERAL OCCURRENCES

COLUMN 17 PEAK WIND IN M.P.H.

PRELIMINARY LOCAL CLIMATOLOGICAL DATA (WS FORM: F-6) , PAGE 2

                                          STATION:   LAMAR CO
                                          MONTH:     JANUARY
                                          YEAR:      2020
                                          LATITUDE:   38  4 N
                                          LONGITUDE: 102 41 W

[TEMPERATURE DATA]      [PRECIPITATION DATA]       SYMBOLS USED IN COLUMN 16

AVERAGE MONTHLY: 33.6   TOTAL FOR MONTH:   0.06    1 = FOG OR MIST
DPTR FM NORMAL:   5.1   DPTR FM NORMAL:   -0.12    2 = FOG REDUCING VISIBILITY
HIGHEST:    67 ON 14    GRTST 24HR  0.25 ON  1- 2      TO 1/4 MILE OR LESS
LOWEST:     -2 ON 11                               3 = THUNDER
                        SNOW, ICE PELLETS, HAIL    4 = ICE PELLETS
                        TOTAL MONTH:   0.0 INCH    5 = HAIL
                        GRTST 24HR    M  ON   M    6 = FREEZING RAIN OR DRIZZLE
                        GRTST DEPTH:  M  ON   M    7 = DUSTSTORM OR SANDSTORM:
                                                       VSBY 1/2 MILE OR LESS
                                                   8 = SMOKE OR HAZE
[NO. OF DAYS WITH]      [WEATHER - DAYS WITH]      9 = BLOWING SNOW
                                                   X = TORNADO
MAX 32 OR BELOW:   0    0.01 INCH OR MORE:   2
MAX 90 OR ABOVE:   0    0.10 INCH OR MORE:   0
MIN 32 OR BELOW:  23    0.50 INCH OR MORE:   0
MIN  0 OR BELOW:   1    1.00 INCH OR MORE:   0

[HDD (BASE 65) ]
TOTAL THIS MO.   715    CLEAR  (SCALE 0-3)  18
DPTR FM NORMAL  -124    PTCLDY (SCALE 4-7)   4
TOTAL FM JUL 1  3024    CLOUDY (SCALE 8-10)  1
DPTR FM NORMAL  -128

[CDD (BASE 65) ]
TOTAL THIS MO.     0
DPTR FM NORMAL     0    [PRESSURE DATA]
TOTAL FM JAN 1     0    HIGHEST SLP M ON M
DPTR FM NORMAL     0    LOWEST  SLP 29.40 ON  1

[REMARKS]
