000
CXUS53 KIND 240730
CF6LAF
PRELIMINARY LOCAL CLIMATOLOGICAL DATA (WS FORM: F-6)

                                          STATION:   LAFAYETTE IN
                                          MONTH:     FEBRUARY
                                          YEAR:      2018
                                          LATITUDE:   40 25 N
                                          LONGITUDE:  86 56 W

  TEMPERATURE IN F:       :PCPN:    SNOW:  WIND      :SUNSHINE: SKY     :PK WND
================================================================================
1   2   3   4   5  6A  6B    7    8   9   10  11  12  13   14  15   16   17  18
                                     12Z  AVG MX 2MIN
DY MAX MIN AVG DEP HDD CDD  WTR  SNW DPTH SPD SPD DIR MIN PSBL S-S WX    SPD DR
================================================================================

 1  37  11  24  -3  41   0 0.00    M    M 12.9 22 290   M    M   2        32 290
 2  20   5  13 -15  52   0 0.00    M    M  7.2 15 310   M    M   1        22 320
 3  38  20  29   1  36   0    T    M    M 10.6 21 200   M    M  10        29 200
 4  37  10  24  -4  41   0 0.06    M    M 11.9 24 320   M    M   9 12     35 320
 5  20  -3   9 -19  56   0 0.08    M    M  4.6 12 320   M    M   4 1      16 320
 6  19   3  11 -17  54   0 0.02    M    M  4.6 10  50   M    M   4 1      13  40
 7  24  10  17 -11  48   0 0.00    M    M  9.1 17 290   M    M   8 18     22 290
 8  26   3  15 -14  50   0 0.00    M    M  4.6 13 250   M    M   8 1      16 250
 9  46  26  36   7  29   0 0.00    M    M  8.2 20 260   M    M   7 18     23 270
10  26  23  25  -4  40   0 0.01    M    M 10.7 18  40   M    M  10 16     23  40
11  26  16  21  -8  44   0 0.14    M    M  9.0 18 100   M    M   8 16     22 340
12  31   8  20 -10  45   0 0.00    M    M  5.6 14  20   M    M   0        16  60
13  43  17  30   0  35   0 0.00    M    M  7.1 15  90   M    M   2        19  90
14  51  28  40  10  25   0 0.00    M    M  3.8 13 220   M    M   7 1      19 210
15  60  44  52  22  13   0 0.21    M    M  7.5 14 320   M    M  10 1      21 230
16  44  23  34   3  31   0 0.00    M    M  8.9 18 340   M    M   7 1      24 340
17  34  20  27  -4  38   0 0.09    M    M  6.2 24 290   M    M   5 1      31 290
18  44  23  34   3  31   0 0.00    M    M  9.3 16 140   M    M   5 1      23 170
19  62  43  53  21  12   0 1.49    M    M 10.4 22 210   M    M  10 13     37 210
20  69  42  56  24   9   0 1.50    M    M 11.4 23 200   M    M   9 13     35 200
21  42  33  38   6  27   0 0.95    M    M 11.0 17  20   M    M   9 1      25 330
22  45  33  39   7  26   0 0.07    M    M 13.8 24  80   M    M  10 1      30  80
23  49  38  44  11  21   0 0.18    M    M  8.8 17 270   M    M  10 1      22 250
================================================================================
SM  893  476       804   0  4.80    M    197.2          M      155
================================================================================
AV 38.8 20.7                               8.6 FASTST   M    M   7    MAX(MPH)
                                 MISC ---->  # 24 320               # 37  210
================================================================================
NOTES:
# LAST OF SEVERAL OCCURRENCES

COLUMN 17 PEAK WIND IN M.P.H.

PRELIMINARY LOCAL CLIMATOLOGICAL DATA (WS FORM: F-6) , PAGE 2

                                          STATION:  LAFAYETTE IN
                                          MONTH:    FEBRUARY
                                          YEAR:     2018
                                          LATITUDE:   40 25 N
                                          LONGITUDE:  86 56 W

[TEMPERATURE DATA]      [PRECIPITATION DATA]       SYMBOLS USED IN COLUMN 16

AVERAGE MONTHLY: 29.8   TOTAL FOR MONTH:   4.80    1 = FOG OR MIST
DPTR FM NORMAL:  -0.0   DPTR FM NORMAL:    3.42    2 = FOG REDUCING VISIBILITY
HIGHEST:    69 ON 20    GRTST 24HR  1.50 ON 20-20      TO 1/4 MILE OR LESS
LOWEST:     -3 ON  5                               3 = THUNDER
                        SNOW, ICE PELLETS, HAIL    4 = ICE PELLETS
                        TOTAL MONTH:    M          5 = HAIL
                        GRTST 24HR    M  ON   M    6 = FREEZING RAIN OR DRIZZLE
                        GRTST DEPTH:  M  ON   M    7 = DUSTSTORM OR SANDSTORM:
                                                       VSBY 1/2 MILE OR LESS
                                                   8 = SMOKE OR HAZE
[NO. OF DAYS WITH]      [WEATHER - DAYS WITH]      9 = BLOWING SNOW
                                                   X = TORNADO
MAX 32 OR BELOW:   8    0.01 INCH OR MORE:  12
MAX 90 OR ABOVE:   0    0.10 INCH OR MORE:   6
MIN 32 OR BELOW:  17    0.50 INCH OR MORE:   3
MIN  0 OR BELOW:   1    1.00 INCH OR MORE:   2

[HDD (BASE 65) ]
TOTAL THIS MO.   804    CLEAR  (SCALE 0-3)   4
DPTR FM NORMAL    -5    PTCLDY (SCALE 4-7)  10
TOTAL FM JUL 1  4329    CLOUDY (SCALE 8-10)  9
DPTR FM NORMAL   152

[CDD (BASE 65) ]
TOTAL THIS MO.     0
DPTR FM NORMAL     0    [PRESSURE DATA]
TOTAL FM JAN 1     0    HIGHEST SLP M ON M
DPTR FM NORMAL     0    LOWEST  SLP 29.69 ON 15

[REMARKS]
