000
CXUS53 KIND 171709
CF6LAF
PRELIMINARY LOCAL CLIMATOLOGICAL DATA (WS FORM: F-6)

                                          STATION:   LAFAYETTE IN
                                          MONTH:     JULY
                                          YEAR:      2018
                                          LATITUDE:   40 25 N
                                          LONGITUDE:  86 56 W

  TEMPERATURE IN F:       :PCPN:    SNOW:  WIND      :SUNSHINE: SKY     :PK WND
================================================================================
1   2   3   4   5  6A  6B    7    8   9   10  11  12  13   14  15   16   17  18
                                     12Z  AVG MX 2MIN
DY MAX MIN AVG DEP HDD CDD  WTR  SNW DPTH SPD SPD DIR MIN PSBL S-S WX    SPD DR
================================================================================

 1  91  72  82   8   0  17 0.00    M    M  5.8 16 190   M    M   2 3      23 190
 2  87  72  80   5   0  15    T    M    M  3.5  9  40   M    M   5        13  40
 3  91  70  81   6   0  16 0.00    M    M  6.1 15 140   M    M   2        22 170
 4  92  71  82   7   0  17 0.00    M    M  3.6 10 220   M    M   1 1      14 230
 5  87  70  79   4   0  14 1.02    M    M  3.5 20 350   M    M   4 13     25 350
 6  79  62  71  -4   0   6 0.00    M    M  8.7 17  20   M    M   2 128    23  30
 7  79  56  68  -7   0   3 0.00    M    M  7.5 15  70   M    M   0        20  90
 8  84  55  70  -5   0   5 0.00    M    M  1.7  9 140   M    M   0        12 140
 9  88  62  75   0   0  10 0.00    M    M  3.1 12 290   M    M   1 1      19 280
10  91  64  78   3   0  13 0.93    M    M  4.6 21  30   M    M   2 1238   30  40
11  83  61  72  -3   0   7 0.00    M    M  5.4 12  80   M    M   0        15  90
12  84  62  73  -2   0   8 0.00    M    M  2.6  9 120   M    M   0 1      14 150
13  87  62  75   0   0  10 0.00    M    M  2.7  9 190   M    M   0 1      13 230
14  86  65  76   1   0  11 0.01    M    M  2.6 20 280   M    M   0 1      26 280
15  88  71  80   5   0  15 0.02    M    M  3.1 12 220   M    M   3 13     17 220
16  88  71  80   5   0  15    T    M    M  4.9 14 300   M    M   5 1      19 310
================================================================================
SM 1385 1046         0 182  1.98    M     69.4          M       27
================================================================================
AV 86.6 65.4                               4.3 FASTST   M    M   2    MAX(MPH)
                                 MISC ---->  # 21  30               # 30   40
================================================================================
NOTES:
# LAST OF SEVERAL OCCURRENCES

COLUMN 17 PEAK WIND IN M.P.H.

PRELIMINARY LOCAL CLIMATOLOGICAL DATA (WS FORM: F-6) , PAGE 2

                                          STATION:  LAFAYETTE IN
                                          MONTH:    JULY
                                          YEAR:     2018
                                          LATITUDE:   40 25 N
                                          LONGITUDE:  86 56 W

[TEMPERATURE DATA]      [PRECIPITATION DATA]       SYMBOLS USED IN COLUMN 16

AVERAGE MONTHLY: 76.0   TOTAL FOR MONTH:   1.98    1 = FOG OR MIST
DPTR FM NORMAL:   1.0   DPTR FM NORMAL:   -0.23    2 = FOG REDUCING VISIBILITY
HIGHEST:    92 ON  4    GRTST 24HR  1.02 ON  5- 5      TO 1/4 MILE OR LESS
LOWEST:     55 ON  8                               3 = THUNDER
                        SNOW, ICE PELLETS, HAIL    4 = ICE PELLETS
                        TOTAL MONTH:    M          5 = HAIL
                        GRTST 24HR    M  ON   M    6 = FREEZING RAIN OR DRIZZLE
                        GRTST DEPTH:  M  ON   M    7 = DUSTSTORM OR SANDSTORM:
                                                       VSBY 1/2 MILE OR LESS
                                                   8 = SMOKE OR HAZE
[NO. OF DAYS WITH]      [WEATHER - DAYS WITH]      9 = BLOWING SNOW
                                                   X = TORNADO
MAX 32 OR BELOW:   0    0.01 INCH OR MORE:   4
MAX 90 OR ABOVE:   4    0.10 INCH OR MORE:   2
MIN 32 OR BELOW:   0    0.50 INCH OR MORE:   2
MIN  0 OR BELOW:   0    1.00 INCH OR MORE:   1

[HDD (BASE 65) ]
TOTAL THIS MO.     0    CLEAR  (SCALE 0-3)  13
DPTR FM NORMAL     0    PTCLDY (SCALE 4-7)   3
TOTAL FM JUL 1     0    CLOUDY (SCALE 8-10)  0
DPTR FM NORMAL     0

[CDD (BASE 65) ]
TOTAL THIS MO.   182
DPTR FM NORMAL    22    [PRESSURE DATA]
TOTAL FM JAN 1   563    HIGHEST SLP M ON M
DPTR FM NORMAL   109    LOWEST  SLP 29.84 ON  1

[REMARKS]
