000
CXUS53 KGRR 211017
CF6LAN
PRELIMINARY LOCAL CLIMATOLOGICAL DATA (WS FORM: F-6)

                                          STATION:   LANSING
                                          MONTH:     FEBRUARY
                                          YEAR:      2020
                                          LATITUDE:   42 46 N
                                          LONGITUDE:  84 36 W

  TEMPERATURE IN F:       :PCPN:    SNOW:  WIND      :SUNSHINE: SKY     :PK WND
================================================================================
1   2   3   4   5  6A  6B    7    8   9   10  11  12  13   14  15   16   17  18
                                     12Z  AVG MX 2MIN
DY MAX MIN AVG DEP HDD CDD  WTR  SNW DPTH SPD SPD DIR MIN PSBL S-S WX    SPD DR
================================================================================

 1  34  29  32   8  33   0 0.06  0.2    0  9.5 17 220   M    M  10 18     23 220
 2  49  32  41  17  24   0    T    T    0 15.5 28 270   M    M   4 8      39 260
 3  49  27  38  14  27   0 0.00  0.0    0  6.1 13  40   M    M   1 1      16  30
 4  35  25  30   6  35   0 0.00  0.0    0 11.0 17  30   M    M  10 18     23  30
 5  29  18  24   0  41   0 0.04  0.6    0  7.4 16 350   M    M   5 1      22  20
 6  27  21  24   0  41   0 0.20  3.6    1  9.5 16  20   M    M  10 18     23  40
 7  32  21  27   3  38   0 0.01  0.3    3  7.7 15 280   M    M  10 18     19 290
 8  26  18  22  -2  43   0 0.12  2.3    5  5.6 13  70   M    M  10 128    15  60
 9  34  21  28   3  37   0 0.13  1.7    5 11.0 22 140   M    M   8 128    28 140
10  35  26  31   6  34   0 0.00  0.0    4  5.7 14 290   M    M  10 1      18 290
11  33  21  27   2  38   0    T    T    3 11.7 25 280   M    M   7 18     35 270
12  32  21  27   2  38   0 0.03  0.3    3  8.5 15 210   M    M   6 18     20 230
13  29   5  17  -8  48   0 0.15  3.7    5  8.1 16 350   M    M  10 18     23 340
14  19  -1   9 -17  56   0    T    T    6  6.9 15 210   M    M   5 8      19 200
15  31   5  18  -8  47   0 0.01  0.1    6 14.5 23 220   M    M   7        36 210
16  38  22  30   4  35   0 0.00  0.0    5  9.9 20 260   M    M   5        25 270
17  33  17  25  -1  40   0 0.09  1.1    5  9.5 17 100   M    M   7 1      22 100
18  37  26  32   6  33   0 0.03  0.0    5 16.1 29 260   M    M   7 1      41 270
19  28  13  21  -6  44   0 0.00  0.0    3 11.5 23 300   M    M   2        33 300
20  23   9  16 -11  49   0 0.00  0.0    3  6.5 15 310   M    M   2        22 310
================================================================================
SM  653  376       781   0  0.87    13.9 192.2          M      136
================================================================================
AV 32.7 18.8                               9.6 FASTST   M    M   7    MAX(MPH)
                                 MISC ---->  # 29 260               # 41  270
================================================================================
NOTES:
# LAST OF SEVERAL OCCURRENCES

COLUMN 17 PEAK WIND IN M.P.H.

PRELIMINARY LOCAL CLIMATOLOGICAL DATA (WS FORM: F-6) , PAGE 2

                                          STATION:  LANSING
                                          MONTH:    FEBRUARY
                                          YEAR:     2020
                                          LATITUDE:   42 46 N
                                          LONGITUDE:  84 36 W

[TEMPERATURE DATA]      [PRECIPITATION DATA]       SYMBOLS USED IN COLUMN 16

AVERAGE MONTHLY: 25.7   TOTAL FOR MONTH:   0.87    1 = FOG OR MIST
DPTR FM NORMAL:   0.7   DPTR FM NORMAL:   -0.11    2 = FOG REDUCING VISIBILITY
HIGHEST:    49 ON  3, 2 GRTST 24HR  0.20 ON  6- 6      TO 1/4 MILE OR LESS
LOWEST:     -1 ON 14                               3 = THUNDER
                        SNOW, ICE PELLETS, HAIL    4 = ICE PELLETS
                        TOTAL MONTH:  13.9 INCHES  5 = HAIL
                        GRTST 24HR   3.7 ON 13-13  6 = FREEZING RAIN OR DRIZZLE
                        GRTST DEPTH:   6 ON 15,14  7 = DUSTSTORM OR SANDSTORM:
                                                       VSBY 1/2 MILE OR LESS
                                                   8 = SMOKE OR HAZE
[NO. OF DAYS WITH]      [WEATHER - DAYS WITH]      9 = BLOWING SNOW
                                                   X = TORNADO
MAX 32 OR BELOW:  10    0.01 INCH OR MORE:  11
MAX 90 OR ABOVE:   0    0.10 INCH OR MORE:   4
MIN 32 OR BELOW:  20    0.50 INCH OR MORE:   0
MIN  0 OR BELOW:   1    1.00 INCH OR MORE:   0

[HDD (BASE 65) ]
TOTAL THIS MO.   781    CLEAR  (SCALE 0-3)   3
DPTR FM NORMAL   -18    PTCLDY (SCALE 4-7)   9
TOTAL FM JUL 1  4279    CLOUDY (SCALE 8-10)  8
DPTR FM NORMAL  -360

[CDD (BASE 65) ]
TOTAL THIS MO.     0
DPTR FM NORMAL     0    [PRESSURE DATA]
TOTAL FM JAN 1     0    HIGHEST SLP M ON M
DPTR FM NORMAL     0    LOWEST  SLP 29.37 ON  2

[REMARKS]
