000
CXUS53 KGRR 201017
CF6LAN
PRELIMINARY LOCAL CLIMATOLOGICAL DATA (WS FORM: F-6)

                                          STATION:   LANSING
                                          MONTH:     OCTOBER
                                          YEAR:      2020
                                          LATITUDE:   42 46 N
                                          LONGITUDE:  84 36 W

  TEMPERATURE IN F:       :PCPN:    SNOW:  WIND      :SUNSHINE: SKY     :PK WND
================================================================================
1   2   3   4   5  6A  6B    7    8   9   10  11  12  13   14  15   16   17  18
                                     12Z  AVG MX 2MIN
DY MAX MIN AVG DEP HDD CDD  WTR  SNW DPTH SPD SPD DIR MIN PSBL S-S WX    SPD DR
================================================================================

 1  59  42  51  -5  14   0 0.31  0.0    0  8.4 23 260   M    M   5 13     30 260
 2  53  34  44 -11  21   0 0.00  0.0    0  6.3 16 270   M    M   5        19 270
 3  51  36  44 -11  21   0    T  0.0    0  2.7  8 120   M    M   7        13 120
 4  55  40  48  -6  17   0 0.06  0.0    0  4.8 12  30   M    M   9 1      16 340
 5  59  33  46  -8  19   0 0.00  0.0    0  6.7 17 180   M    M   0 12     24 220
 6  68  47  58   4   7   0 0.00  0.0    0 11.8 20 220   M    M   0        26 230
 7  70  43  57   4   8   0 0.00  0.0    0 12.4 29 310   M    M   2        41 300
 8  68  38  53   0  12   0 0.00  0.0    0  5.1 22 280   M    M   0        35 250
 9  78  37  58   5   7   0 0.00  0.0    0  9.0 23 220   M    M   0        31 220
10  71  50  61   9   4   0 0.00  0.0    0 12.0 18 260   M    M   3        27 260
11  67  46  57   5   8   0 0.00  0.0    0  7.7 15 100   M    M   4        20 100
12  68  46  57   5   8   0 0.45  0.0    0 11.2 32 290   M    M   7 13     42 300
13  67  42  55   4  10   0 0.00  0.0    0  8.4 21 220   M    M   1        29 210
14  69  41  55   4  10   0    T  0.0    0  9.3 26 200   M    M   1        41 200
15  60  34  47  -3  18   0    T  0.0    0 11.7 28 270   M    M   6        37 270
16  53  30  42  -8  23   0 0.01  0.0    0  9.3 33 270   M    M   4        47 270
17  54  32  43  -7  22   0    T  0.0    0  9.7 22 160   M    M   6 1      32 150
18  53  37  45  -5  20   0 0.18  0.0    0  9.5 20 190   M    M   9 1      30 170
19  49  36  43  -6  22   0 0.06  0.0    0  1.6 12  30   M    M   6 1      18  10
================================================================================
SM 1172  744       271   0  1.07     0.0 157.6          M       75
================================================================================
AV 61.7 39.2                               8.3 FASTST   M    M   4    MAX(MPH)
                                 MISC ---->  # 33 270               # 47  270
================================================================================
NOTES:
# LAST OF SEVERAL OCCURRENCES

COLUMN 17 PEAK WIND IN M.P.H.

PRELIMINARY LOCAL CLIMATOLOGICAL DATA (WS FORM: F-6) , PAGE 2

                                          STATION:  LANSING
                                          MONTH:    OCTOBER
                                          YEAR:     2020
                                          LATITUDE:   42 46 N
                                          LONGITUDE:  84 36 W

[TEMPERATURE DATA]      [PRECIPITATION DATA]       SYMBOLS USED IN COLUMN 16

AVERAGE MONTHLY: 50.4   TOTAL FOR MONTH:   1.07    1 = FOG OR MIST
DPTR FM NORMAL:  -1.9   DPTR FM NORMAL:   -0.51    2 = FOG REDUCING VISIBILITY
HIGHEST:    78 ON  9    GRTST 24HR  0.45 ON 12-12      TO 1/4 MILE OR LESS
LOWEST:     30 ON 16                               3 = THUNDER
                        SNOW, ICE PELLETS, HAIL    4 = ICE PELLETS
                        TOTAL MONTH:   0.0 INCH    5 = HAIL
                        GRTST 24HR     0.0         6 = FREEZING RAIN OR DRIZZLE
                        GRTST DEPTH:   0           7 = DUSTSTORM OR SANDSTORM:
                                                       VSBY 1/2 MILE OR LESS
                                                   8 = SMOKE OR HAZE
[NO. OF DAYS WITH]      [WEATHER - DAYS WITH]      9 = BLOWING SNOW
                                                   X = TORNADO
MAX 32 OR BELOW:   0    0.01 INCH OR MORE:   6
MAX 90 OR ABOVE:   0    0.10 INCH OR MORE:   3
MIN 32 OR BELOW:   2    0.50 INCH OR MORE:   0
MIN  0 OR BELOW:   0    1.00 INCH OR MORE:   0

[HDD (BASE 65) ]
TOTAL THIS MO.   271    CLEAR  (SCALE 0-3)   7
DPTR FM NORMAL    24    PTCLDY (SCALE 4-7)  10
TOTAL FM JUL 1   418    CLOUDY (SCALE 8-10)  2
DPTR FM NORMAL   -17

[CDD (BASE 65) ]
TOTAL THIS MO.     0
DPTR FM NORMAL    -4    [PRESSURE DATA]
TOTAL FM JAN 1   825    HIGHEST SLP M ON M
DPTR FM NORMAL   203    LOWEST  SLP 29.48 ON 14

[REMARKS]
