000
CXUS55 KCYS 251000
CF6LAR
PRELIMINARY LOCAL CLIMATOLOGICAL DATA (WS FORM: F-6)

                                          STATION:   LARAMIE WYOMING AIRPORT
                                          MONTH:     SEPTEMBER
                                          YEAR:      2018
                                          LATITUDE:   41 18 N
                                          LONGITUDE: 105 40 W

  TEMPERATURE IN F:       :PCPN:    SNOW:  WIND      :SUNSHINE: SKY     :PK WND
================================================================================
1   2   3   4   5  6A  6B    7    8   9   10  11  12  13   14  15   16   17  18
                                     12Z  AVG MX 2MIN
DY MAX MIN AVG DEP HDD CDD  WTR  SNW DPTH SPD SPD DIR MIN PSBL S-S WX    SPD DR
================================================================================

 1  78  43  61   2   4   0 0.00    M    M  8.2 20 280   M    M   1        26 270
 2  78  39  59   1   6   0 0.00    M    M  9.1 22 160   M    M   2        26 110
 3  74  43  59   1   6   0 0.00    M    M 10.0 29 130   M    M   1 3      35 140
 4  76  39  58   0   7   0    T    M    M  6.9 26 160   M    M   0 3      31 160
 5  73  45  59   2   6   0 0.00    M    M 16.7 29 160   M    M   3        34 160
 6  72  47  60   3   5   0 0.01    M    M 11.3 24 130   M    M   1 3      27 130
 7  78  34  56  -1   9   0 0.00    M    M  7.9 16 130   M    M   0        21  50
 8  79  44  62   6   3   0    T    M    M  9.7 38 300   M    M   2        50 290
 9  81  38  60   4   5   0 0.00    M    M 10.9 24 290   M    M   1        33 290
10  83  37  60   4   5   0 0.00    M    M  8.3 20 330   M    M   0        23 320
11  83  43  63   8   2   0    T    M    M 11.3 41 250   M    M   1 3      58 250
12  85  45  65  10   0   0 0.00    M    M 13.3 31 210   M    M   0        36 240
13  85  40  63   9   2   0 0.00    M    M 12.7 35 240   M    M   0 8      48 200
14  84  43  64  10   1   0 0.00    M    M 11.0 23 240   M    M   0        31 250
15  86  40  63   9   2   0 0.00    M    M 11.6 23 150   M    M   0        28 140
16  85  49  67  14   0   2 0.00    M    M  8.7 25 240   M    M   2 8      35 230
17  80  47  64  11   1   0    T    M    M  9.5 38 220   M    M   2 3      50 210
18  85  45  65  13   0   0    T    M    M 11.2 26 230   M    M   3        35 240
19  78  43  61   9   4   0 0.00  0.0    0 13.2 46 190   M    M   2 8      63 190
20  70  38  54   2  11   0 0.00  0.0    0 14.5 37 270   M    M   1 8      46 260
21  73  33  53   2  12   0 0.00    M    M 10.3 22 150   M    M   0        25 150
22  78  31  55   4  10   0 0.00    M    M 11.0 25 250   M    M   1 8      30 240
23  75  38  57   7   8   0 0.00    M    M 10.4 25 250   M    M   4 8      30 240
24  70  37  54   4  11   0 0.06    M    0 17.8 44 220   M    M   5 1      51 220
================================================================================
SM 1889  981       120   2  0.07     0.0 265.5          M       32
================================================================================
AV 78.7 40.9                              11.1 FASTST   M    M   1    MAX(MPH)
                                 MISC ---->  # 46 190               # 63  190
================================================================================
NOTES:
# LAST OF SEVERAL OCCURRENCES

COLUMN 17 PEAK WIND IN M.P.H.

PRELIMINARY LOCAL CLIMATOLOGICAL DATA (WS FORM: F-6) , PAGE 2

                                          STATION:  LARAMIE WYOMING AIRPORT
                                          MONTH:    SEPTEMBER
                                          YEAR:     2018
                                          LATITUDE:   41 18 N
                                          LONGITUDE: 105 40 W

[TEMPERATURE DATA]      [PRECIPITATION DATA]       SYMBOLS USED IN COLUMN 16

AVERAGE MONTHLY: 59.8   TOTAL FOR MONTH:   0.07    1 = FOG OR MIST
DPTR FM NORMAL:   5.3   DPTR FM NORMAL:   -0.84    2 = FOG REDUCING VISIBILITY
HIGHEST:    86 ON 15    GRTST 24HR  0.06 ON 24-24      TO 1/4 MILE OR LESS
LOWEST:     31 ON 22                               3 = THUNDER
                        SNOW, ICE PELLETS, HAIL    4 = ICE PELLETS
                        TOTAL MONTH:   0.0 INCH    5 = HAIL
                        GRTST 24HR     0.0         6 = FREEZING RAIN OR DRIZZLE
                        GRTST DEPTH:   0           7 = DUSTSTORM OR SANDSTORM:
                                                       VSBY 1/2 MILE OR LESS
                                                   8 = SMOKE OR HAZE
[NO. OF DAYS WITH]      [WEATHER - DAYS WITH]      9 = BLOWING SNOW
                                                   X = TORNADO
MAX 32 OR BELOW:   0    0.01 INCH OR MORE:   2
MAX 90 OR ABOVE:   0    0.10 INCH OR MORE:   0
MIN 32 OR BELOW:   1    0.50 INCH OR MORE:   0
MIN  0 OR BELOW:   0    1.00 INCH OR MORE:   0

[HDD (BASE 65) ]
TOTAL THIS MO.   120    CLEAR  (SCALE 0-3)  22
DPTR FM NORMAL  -133    PTCLDY (SCALE 4-7)   2
TOTAL FM JUL 1   234    CLOUDY (SCALE 8-10)  0
DPTR FM NORMAL  -191

[CDD (BASE 65) ]
TOTAL THIS MO.     2
DPTR FM NORMAL     2    [PRESSURE DATA]
TOTAL FM JAN 1   109    HIGHEST SLP M ON M
DPTR FM NORMAL    43    LOWEST  SLP 29.61 ON 12

[REMARKS]
