000
CXUS55 KCYS 201000
CF6LAR
PRELIMINARY LOCAL CLIMATOLOGICAL DATA (WS FORM: F-6)

                                          STATION:   LARAMIE WYOMING AIRPORT
                                          MONTH:     JUNE
                                          YEAR:      2018
                                          LATITUDE:   41 18 N
                                          LONGITUDE: 105 40 W

  TEMPERATURE IN F:       :PCPN:    SNOW:  WIND      :SUNSHINE: SKY     :PK WND
================================================================================
1   2   3   4   5  6A  6B    7    8   9   10  11  12  13   14  15   16   17  18
                                     12Z  AVG MX 2MIN
DY MAX MIN AVG DEP HDD CDD  WTR  SNW DPTH SPD SPD DIR MIN PSBL S-S WX    SPD DR
================================================================================

 1  73  44  59   6   6   0 0.00    M    M 19.4 47 270   M    M   0        61 280
 2  70  34  52  -1  13   0 0.00    M    M  9.8 23 260   M    M   0        26 250
 3  77  39  58   5   7   0 0.00    M    M  9.1 21 140   M    M   0        32 110
 4  82  42  62   8   3   0 0.00    M    M 10.2 35 290   M    M   1        45 290
 5  86  44  65  11   0   0 0.00    M    M 12.1 30 220   M    M   0        38 210
 6  86  42  64  10   1   0 0.00    M    M  9.9 36 150   M    M   0 3      43 140
 7  86  45  66  12   0   1 0.00    M    M 10.8 23 170   M    M   0        29 170
 8  85  44  65  10   0   0 0.00    M    M  9.8 22 260   M    M   0        31 250
 9  86  39  63   8   2   0 0.00    M    M 12.7 25 230   M    M   0        32 230
10  83  44  64   9   1   0 0.00    M    M 16.7 28 230   M    M   0        47 200
11  78  39  59   3   6   0 0.00    M    M 11.3 24 240   0    0   0        36 230
12  80  37  59   3   6   0 0.00    M    M 12.8 30 300   M    M   0        39 300
13  87  46  67  11   0   2 0.00    M    M 11.2 23 270   M    M   0 8      32 240
14  86  42  64   7   1   0 0.00    M    M 14.6 35 220   M    M   1 8      42 200
15  86  50  68  11   0   3    T    M    M 15.1 31 210   M    M   1 38     49 200
16  78  50  64   7   1   0 0.44    M    M  7.9 29 170   M    M   6 13     34 170
17  59  51  55  -3  10   0 0.21    M    M  8.2 18  60   M    M  10 1      22  60
18  78  46  62   4   3   0 0.00    M    M 12.2 26 210   M    M   3        35 220
19  70  46  58   0   7   0 0.02    M    0 14.1 35 160   M    M   3 3      40 150
================================================================================
SM 1516  824        67   6  0.67    M    227.9            0     25
================================================================================
AV 79.8 43.4                              12.0 FASTST    0   0   1    MAX(MPH)
                                 MISC ---->  # 47 270               # 61  280
================================================================================
NOTES:
# LAST OF SEVERAL OCCURRENCES

COLUMN 17 PEAK WIND IN M.P.H.

PRELIMINARY LOCAL CLIMATOLOGICAL DATA (WS FORM: F-6) , PAGE 2

                                          STATION:  LARAMIE WYOMING AIRPORT
                                          MONTH:    JUNE
                                          YEAR:     2018
                                          LATITUDE:   41 18 N
                                          LONGITUDE: 105 40 W

[TEMPERATURE DATA]      [PRECIPITATION DATA]       SYMBOLS USED IN COLUMN 16

AVERAGE MONTHLY: 61.6   TOTAL FOR MONTH:   0.67    1 = FOG OR MIST
DPTR FM NORMAL:   6.2   DPTR FM NORMAL:   -0.41    2 = FOG REDUCING VISIBILITY
HIGHEST:    87 ON 13    GRTST 24HR  0.44 ON 16-16      TO 1/4 MILE OR LESS
LOWEST:     34 ON  2                               3 = THUNDER
                        SNOW, ICE PELLETS, HAIL    4 = ICE PELLETS
                        TOTAL MONTH:    M          5 = HAIL
                        GRTST 24HR    M  ON   M    6 = FREEZING RAIN OR DRIZZLE
                        GRTST DEPTH:   0           7 = DUSTSTORM OR SANDSTORM:
                                                       VSBY 1/2 MILE OR LESS
                                                   8 = SMOKE OR HAZE
[NO. OF DAYS WITH]      [WEATHER - DAYS WITH]      9 = BLOWING SNOW
                                                   X = TORNADO
MAX 32 OR BELOW:   0    0.01 INCH OR MORE:   3
MAX 90 OR ABOVE:   0    0.10 INCH OR MORE:   2
MIN 32 OR BELOW:   0    0.50 INCH OR MORE:   0
MIN  0 OR BELOW:   0    1.00 INCH OR MORE:   0

[HDD (BASE 65) ]
TOTAL THIS MO.    67    CLEAR  (SCALE 0-3)  16
DPTR FM NORMAL  -116    PTCLDY (SCALE 4-7)   2
TOTAL FM JUL 1  7822    CLOUDY (SCALE 8-10)  1
DPTR FM NORMAL  -950

[CDD (BASE 65) ]
TOTAL THIS MO.     6
DPTR FM NORMAL     6    [PRESSURE DATA]
TOTAL FM JAN 1     6    HIGHEST SLP  0.00 ON 11
DPTR FM NORMAL     6    LOWEST  SLP 29.49 ON 10

[REMARKS]
