000
CXUS55 KVEF 270910
CF6LAS
PRELIMINARY LOCAL CLIMATOLOGICAL DATA (WS FORM: F-6)

                                          STATION:   LAS VEGAS NV
                                          MONTH:     MAY
                                          YEAR:      2020
                                          LATITUDE:   36  4 N
                                          LONGITUDE: 115 10 W

  TEMPERATURE IN F:       :PCPN:    SNOW:  WIND      :SUNSHINE: SKY     :PK WND
================================================================================
1   2   3   4   5  6A  6B    7    8   9   10  11  12  13   14  15   16   17  18
                                     12Z  AVG MX 2MIN
DY MAX MIN AVG DEP HDD CDD  WTR  SNW DPTH SPD SPD DIR MIN PSBL S-S WX    SPD DR
================================================================================

 1  94  71  83  11   0  18 0.00  0.0    0 11.6 22 240   M    M   1        30 200
 2  91  70  81   8   0  16 0.00  0.0    0  8.2 17 180   M    M   1        24 250
 3  91  68  80   7   0  15 0.00  0.0    0 12.1 25 260   M    M   4        36 260
 4  88  68  78   5   0  13 0.00  0.0    0  7.3 26 340   M    M   1        32 350
 5  93  64  79   5   0  14 0.00  0.0    0  3.3 12  20   M    M   1        14  30
 6 101   M   M   M   M   M 0.00  0.0    0  5.4 14 260   M    M   7        18 290
 7  93  73  83   9   0  18 0.00  0.0    0  9.6 24  10   M    M   6        29 360
 8  94  69  82   7   0  17 0.00  0.0    0  6.2 18  60   M    M   2        22  60
 9 100  69  85  10   0  20 0.00  0.0    0  6.1 18 220   M    M   4        24 220
10  99  76  88  12   0  23 0.00  0.0    0  8.2 22 270   M    M   5        30 240
11  91  73  82   6   0  17 0.00  0.0    0 14.9 29 230   M    M   3        37 220
12  83  67  75  -1   0  10 0.00  0.0    0 17.6 31 230   M    M   3        44 200
13  84  62  73  -3   0   8 0.00  0.0    0  8.8 22 200   M    M   3        31 190
14  86  63  75  -2   0  10 0.00  0.0    0  7.2 20 200   M    M   4        26 200
15  89  67  78   1   0  13 0.00  0.0    0  5.4 13 200   M    M   3        18 210
16  92  71  82   4   0  17 0.00  0.0    0  5.4 15  90   M    M   4        19 130
17  94  75  85   7   0  20 0.00  0.0    M 11.7 23 180   M    M   6        33 180
18  89  67  78   0   0  13 0.00  0.0    0 14.2 25 240   M    M   2        38 260
19  74  58  66 -12   0   1 0.00  0.0    0 14.5 24 220   M    M   2        35 240
20  79  57  68 -11   0   3 0.00    M    M  5.3 14 340   M    M   3        18  90
21  86  63  75  -4   0  10 0.00  0.0    M  5.7 13 220   M    M   1        17 180
22  89  69  79   0   0  14 0.00  0.0    M 14.6 32 220   M    M   3        45 220
23  82  65  74  -6   0   9 0.00  0.0    M 14.1 30 360   M    M   1        40 360
24  88  65  77  -3   0  12 0.00  0.0    0  5.9 18  40   M    M   3        23 320
25  90  68  79  -1   0  14 0.00  0.0    0  6.9 18  60   M    M   1        23  20
26 100  69  85   5   0  20 0.00  0.0    0  4.9 13  80   M    M   1        16  70
================================================================================
SM 2340 1687         0 345  0.00  0.0    235.1          M       75
================================================================================
AV 90.0 67.5                               9.0 FASTST   M    M   3    MAX(MPH)
                                 MISC ---->    32 220                 45 220
================================================================================
NOTES:
# LAST OF SEVERAL OCCURRENCES

COLUMN 17 PEAK WIND IN M.P.H.

PRELIMINARY LOCAL CLIMATOLOGICAL DATA (WS FORM: F-6) , PAGE 2

                                          STATION:   LAS VEGAS NV
                                          MONTH:     MAY
                                          YEAR:      2020
                                          LATITUDE:   36  4 N
                                          LONGITUDE: 115 10 W

[TEMPERATURE DATA]      [PRECIPITATION DATA]       SYMBOLS USED IN COLUMN 16

AVERAGE MONTHLY: 78.7   TOTAL FOR MONTH:   0.00    1 = FOG OR MIST
DPTR FM NORMAL:   2.2   DPTR FM NORMAL:   -0.10    2 = FOG REDUCING VISIBILITY
HIGHEST:   101 ON  6    GRTST 24HR  0.00 ON  1- 1      TO 1/4 MILE OR LESS
LOWEST:     57 ON 20                               3 = THUNDER
                        SNOW, ICE PELLETS, HAIL    4 = ICE PELLETS
                        TOTAL MONTH:   0.0 INCH    5 = HAIL
                        GRTST 24HR  0.0            6 = FREEZING RAIN OR DRIZZLE
                        GRTST DEPTH:  0            7 = DUSTSTORM OR SANDSTORM:
                                                       VSBY 1/2 MILE OR LESS
                                                   8 = SMOKE OR HAZE
[NO. OF DAYS WITH]      [WEATHER - DAYS WITH]      9 = BLOWING SNOW
                                                   X = TORNADO
MAX 32 OR BELOW:   0    0.01 INCH OR MORE:   0
MAX 90 OR ABOVE:  14    0.10 INCH OR MORE:   0
MIN 32 OR BELOW:   0    0.50 INCH OR MORE:   0
MIN  0 OR BELOW:   0    1.00 INCH OR MORE:   0

[HDD (BASE 65) ]
TOTAL THIS MO.     0    CLEAR  (SCALE 0-3)  16
DPTR FM NORMAL    -4    PTCLDY (SCALE 4-7)  10
TOTAL FM JUL 1  1751    CLOUDY (SCALE 8-10)  0
DPTR FM NORMAL  -196

[CDD (BASE 65) ]
TOTAL THIS MO.   345
DPTR FM NORMAL    37    [PRESSURE DATA]
TOTAL FM JAN 1   523    HIGHEST SLP M ON M
DPTR FM NORMAL    55    LOWEST  SLP 29.51 ON 22

[REMARKS]
