000
CXUS54 KOUN 190700
CF6LAW
PRELIMINARY LOCAL CLIMATOLOGICAL DATA (WS FORM: F-6)

                                          STATION:   LAWTON
                                          MONTH:     OCTOBER
                                          YEAR:      2019
                                          LATITUDE:   34 34 N
                                          LONGITUDE:  98 25 W

  TEMPERATURE IN F:       :PCPN:    SNOW:  WIND      :SUNSHINE: SKY     :PK WND
================================================================================
1   2   3   4   5  6A  6B    7    8   9   10  11  12  13   14  15   16   17  18
                                     12Z  AVG MX 2MIN
DY MAX MIN AVG DEP HDD CDD  WTR  SNW DPTH SPD SPD DIR MIN PSBL S-S WX    SPD DR
================================================================================

 1  91  76  84  15   0  19 0.00  0.0    0 12.4 22 170   M    M   4        30 160
 2  93  71  82  13   0  17 0.00  0.0    0  7.8 20 170   M    M   3        25 190
 3  82  60  71   3   0   6 0.00  0.0    0 13.9 22  10   M    M   2        28  20
 4  85  59  72   4   0   7 0.00  0.0    0  7.2 17  20   M    M   3        22  30
 5  94  70  82  14   0  17 0.00  0.0    0 10.0 23  20   M    M   5 1      29  30
 6  78  59  69   2   0   4 0.00  0.0    0 15.2 32  20   M    M   2        41  10
 7  76  45  61  -6   4   0 0.00  0.0    0  8.5 18  40   M    M   0 8      23  40
 8  79  42  61  -6   4   0 0.00  0.0    0  8.1 18 150   M    M   0        24 160
 9  86  62  74   8   0   9 0.02  0.0    0 14.9 26 170   M    M   3 3      33 180
10  82  47  65  -1   0   0 0.00  0.0    0 19.0 33  10   M    M   3 3      44 360
11  60  32  46 -20  19   0 0.00  0.0    0 13.9 33 360   M    M   2        42 360
12  69  28  49 -16  16   0 0.00  0.0    0  6.4 18 190   M    M   0        25 190
13  82  38  60  -5   5   0 0.00  0.0    0  7.0 17 160   M    M   0        26 160
14  87  55  71   7   0   6 0.00  0.0    0  9.2 20 170   M    M   0        23 170
15  89  58  74  10   0   9 0.00  0.0    0 13.6 30  20   M    M   3 12     40  10
16  72  41  57  -7   8   0 0.00  0.0    0  5.8 17  10   M    M   0        22  10
17  80  36  58  -5   7   0 0.00  0.0    0  6.8 17 170   M    M   0 18     23 190
18  81  42  62  -1   3   0 0.00  0.0    0 11.4 25 140   M    M   0        33 140
================================================================================
SM 1466  921        66  94  0.02     0.0 191.1          M       30
================================================================================
AV 81.4 51.2                              10.6 FASTST   M    M   2    MAX(MPH)
                                 MISC ---->  # 33  10               # 44  360
================================================================================
NOTES:
# LAST OF SEVERAL OCCURRENCES

COLUMN 17 PEAK WIND IN M.P.H.

PRELIMINARY LOCAL CLIMATOLOGICAL DATA (WS FORM: F-6) , PAGE 2

                                          STATION:  LAWTON
                                          MONTH:    OCTOBER
                                          YEAR:     2019
                                          LATITUDE:   34 34 N
                                          LONGITUDE:  98 25 W

[TEMPERATURE DATA]      [PRECIPITATION DATA]       SYMBOLS USED IN COLUMN 16

AVERAGE MONTHLY: 66.3   TOTAL FOR MONTH:   0.02    1 = FOG OR MIST
DPTR FM NORMAL:   0.2   DPTR FM NORMAL:   -2.17    2 = FOG REDUCING VISIBILITY
HIGHEST:    94 ON  5    GRTST 24HR  0.02 ON  9- 9      TO 1/4 MILE OR LESS
LOWEST:     28 ON 12                               3 = THUNDER
                        SNOW, ICE PELLETS, HAIL    4 = ICE PELLETS
                        TOTAL MONTH:   0.0 INCH    5 = HAIL
                        GRTST 24HR     0.0         6 = FREEZING RAIN OR DRIZZLE
                        GRTST DEPTH:   0           7 = DUSTSTORM OR SANDSTORM:
                                                       VSBY 1/2 MILE OR LESS
                                                   8 = SMOKE OR HAZE
[NO. OF DAYS WITH]      [WEATHER - DAYS WITH]      9 = BLOWING SNOW
                                                   X = TORNADO
MAX 32 OR BELOW:   0    0.01 INCH OR MORE:   1
MAX 90 OR ABOVE:   3    0.10 INCH OR MORE:   0
MIN 32 OR BELOW:   2    0.50 INCH OR MORE:   0
MIN  0 OR BELOW:   0    1.00 INCH OR MORE:   0

[HDD (BASE 65) ]
TOTAL THIS MO.    66    CLEAR  (SCALE 0-3)  14
DPTR FM NORMAL    18    PTCLDY (SCALE 4-7)   4
TOTAL FM JUL 1    66    CLOUDY (SCALE 8-10)  0
DPTR FM NORMAL     7

[CDD (BASE 65) ]
TOTAL THIS MO.    94
DPTR FM NORMAL    27    [PRESSURE DATA]
TOTAL FM JAN 1  2582    HIGHEST SLP M ON M
DPTR FM NORMAL   286    LOWEST  SLP 29.63 ON 18

[REMARKS]
