000
CXUS54 KOUN 180700
CF6LAW
PRELIMINARY LOCAL CLIMATOLOGICAL DATA (WS FORM: F-6)

                                          STATION:   LAWTON
                                          MONTH:     DECEMBER
                                          YEAR:      2018
                                          LATITUDE:   34 34 N
                                          LONGITUDE:  98 25 W

  TEMPERATURE IN F:       :PCPN:    SNOW:  WIND      :SUNSHINE: SKY     :PK WND
================================================================================
1   2   3   4   5  6A  6B    7    8   9   10  11  12  13   14  15   16   17  18
                                     12Z  AVG MX 2MIN
DY MAX MIN AVG DEP HDD CDD  WTR  SNW DPTH SPD SPD DIR MIN PSBL S-S WX    SPD DR
================================================================================

 1  68  40  54  10  11   0 0.00  0.0    0 12.9 25 280   M    M   0        36 290
 2  57  33  45   1  20   0 0.00  0.0    0  5.9 17 350   M    M   1        24 340
 3  47  29  38  -6  27   0    T    T    0 11.6 21  20   M    M   3        25 360
 4  34  20  27 -16  38   0 0.00  0.0    0  3.0 10  30   M    M   4 1      12  50
 5  54  19  37  -6  28   0 0.00  0.0    0  7.8 18 160   M    M   1 1      24 170
 6  53  40  47   4  18   0 0.00  0.0    0 12.5 22  30   M    M   9        28  20
 7  40  34  37  -5  28   0 0.04  0.0    0 13.6 21  10   M    M  10 18     24  10
 8  36  32  34  -8  31   0 0.19  2.0    0 10.9 21  10   M    M  10 1      26  10
 9  50  28  39  -3  26   0 0.00  0.0    2  5.6 17 350   M    M   3        22 350
10  55  22  39  -3  26   0 0.00  0.0    T  2.5 12  10   M    M   0        14  10
11  57  23  40  -1  25   0 0.00  0.0    0  6.2 20 190   M    M   0        24 200
12  58  35  47   6  18   0 0.00  0.0    0  4.3 13 180   M    M   1 1      17 170
13  52  38  45   4  20   0 0.60  0.0    0 23.6 49  10   M    M   7 12     63  10
14  55  37  46   5  19   0 0.06  0.0    0 19.7 36 350   M    M   5        43 360
15  60  27  44   4  21   0 0.00  0.0    0  3.8 12 350   M    M   0        15  10
16  59  30  45   5  20   0 0.00  0.0    0  4.0 13  20   M    M   0        15 350
17  53  30  42   2  23   0 0.00  0.0    0  3.3 12  30   M    M   0        13  30
================================================================================
SM  888  517       399   0  0.89     2.0 151.2          M       54
================================================================================
AV 52.2 30.4                               8.9 FASTST   M    M   3    MAX(MPH)
                                 MISC ---->  # 49  10               # 63   10
================================================================================
NOTES:
# LAST OF SEVERAL OCCURRENCES

COLUMN 17 PEAK WIND IN M.P.H.

PRELIMINARY LOCAL CLIMATOLOGICAL DATA (WS FORM: F-6) , PAGE 2

                                          STATION:  LAWTON
                                          MONTH:    DECEMBER
                                          YEAR:     2018
                                          LATITUDE:   34 34 N
                                          LONGITUDE:  98 25 W

[TEMPERATURE DATA]      [PRECIPITATION DATA]       SYMBOLS USED IN COLUMN 16

AVERAGE MONTHLY: 41.3   TOTAL FOR MONTH:   0.89    1 = FOG OR MIST
DPTR FM NORMAL:  -0.6   DPTR FM NORMAL:   -0.17    2 = FOG REDUCING VISIBILITY
HIGHEST:    68 ON  1    GRTST 24HR  0.60 ON 13-13      TO 1/4 MILE OR LESS
LOWEST:     19 ON  5                               3 = THUNDER
                        SNOW, ICE PELLETS, HAIL    4 = ICE PELLETS
                        TOTAL MONTH:   2.0 INCHES  5 = HAIL
                        GRTST 24HR   2.0 ON  8- 8  6 = FREEZING RAIN OR DRIZZLE
                        GRTST DEPTH:   2 ON  9     7 = DUSTSTORM OR SANDSTORM:
                                                       VSBY 1/2 MILE OR LESS
                                                   8 = SMOKE OR HAZE
[NO. OF DAYS WITH]      [WEATHER - DAYS WITH]      9 = BLOWING SNOW
                                                   X = TORNADO
MAX 32 OR BELOW:   0    0.01 INCH OR MORE:   4
MAX 90 OR ABOVE:   0    0.10 INCH OR MORE:   2
MIN 32 OR BELOW:  10    0.50 INCH OR MORE:   1
MIN  0 OR BELOW:   0    1.00 INCH OR MORE:   0

[HDD (BASE 65) ]
TOTAL THIS MO.   399    CLEAR  (SCALE 0-3)   9
DPTR FM NORMAL     6    PTCLDY (SCALE 4-7)   5
TOTAL FM JUL 1  1112    CLOUDY (SCALE 8-10)  3
DPTR FM NORMAL   156

[CDD (BASE 65) ]
TOTAL THIS MO.     0
DPTR FM NORMAL     0    [PRESSURE DATA]
TOTAL FM JAN 1  2672    HIGHEST SLP M ON M
DPTR FM NORMAL   352    LOWEST  SLP 29.28 ON  1

[REMARKS]
