000
CXUS55 KLOX 211655
CF6LAX
PRELIMINARY LOCAL CLIMATOLOGICAL DATA (WS FORM: F-6)

                                          STATION:   LOS ANGELES INTL AIRPORT CA
                                          MONTH:     JULY
                                          YEAR:      2018
                                          LATITUDE:   33 55 N
                                          LONGITUDE: 118 24 W

  TEMPERATURE IN F:       :PCPN:    SNOW:  WIND      :SUNSHINE: SKY     :PK WND
================================================================================
1   2   3   4   5  6A  6B    7    8   9   10  11  12  13   14  15   16   17  18
                                     12Z  AVG MX 2MIN
DY MAX MIN AVG DEP HDD CDD  WTR  SNW DPTH SPD SPD DIR MIN PSBL S-S WX    SPD DR
================================================================================

 1  73  65  69   1   0   4 0.00  0.0    0  9.3 16 260   M    M   6        21 270
 2  72  64  68   0   0   3 0.00  0.0    0 10.5 18 250   M    M   6        24 270
 3  73  65  69   1   0   4 0.00  0.0    0  8.1 15 260   M    M   6        21 210
 4  75  65  70   2   0   5 0.00  0.0    0  9.2 16 260   M    M   4        20 260
 5  80  64  72   4   0   7 0.00  0.0    0  9.7 23 260   M    M   5        26 260
 6  92  68  80  12   0  15 0.00  0.0    0  8.4 23 270   M    M   2        30 240
 7  93  74  84  16   0  19 0.00  0.0    0  7.4 16 270   M    M   3        26 150
 8  89  74  82  14   0  17 0.00  0.0    0  6.2 15 250   M    M   3        19 260
 9  91  73  82  14   0  17 0.00  0.0    0  6.9 14 280   M    M   6        21 260
10  85  72  79  11   0  14 0.00  0.0    0  7.8 18 240   M    M   5        22 270
11  80  71  76   7   0  11 0.00  0.0    0  8.2 18 250   M    M   5        24 250
12  79  70  75   6   0  10 0.00  0.0    0  9.8 20 260   M    M   6        24 250
13  76  69  73   4   0   8 0.00  0.0    0 10.5 21 250   M    M   5        26 260
14  78  68  73   4   0   8 0.00  0.0    0  8.7 18 260   M    M   4        23 260
15  78  69  74   5   0   9 0.00  0.0    0  7.3 16 260   M    M   3        21 220
16  79  69  74   5   0   9 0.00  0.0    0  8.6 18 260   M    M   6        23 270
17  76  69  73   4   0   8 0.00  0.0    0  8.3 17 260   M    M   8 18     22 260
18  78  69  74   5   0   9 0.00  0.0    0  7.5 17 260   M    M   7 3      24 290
19  79  69  74   5   0   9 0.00  0.0    0  8.3 17 240   M    M   3        24 250
20  76  68  72   3   0   7 0.00  0.0    0  9.7 15 270   M    M   6        21 250
================================================================================
SM 1602 1375         0 193  0.00     0.0 170.4          M       99
================================================================================
AV 80.1 68.8                               8.5 FASTST   M    M   5    MAX(MPH)
                                 MISC ---->  # 23 260               # 30  240
================================================================================
NOTES:
# LAST OF SEVERAL OCCURRENCES

COLUMN 17 PEAK WIND IN M.P.H.

PRELIMINARY LOCAL CLIMATOLOGICAL DATA (WS FORM: F-6) , PAGE 2

                                          STATION:  LOS ANGELES INTL AIRPORT CA
                                          MONTH:    JULY
                                          YEAR:     2018
                                          LATITUDE:   33 55 N
                                          LONGITUDE: 118 24 W

[TEMPERATURE DATA]      [PRECIPITATION DATA]       SYMBOLS USED IN COLUMN 16

AVERAGE MONTHLY: 74.4   TOTAL FOR MONTH:   0.00    1 = FOG OR MIST
DPTR FM NORMAL:   5.9   DPTR FM NORMAL:   -0.02    2 = FOG REDUCING VISIBILITY
HIGHEST:    93 ON  7    GRTST 24HR  0.00 ON 20-20      TO 1/4 MILE OR LESS
LOWEST:     64 ON  5, 2                            3 = THUNDER
                        SNOW, ICE PELLETS, HAIL    4 = ICE PELLETS
                        TOTAL MONTH:   0.0 INCH    5 = HAIL
                        GRTST 24HR     0.0         6 = FREEZING RAIN OR DRIZZLE
                        GRTST DEPTH:   0           7 = DUSTSTORM OR SANDSTORM:
                                                       VSBY 1/2 MILE OR LESS
                                                   8 = SMOKE OR HAZE
[NO. OF DAYS WITH]      [WEATHER - DAYS WITH]      9 = BLOWING SNOW
                                                   X = TORNADO
MAX 32 OR BELOW:   0    0.01 INCH OR MORE:   0
MAX 90 OR ABOVE:   3    0.10 INCH OR MORE:   0
MIN 32 OR BELOW:   0    0.50 INCH OR MORE:   0
MIN  0 OR BELOW:   0    1.00 INCH OR MORE:   0

[HDD (BASE 65) ]
TOTAL THIS MO.     0    CLEAR  (SCALE 0-3)   4
DPTR FM NORMAL     0    PTCLDY (SCALE 4-7)  16
TOTAL FM JUL 1     0    CLOUDY (SCALE 8-10)  0
DPTR FM NORMAL     0

[CDD (BASE 65) ]
TOTAL THIS MO.   193
DPTR FM NORMAL   121    [PRESSURE DATA]
TOTAL FM JAN 1   318    HIGHEST SLP M ON M
DPTR FM NORMAL   164    LOWEST  SLP 29.74 ON  6

[REMARKS]
