000
CXUS54 KLUB 230755
CF6LBB
PRELIMINARY LOCAL CLIMATOLOGICAL DATA (WS FORM: F-6)

                                          STATION:   LUBBOCK
                                          MONTH:     JANUARY
                                          YEAR:      2019
                                          LATITUDE:   33 39 N
                                          LONGITUDE: 101 49 W

  TEMPERATURE IN F:       :PCPN:    SNOW:  WIND      :SUNSHINE: SKY     :PK WND
================================================================================
1   2   3   4   5  6A  6B    7    8   9   10  11  12  13   14  15   16   17  18
                                     12Z  AVG MX 2MIN
DY MAX MIN AVG DEP HDD CDD  WTR  SNW DPTH SPD SPD DIR MIN PSBL S-S WX    SPD DR
================================================================================

 1  27  20  24 -15  41   0 0.00  0.0    0 11.6 24  40   M    M  10        30  30
 2  32  24  28 -11  37   0 0.00  0.0    0  3.7  9 290   M    M   9 8      12 280
 3  52  23  38  -1  27   0 0.00  0.0    0 10.3 21 320   M    M   5        25 320
 4  65  26  46   6  19   0 0.00  0.0    0  7.5 14 280   M    M   0        17 290
 5  68  26  47   7  18   0 0.00  0.0    0  8.8 15 200   M    M   2        18 170
 6  69  42  56  16   9   0    T  0.0    0 13.8 28 200   M    M   8        33 200
 7  67  41  54  14  11   0 0.00  0.0    0 18.2 31 280   M    M   4 8      36 290
 8  53  33  43   3  22   0 0.00  0.0    0 11.9 29  50   M    M   7 8      34  40
 9  53  31  42   2  23   0    T  0.0    0  8.0 21 180   M    M   7        23 170
10  63  39  51  11  14   0    T  0.0    0 12.0 20 200   M    M   6        24 200
11  60  38  49   9  16   0    T  0.0    0 16.4 30 280   M    M   7        36 280
12  50  30  40   0  25   0 0.00  0.0    0 16.2 31 350   M    M   5        37 340
13  44  24  34  -6  31   0 0.00  0.0    0  6.2 12 110   M    M   5 12     15 130
14  52  28  40   0  25   0 0.00  0.0    0  6.8 16 200   M    M   7 18     21 220
15  59  39  49   9  16   0 0.00  0.0    0 12.6 17 240   M    M   6 18     21 240
16  71  36  54  14  11   0 0.00  0.0    0 12.7 30 270   M    M   6        36 270
17  67  35  51  11  14   0 0.00  0.0    0 10.3 20 280   M    M   3        23 290
18  70  33  52  12  13   0    T  0.1    0 21.4 43 350   M    M   4 18     51 340
19  54  27  41   1  24   0    T    T    0 14.6 33 350   M    M   2 1      41 350
20  63  26  45   5  20   0 0.00  0.0    0 11.5 20 210   M    M   7        24 200
21  74  34  54  14  11   0 0.00  0.0    0 18.4 32 220   M    M   8        39 220
22  51  26  39  -2  26   0 0.00  0.0    0 18.3 33 350   M    M   5        43 340
================================================================================
SM 1264  681       453   0    T      0.1 271.2          M      123
================================================================================
AV 57.5 31.0                              12.3 FASTST   M    M   6    MAX(MPH)
                                 MISC ---->  # 43 350               # 51  340
================================================================================
NOTES:
# LAST OF SEVERAL OCCURRENCES

COLUMN 17 PEAK WIND IN M.P.H.

PRELIMINARY LOCAL CLIMATOLOGICAL DATA (WS FORM: F-6) , PAGE 2

                                          STATION:  LUBBOCK
                                          MONTH:    JANUARY
                                          YEAR:     2019
                                          LATITUDE:   33 39 N
                                          LONGITUDE: 101 49 W

[TEMPERATURE DATA]      [PRECIPITATION DATA]       SYMBOLS USED IN COLUMN 16

AVERAGE MONTHLY: 44.2   TOTAL FOR MONTH:      T    1 = FOG OR MIST
DPTR FM NORMAL:   4.3   DPTR FM NORMAL:   -0.42    2 = FOG REDUCING VISIBILITY
HIGHEST:    74 ON 21    GRTST 24HR    T  ON 19-19      TO 1/4 MILE OR LESS
LOWEST:     20 ON  1                               3 = THUNDER
                        SNOW, ICE PELLETS, HAIL    4 = ICE PELLETS
                        TOTAL MONTH:   0.1 INCH    5 = HAIL
                        GRTST 24HR   0.1 ON 18-18  6 = FREEZING RAIN OR DRIZZLE
                        GRTST DEPTH:   0           7 = DUSTSTORM OR SANDSTORM:
                                                       VSBY 1/2 MILE OR LESS
                                                   8 = SMOKE OR HAZE
[NO. OF DAYS WITH]      [WEATHER - DAYS WITH]      9 = BLOWING SNOW
                                                   X = TORNADO
MAX 32 OR BELOW:   2    0.01 INCH OR MORE:   0
MAX 90 OR ABOVE:   0    0.10 INCH OR MORE:   0
MIN 32 OR BELOW:  12    0.50 INCH OR MORE:   0
MIN  0 OR BELOW:   0    1.00 INCH OR MORE:   0

[HDD (BASE 65) ]
TOTAL THIS MO.   453    CLEAR  (SCALE 0-3)   4
DPTR FM NORMAL   -99    PTCLDY (SCALE 4-7)  15
TOTAL FM JUL 1  1985    CLOUDY (SCALE 8-10)  3
DPTR FM NORMAL    35

[CDD (BASE 65) ]
TOTAL THIS MO.     0
DPTR FM NORMAL     0    [PRESSURE DATA]
TOTAL FM JAN 1     0    HIGHEST SLP M ON M
DPTR FM NORMAL     0    LOWEST  SLP 29.54 ON 22

[REMARKS]
