000
CXUS55 KLBF 231200
CF6LBF
PRELIMINARY LOCAL CLIMATOLOGICAL DATA (WS FORM: F-6)

                                          STATION:   NORTH PLATTE
                                          MONTH:     OCTOBER
                                          YEAR:      2019
                                          LATITUDE:   41  7 N
                                          LONGITUDE: 100 41 W

  TEMPERATURE IN F:       :PCPN:    SNOW:  WIND      :SUNSHINE: SKY     :PK WND
================================================================================
1   2   3   4   5  6A  6B    7    8   9   10  11  12  13   14  15   16   17  18
                                     12Z  AVG MX 2MIN
DY MAX MIN AVG DEP HDD CDD  WTR  SNW DPTH SPD SPD DIR MIN PSBL S-S WX    SPD DR
================================================================================

 1  57  45  51  -4  14   0 0.11  0.0    0 12.7 22  50   M    M  10 1      35  50
 2  54  36  45 -10  20   0 0.10  0.0    0  6.9 15  60   M    M   8 1      22  50
 3  65  32  49  -5  16   0 0.00  0.0    0  6.0 14 130   M    M   1 1      19 130
 4  56  41  49  -5  16   0    T  0.0    0 12.1 20 170   M    M   9 1      31 180
 5  65  36  51  -2  14   0 0.02  0.0    0 12.5 32 330   M    M   2 1      43 330
 6  66  33  50  -3  15   0    T  0.0    0  5.8 22 330   M    M   4        30 310
 7  76  29  53   0  12   0 0.00  0.0    0  8.3 23 220   M    M   0        32 210
 8  76  36  56   4   9   0 0.00  0.0    0  8.5 17 190   M    M   0        27 200
 9  71  40  56   4   9   0 0.02  0.0    0 12.1 26  40   M    M   3 1      41  30
10  40  25  33 -18  32   0 0.03    T    0 20.9 30 350   M    M   9 1      44 350
11  45  21  33 -18  32   0 0.00  0.0    0 14.6 33 330   M    M   2        44 340
12  62  17  40 -11  25   0 0.00  0.0    0 10.2 31 330   M    M   0        42 310
13  68  19  44  -6  21   0 0.00  0.0    0  5.2  9 130   M    M   0        14 310
14  80  27  54   4  11   0 0.00  0.0    0  5.1 15 330   M    M   0        21 220
15  62  26  44  -5  21   0 0.00  0.0    0 10.6 26 340   M    M   0        37 340
16  68  23  46  -3  19   0 0.00  0.0    0  6.4 16 200   M    M   0        24 190
17  84  29  57   8   8   0 0.00  0.0    0  6.4 17 190   M    M   0 18     23 180
18  72  32  52   4  13   0 0.00  0.0    0 10.9 24 350   M    M   1        36 360
19  67  28  48   0  17   0 0.00  0.0    0  7.5 20 320   M    M   0        28 310
20  60  38  49   1  16   0    T  0.0    0 17.6 37 330   M    M   3        49 320
21  52  28  40  -7  25   0    T  0.0    0 27.6 45 340   M    M   5        67 330
22  63  27  45  -2  20   0 0.02  0.0    0 12.5 30 310   M    M   4        43 330
================================================================================
SM 1409  668       385   0  0.30    T    240.4          M       61
================================================================================
AV 64.1 30.4                              10.9 FASTST   M    M   3    MAX(MPH)
                                 MISC ---->  # 45 340               # 67  330
================================================================================
NOTES:
# LAST OF SEVERAL OCCURRENCES

COLUMN 17 PEAK WIND IN M.P.H.

PRELIMINARY LOCAL CLIMATOLOGICAL DATA (WS FORM: F-6) , PAGE 2

                                          STATION:  NORTH PLATTE
                                          MONTH:    OCTOBER
                                          YEAR:     2019
                                          LATITUDE:   41  7 N
                                          LONGITUDE: 100 41 W

[TEMPERATURE DATA]      [PRECIPITATION DATA]       SYMBOLS USED IN COLUMN 16

AVERAGE MONTHLY: 47.2   TOTAL FOR MONTH:   0.30    1 = FOG OR MIST
DPTR FM NORMAL:  -3.7   DPTR FM NORMAL:   -0.88    2 = FOG REDUCING VISIBILITY
HIGHEST:    84 ON 17    GRTST 24HR  0.42 ON 30- 1      TO 1/4 MILE OR LESS
LOWEST:     17 ON 12                               3 = THUNDER
                        SNOW, ICE PELLETS, HAIL    4 = ICE PELLETS
                        TOTAL MONTH:    T          5 = HAIL
                        GRTST 24HR    T  ON 10-10  6 = FREEZING RAIN OR DRIZZLE
                        GRTST DEPTH:   0           7 = DUSTSTORM OR SANDSTORM:
                                                       VSBY 1/2 MILE OR LESS
                                                   8 = SMOKE OR HAZE
[NO. OF DAYS WITH]      [WEATHER - DAYS WITH]      9 = BLOWING SNOW
                                                   X = TORNADO
MAX 32 OR BELOW:   0    0.01 INCH OR MORE:   6
MAX 90 OR ABOVE:   0    0.10 INCH OR MORE:   2
MIN 32 OR BELOW:  14    0.50 INCH OR MORE:   0
MIN  0 OR BELOW:   0    1.00 INCH OR MORE:   0

[HDD (BASE 65) ]
TOTAL THIS MO.   385    CLEAR  (SCALE 0-3)  15
DPTR FM NORMAL    70    PTCLDY (SCALE 4-7)   3
TOTAL FM JUL 1   415    CLOUDY (SCALE 8-10)  4
DPTR FM NORMAL   -71

[CDD (BASE 65) ]
TOTAL THIS MO.     0
DPTR FM NORMAL     0    [PRESSURE DATA]
TOTAL FM JAN 1   922    HIGHEST SLP M ON M
DPTR FM NORMAL   157    LOWEST  SLP 29.38 ON 18

[REMARKS]
