000
CXUS55 KLBF 291200
CF6LBF
PRELIMINARY LOCAL CLIMATOLOGICAL DATA (WS FORM: F-6)

                                          STATION:   NORTH PLATTE
                                          MONTH:     MAY
                                          YEAR:      2020
                                          LATITUDE:   41  7 N
                                          LONGITUDE: 100 41 W

  TEMPERATURE IN F:       :PCPN:    SNOW:  WIND      :SUNSHINE: SKY     :PK WND
================================================================================
1   2   3   4   5  6A  6B    7    8   9   10  11  12  13   14  15   16   17  18
                                     12Z  AVG MX 2MIN
DY MAX MIN AVG DEP HDD CDD  WTR  SNW DPTH SPD SPD DIR MIN PSBL S-S WX    SPD DR
================================================================================

 1  87  49  68  15   0   3    T  0.0    0 11.0 22  50   M    M   0 8      31  40
 2  66  52  59   6   6   0 0.30  0.0    0  7.9 20  60   M    M   6 13     27  60
 3  75  48  62   8   3   0 0.38  0.0    0  5.9 20 180   M    M   7 13     28 190
 4  59  41  50  -4  15   0 1.01  0.0    0  9.2 25  20   M    M   8 13     35  20
 5  70  34  52  -2  13   0 0.00  0.0    0 10.1 24  60   M    M   5        33  70
 6  65  34  50  -5  15   0 0.00  0.0    0  5.0 12  20   M    M   0        17  20
 7  72  41  57   2   8   0 0.00  0.0    0 15.0 39  10   M    M   3 8      53  10
 8  62  34  48  -7  17   0 0.00  0.0    0  8.0 24  20   M    M   2        32  30
 9  62  35  49  -7  16   0    T  0.0    0 12.2 29 360   M    M   5        42  20
10  58  25  42 -14  23   0 0.02  0.0    0  7.4 20  70   M    M   5        26  50
11  44  36  40 -16  25   0    T  0.0    0  8.3 15 150   M    M  10        20 130
12  49  37  43 -14  22   0 0.00  0.0    0 10.8 17 180   M    M  10 1      27 200
13  61  41  51  -6  14   0 0.00  0.0    0  8.4 18 200   M    M   8 12     26 190
14  77  40  59   2   6   0 0.00  0.0    0  6.8 16  40   M    M   2 12     22 330
15  69  47  58   0   7   0 0.58  0.0    0  8.0 29 330   M    M   7 1      40  10
16  71  48  60   2   5   0 0.50  0.0    0  9.2 24 360   M    M   6 1      34 360
17  66  43  55  -3  10   0 0.00  0.0    0  8.5 18  10   M    M   5        25 360
18  72  37  55  -4  10   0 0.00  0.0    0  6.4 15 130   M    M   0 1      23 120
19  78  43  61   2   4   0 0.00  0.0    0  8.3 17 130   M    M   2 12     26 180
20  79  54  67   8   0   2 0.00  0.0    0 14.8 26 150   M    M   0        38 150
21  65  57  61   1   4   0 0.26  0.0    0  6.9 16 130   M    M   9 13     22 150
22  72  52  62   2   3   0 0.00  0.0    0  4.5 10 210   M    M   5 12     14 140
23  78  46  62   2   3   0 0.24  0.0    0 11.1 30 340   M    M   3 13     42 350
24  73  48  61   1   4   0    T  0.0    0 10.9 26  50   M    M   6 3      34  50
25  66  45  56  -5   9   0 0.47  0.0    0 11.0 20 360   M    M   7        28  30
26  77  39  58  -3   7   0 0.00  0.0    0  6.6 17  10   M    M   0        29  20
27  83  44  64   3   1   0 0.00  0.0    0  4.5 15  60   M    M   0        22  30
28  80  52  66   4   0   1    T  0.0    0  9.6 22  40   M    M   3        32  30
================================================================================
SM 1936 1202       250   6  3.76     0.0 246.3          M      124
================================================================================
AV 69.1 42.9                               8.8 FASTST   M    M   4    MAX(MPH)
                                 MISC ---->  # 39  10               # 53   10
================================================================================
NOTES:
# LAST OF SEVERAL OCCURRENCES

COLUMN 17 PEAK WIND IN M.P.H.

PRELIMINARY LOCAL CLIMATOLOGICAL DATA (WS FORM: F-6) , PAGE 2

                                          STATION:  NORTH PLATTE
                                          MONTH:    MAY
                                          YEAR:     2020
                                          LATITUDE:   41  7 N
                                          LONGITUDE: 100 41 W

[TEMPERATURE DATA]      [PRECIPITATION DATA]       SYMBOLS USED IN COLUMN 16

AVERAGE MONTHLY: 56.0   TOTAL FOR MONTH:   3.76    1 = FOG OR MIST
DPTR FM NORMAL:  -1.4   DPTR FM NORMAL:    0.86    2 = FOG REDUCING VISIBILITY
HIGHEST:    87 ON  1    GRTST 24HR  1.01 ON  4- 4      TO 1/4 MILE OR LESS
LOWEST:     25 ON 10                               3 = THUNDER
                        SNOW, ICE PELLETS, HAIL    4 = ICE PELLETS
                        TOTAL MONTH:   0.0 INCH    5 = HAIL
                        GRTST 24HR     0.0         6 = FREEZING RAIN OR DRIZZLE
                        GRTST DEPTH:   0           7 = DUSTSTORM OR SANDSTORM:
                                                       VSBY 1/2 MILE OR LESS
                                                   8 = SMOKE OR HAZE
[NO. OF DAYS WITH]      [WEATHER - DAYS WITH]      9 = BLOWING SNOW
                                                   X = TORNADO
MAX 32 OR BELOW:   0    0.01 INCH OR MORE:   9
MAX 90 OR ABOVE:   0    0.10 INCH OR MORE:   8
MIN 32 OR BELOW:   1    0.50 INCH OR MORE:   3
MIN  0 OR BELOW:   0    1.00 INCH OR MORE:   1

[HDD (BASE 65) ]
TOTAL THIS MO.   250    CLEAR  (SCALE 0-3)  11
DPTR FM NORMAL    19    PTCLDY (SCALE 4-7)  14
TOTAL FM JUL 1  6210    CLOUDY (SCALE 8-10)  3
DPTR FM NORMAL  -411

[CDD (BASE 65) ]
TOTAL THIS MO.     6
DPTR FM NORMAL   -12    [PRESSURE DATA]
TOTAL FM JAN 1     6    HIGHEST SLP M ON M
DPTR FM NORMAL   -15    LOWEST  SLP 29.59 ON 23

[REMARKS]
