000
CXUS55 KLBF 181200
CF6LBF
PRELIMINARY LOCAL CLIMATOLOGICAL DATA (WS FORM: F-6)

                                          STATION:   NORTH PLATTE
                                          MONTH:     DECEMBER
                                          YEAR:      2018
                                          LATITUDE:   41  7 N
                                          LONGITUDE: 100 41 W

  TEMPERATURE IN F:       :PCPN:    SNOW:  WIND      :SUNSHINE: SKY     :PK WND
================================================================================
1   2   3   4   5  6A  6B    7    8   9   10  11  12  13   14  15   16   17  18
                                     12Z  AVG MX 2MIN
DY MAX MIN AVG DEP HDD CDD  WTR  SNW DPTH SPD SPD DIR MIN PSBL S-S WX    SPD DR
================================================================================

 1  36  31  34   6  31   0 0.60  2.8    T 18.7 30  20   M    M  10 1      41  10
 2  34  22  28   0  37   0 0.02  0.4    3 12.4 24 360   M    M  10 18     35 360
 3  25  22  24  -4  41   0 0.00  0.0    2  7.7 14  30   M    M  10        19  10
 4  34  13  24  -3  41   0 0.00  0.0    2  9.2 22 330   M    M   5        28 330
 5  33   8  21  -6  44   0 0.00  0.0    1  6.4 22  40   M    M   2        28  40
 6  27  19  23  -4  42   0 0.00  0.0    1  6.1 14  10   M    M   9        19  10
 7  28   6  17  -9  48   0 0.00  0.0    1  4.3 12 190   M    M   1        16 200
 8  32   4  18  -8  47   0 0.00  0.0    1  4.6 16 210   M    M   4 128    22 230
 9  35  11  23  -3  42   0 0.00  0.0    1  7.7 18 330   M    M   1 18     25 330
10  35   8  22  -4  43   0 0.00  0.0    1  5.0 14 280   M    M   0 1      17 290
11  41  12  27   1  38   0 0.00  0.0    1  8.7 24 340   M    M   0 1      31 330
12  40  15  28   3  37   0 0.00  0.0    1  6.3 23 360   M    M   0 1      35 360
13  42  16  29   4  36   0 0.00  0.0    T 13.9 28 360   M    M   1        40 360
14  46  14  30   5  35   0 0.00  0.0    0  4.0 10 290   M    M   0 1      14 310
15  46  18  32   7  33   0 0.00  0.0    0  2.5 12 290   M    M   0        16 200
16  48  17  33   8  32   0 0.00  0.0    0  3.5  9 200   M    M   0        11 210
17  50  18  34   9  31   0 0.00  0.0    0  3.3 12 220   M    M   0        16 230
================================================================================
SM  632  254       658   0  0.62     3.2 124.3          M       53
================================================================================
AV 37.2 14.9                               7.3 FASTST   M    M   3    MAX(MPH)
                                 MISC ---->  # 30  20               # 41   10
================================================================================
NOTES:
# LAST OF SEVERAL OCCURRENCES

COLUMN 17 PEAK WIND IN M.P.H.

PRELIMINARY LOCAL CLIMATOLOGICAL DATA (WS FORM: F-6) , PAGE 2

                                          STATION:  NORTH PLATTE
                                          MONTH:    DECEMBER
                                          YEAR:     2018
                                          LATITUDE:   41  7 N
                                          LONGITUDE: 100 41 W

[TEMPERATURE DATA]      [PRECIPITATION DATA]       SYMBOLS USED IN COLUMN 16

AVERAGE MONTHLY: 26.1   TOTAL FOR MONTH:   0.62    1 = FOG OR MIST
DPTR FM NORMAL:  -0.1   DPTR FM NORMAL:    0.39    2 = FOG REDUCING VISIBILITY
HIGHEST:    50 ON 17    GRTST 24HR  0.60 ON  1- 1      TO 1/4 MILE OR LESS
LOWEST:      4 ON  8                               3 = THUNDER
                        SNOW, ICE PELLETS, HAIL    4 = ICE PELLETS
                        TOTAL MONTH:   3.2 INCHES  5 = HAIL
                        GRTST 24HR   2.8 ON  1- 1  6 = FREEZING RAIN OR DRIZZLE
                        GRTST DEPTH:   3 ON  2     7 = DUSTSTORM OR SANDSTORM:
                                                       VSBY 1/2 MILE OR LESS
                                                   8 = SMOKE OR HAZE
[NO. OF DAYS WITH]      [WEATHER - DAYS WITH]      9 = BLOWING SNOW
                                                   X = TORNADO
MAX 32 OR BELOW:   4    0.01 INCH OR MORE:   2
MAX 90 OR ABOVE:   0    0.10 INCH OR MORE:   1
MIN 32 OR BELOW:  17    0.50 INCH OR MORE:   1
MIN  0 OR BELOW:   0    1.00 INCH OR MORE:   0

[HDD (BASE 65) ]
TOTAL THIS MO.   658    CLEAR  (SCALE 0-3)  11
DPTR FM NORMAL    -1    PTCLDY (SCALE 4-7)   2
TOTAL FM JUL 1  2216    CLOUDY (SCALE 8-10)  4
DPTR FM NORMAL     6

[CDD (BASE 65) ]
TOTAL THIS MO.     0
DPTR FM NORMAL     0    [PRESSURE DATA]
TOTAL FM JAN 1  1089    HIGHEST SLP M ON M
DPTR FM NORMAL   321    LOWEST  SLP 29.41 ON  1

[REMARKS]
