000
CXUS52 KILM 301000
CF6LBT
PRELIMINARY LOCAL CLIMATOLOGICAL DATA (WS FORM: F-6)

                                          STATION:   LUMBERTON NORTH CAROLINA
                                          MONTH:     MAY
                                          YEAR:      2020
                                          LATITUDE:   34 35 N
                                          LONGITUDE:  79  4 W

  TEMPERATURE IN F:       :PCPN:    SNOW:  WIND      :SUNSHINE: SKY     :PK WND
================================================================================
1   2   3   4   5  6A  6B    7    8   9   10  11  12  13   14  15   16   17  18
                                     12Z  AVG MX 2MIN
DY MAX MIN AVG DEP HDD CDD  WTR  SNW DPTH SPD SPD DIR MIN PSBL S-S WX    SPD DR
================================================================================

 1  69  54  62  -4   3   0 0.00    M    M    M  M   M   M    M   M         M   M
 2  78  45  62  -4   3   0 0.00    M    M    M  M   M   M    M   M         M   M
 3  86  58  72   6   0   7 0.00    M    M    M  M   M   M    M   M         M   M
 4  84  61  73   7   0   8 0.00    M    M    M  M   M   M    M   M         M   M
 5  79  58  69   2   0   4 1.24    M    M    M  M   M   M    M   M         M   M
 6  74  50  62  -5   3   0 0.39    M    M    M  M   M   M    M   M         M   M
 7  67  44  56 -11   9   0 0.00    M    M    M  M   M   M    M   M         M   M
 8  71  46  59  -9   6   0 0.00    M    M    M  M   M   M    M   M         M   M
 9  65  42  54 -14  11   0 0.00    M    M    M  M   M   M    M   M         M   M
10  71  40  56 -12   9   0 0.00    M    M    M  M   M   M    M   M         M   M
11  70  51  61  -7   4   0 0.00    M    M    M  M   M   M    M   M         M   M
12  67  40  54 -15  11   0 0.00    M    M    M  M   M   M    M   M         M   M
13  77  45  61  -8   4   0 0.00    M    M    M  M   M   M    M   M         M   M
14  81  51  66  -3   0   1 0.00    M    M    M  M   M   M    M   M         M   M
15  81  56  69  -1   0   4 0.00    M    M    M  M   M   M    M   M         M   M
16  86  57  72   2   0   7 0.00    M    M    M  M   M   M    M   M         M   M
17  84  62  73   3   0   8 0.00    M    M    M  M   M   M    M   M         M   M
18  84  68  76   6   0  11 0.89    M    M    M  M   M   M    M   M         M   M
19  69  60  65  -6   0   0 0.24    M    M    M  M   M   M    M   M         M   M
20  68  59  64  -7   1   0 0.61    M    M    M  M   M   M    M   M         M   M
21  77  64  71   0   0   6 1.31    M    M    M  M   M   M    M   M         M   M
22  84  64  74   2   0   9 0.58    M    M    M  M   M   M    M   M         M   M
23  87  65  76   4   0  11 0.02    M    M    M  M   M   M    M   M         M   M
24  90  67  79   7   0  14 0.79    M    M    M  M   M   M    M   M         M   M
25   M   M   M   M   M   M 0.00    M    M    M  M   M   M    M   M         M   M
26  73  66  70  -3   0   5 0.01    M    M    M  M   M   M    M   M         M   M
27  75  68  72  -1   0   7 1.19    M    M    M  M   M   M    M   M         M   M
28  83  72  78   5   0  13 0.57    M    M    M  M   M   M    M   M         M   M
29  86  70  78   4   0  13 0.51    M    M    M  M   M   M    M   M         M   M
================================================================================
SM 2166 1583        64 128  8.35    M        M          M        M
================================================================================
AV 77.4 56.5                                 M FASTST   M    M   M    MAX(MPH)
                                 MISC ---->     M   M                  M   M
================================================================================
NOTES:
# LAST OF SEVERAL OCCURRENCES

COLUMN 17 PEAK WIND IN M.P.H.

PRELIMINARY LOCAL CLIMATOLOGICAL DATA (WS FORM: F-6) , PAGE 2

                                          STATION:   LUMBERTON NORTH CAROLINA
                                          MONTH:     MAY
                                          YEAR:      2020
                                          LATITUDE:   34 35 N
                                          LONGITUDE:  79  4 W

[TEMPERATURE DATA]      [PRECIPITATION DATA]       SYMBOLS USED IN COLUMN 16

AVERAGE MONTHLY: 66.9   TOTAL FOR MONTH:   8.35    1 = FOG OR MIST
DPTR FM NORMAL:  -2.6   DPTR FM NORMAL:    5.56    2 = FOG REDUCING VISIBILITY
HIGHEST:    90 ON 24    GRTST 24HR  1.31 ON 21-21      TO 1/4 MILE OR LESS
LOWEST:     40 ON 12,10                             3 = THUNDER
                        SNOW, ICE PELLETS, HAIL    4 = ICE PELLETS
                        TOTAL MONTH:  M            5 = HAIL
                        GRTST 24HR    M  ON   M    6 = FREEZING RAIN OR DRIZZLE
                        GRTST DEPTH:  M  ON   M    7 = DUSTSTORM OR SANDSTORM:
                                                       VSBY 1/2 MILE OR LESS
                                                   8 = SMOKE OR HAZE
[NO. OF DAYS WITH]      [WEATHER - DAYS WITH]      9 = BLOWING SNOW
                                                   X = TORNADO
MAX 32 OR BELOW:   0    0.01 INCH OR MORE:  13
MAX 90 OR ABOVE:   1    0.10 INCH OR MORE:  11
MIN 32 OR BELOW:   0    0.50 INCH OR MORE:   9
MIN  0 OR BELOW:   0    1.00 INCH OR MORE:   3

[HDD (BASE 65) ]
TOTAL THIS MO.    64    CLEAR  (SCALE 0-3)   0
DPTR FM NORMAL    34    PTCLDY (SCALE 4-7)   0
TOTAL FM JUL 1  2242    CLOUDY (SCALE 8-10) 29
DPTR FM NORMAL  -517

[CDD (BASE 65) ]
TOTAL THIS MO.   128
DPTR FM NORMAL   -36    [PRESSURE DATA]
TOTAL FM JAN 1   257    HIGHEST SLP 9999.00 ON  4
DPTR FM NORMAL    25    LOWEST  SLP M ON M

[REMARKS]
