000
CXUS54 KHGX 310724
CF6LBX
PRELIMINARY LOCAL CLIMATOLOGICAL DATA (WS FORM: F-6)

                                          STATION:   ANGLETON/LAKE_JACKS
                                          MONTH:     OCTOBER
                                          YEAR:      2020
                                          LATITUDE:   29  6 N
                                          LONGITUDE:  95 28 W

  TEMPERATURE IN F:       :PCPN:    SNOW:  WIND      :SUNSHINE: SKY     :PK WND
================================================================================
1   2   3   4   5  6A  6B    7    8   9   10  11  12  13   14  15   16   17  18
                                     12Z  AVG MX 2MIN
DY MAX MIN AVG DEP HDD CDD  WTR  SNW DPTH SPD SPD DIR MIN PSBL S-S WX    SPD DR
================================================================================

 1  89  55  72  -3   0   7 0.00  0.0    0  2.4  9  50   M    M   0        15  40
 2  82  56  69  -5   0   4 0.00  0.0    0  4.9 17  50   M    M   0        24  70
 3  84  53  69  -5   0   4 0.00  0.0    0  4.2 14 130   M    M   0 1      19 130
 4  88  56  72  -2   0   7 0.00  0.0    0  3.4 12  40   M    M   0 1      17  50
 5  83  61  72  -2   0   7 0.00  0.0    0  4.7 12  70   M    M   2 1      16  70
 6  87  58  73   0   0   8 0.00  0.0    0  4.8 14 360   M    M   1 12     19  50
 7  88  57  73   0   0   8 0.00  0.0    0  6.6 14  40   M    M   1 1      20  40
 8  84  71  78   5   0  13    T  0.0    0  9.3 16  40   M    M   5        22  90
 9  82  68  75   2   0  10 0.15  0.0    0 14.6 31  10   M    M   7        40  10
10  91  64  78   6   0  13 0.00  0.0    0  4.1 15 160   M    M   1 12     22 230
11  90  73  82  10   0  17 0.00  0.0    0  6.4 18 180   M    M   5 12     23 180
12  92  69  81   9   0  16 0.00  0.0    0  3.7 12 190   M    M   4 12     16 320
13  89  66  78   6   0  13 0.00  0.0    0  3.1 13  90   M    M   2 12     16  80
14  87  67  77   6   0  12 0.00  0.0    0  5.9 16 180   M    M   5 12     19 180
15  88  67  78   7   0  13 0.00  0.0    0  7.1 20 180   M    M   3 1      24 180
16  75  58  67  -4   0   2 0.05  0.0    0  9.9 22  10   M    M  10 1      29  40
17  83  63  73   2   0   8    T  0.0    0  9.5 18 170   M    M   7        22 160
18  88  70  79   9   0  14 0.00  0.0    0  9.3 18 180   M    M   3 1      22 170
19  89  71  80  10   0  15 0.03  0.0    0  9.2 20 160   M    M   7 1      24 170
20  87  68  78   8   0  13 0.00  0.0    0  5.1 16 120   M    M   1 12     24 110
21  87  68  78   8   0  13 0.00  0.0    0  6.3 15 110   M    M   4 12     20 110
22  87  68  78   9   0  13 0.00  0.0    0  6.7 15 110   M    M   5 12     20  80
23  92  61  77   8   0  12    T  0.0    0  5.7 23  50   M    M   5 123    30  50
24  73  54  64  -5   1   0 0.00  0.0    0  7.6 20 350   M    M   4        23 350
25  81  58  70   2   0   5 0.00  0.0    0  5.7 13 130   M    M   8        16 140
26  84  67  76   8   0  11    T  0.0    0  8.5 17 150   M    M   8        22 130
27  76  59  68   0   0   3 0.24  0.0    0  8.9 15 350   M    M   9 18     19  10
28  63  46  55 -13  10   0 0.02  0.0    0  8.7 21 330   M    M   6 1      28 340
29  67  42  55 -12  10   0 0.00  0.0    0  8.4 20 350   M    M   0        30 310
30  70  40  55 -12  10   0 0.00    M    0  2.6 13  40   M    M   0 1      16  40
================================================================================
SM 2506 1834        31 261  0.49     0.0 197.3          M      113
================================================================================
AV 83.5 61.1                               6.6 FASTST   M    M   4    MAX(MPH)
                                 MISC ---->  # 31  10               # 40   10
================================================================================
NOTES:
# LAST OF SEVERAL OCCURRENCES

COLUMN 17 PEAK WIND IN M.P.H.

PRELIMINARY LOCAL CLIMATOLOGICAL DATA (WS FORM: F-6) , PAGE 2

                                          STATION:  ANGLETON/LAKE_JACKS
                                          MONTH:    OCTOBER
                                          YEAR:     2020
                                          LATITUDE:   29  6 N
                                          LONGITUDE:  95 28 W

[TEMPERATURE DATA]      [PRECIPITATION DATA]       SYMBOLS USED IN COLUMN 16

AVERAGE MONTHLY: 72.3   TOTAL FOR MONTH:   0.49    1 = FOG OR MIST
DPTR FM NORMAL:   1.4   DPTR FM NORMAL:   -4.66    2 = FOG REDUCING VISIBILITY
HIGHEST:    92 ON 23,12 GRTST 24HR  0.24 ON 27-27      TO 1/4 MILE OR LESS
LOWEST:     40 ON 30                               3 = THUNDER
                        SNOW, ICE PELLETS, HAIL    4 = ICE PELLETS
                        TOTAL MONTH:   0.0 INCH    5 = HAIL
                        GRTST 24HR     0.0         6 = FREEZING RAIN OR DRIZZLE
                        GRTST DEPTH:   0           7 = DUSTSTORM OR SANDSTORM:
                                                       VSBY 1/2 MILE OR LESS
                                                   8 = SMOKE OR HAZE
[NO. OF DAYS WITH]      [WEATHER - DAYS WITH]      9 = BLOWING SNOW
                                                   X = TORNADO
MAX 32 OR BELOW:   0    0.01 INCH OR MORE:   5
MAX 90 OR ABOVE:   4    0.10 INCH OR MORE:   2
MIN 32 OR BELOW:   0    0.50 INCH OR MORE:   0
MIN  0 OR BELOW:   0    1.00 INCH OR MORE:   0

[HDD (BASE 65) ]
TOTAL THIS MO.    31    CLEAR  (SCALE 0-3)  14
DPTR FM NORMAL     5    PTCLDY (SCALE 4-7)  14
TOTAL FM JUL 1    31    CLOUDY (SCALE 8-10)  2
DPTR FM NORMAL     4

[CDD (BASE 65) ]
TOTAL THIS MO.   261
DPTR FM NORMAL    55    [PRESSURE DATA]
TOTAL FM JAN 1  3224    HIGHEST SLP M ON M
DPTR FM NORMAL   477    LOWEST  SLP 29.71 ON  9

[REMARKS]
