000
CXUS54 KHGX 220757
CF6LBX
PRELIMINARY LOCAL CLIMATOLOGICAL DATA (WS FORM: F-6)

                                          STATION:   ANGLETON/LAKE_JACKS
                                          MONTH:     JUNE
                                          YEAR:      2021
                                          LATITUDE:   29  6 N
                                          LONGITUDE:  95 28 W

  TEMPERATURE IN F:       :PCPN:    SNOW:  WIND      :SUNSHINE: SKY     :PK WND
================================================================================
1   2   3   4   5  6A  6B    7    8   9   10  11  12  13   14  15   16   17  18
                                     12Z  AVG MX 2MIN
DY MAX MIN AVG DEP HDD CDD  WTR  SNW DPTH SPD SPD DIR MIN PSBL S-S WX    SPD DR
================================================================================

 1  83  71  77  -4   0  12    T  0.0    0  3.7 12 170   M    M   2 13     14 170
 2  89  69  79  -2   0  14 0.16  0.0    0  3.6 16 180   M    M   1 13     20 180
 3  86  70  78  -3   0  13 1.73  0.0    0  6.2 20  10   M    M   4 13     24 360
 4  83  71  77  -4   0  12 0.35  0.0    0  4.1 16 110   M    M   7 1      24 120
 5  88  70  79  -2   0  14 0.13  0.0    0  3.8 17 130   M    M   4 13     22 130
 6  88  73  81   0   0  16 0.36  0.0    0  8.5 17 180   M    M   2 13     23 180
 7  89  80  85   3   0  20 0.00  0.0    0 14.9 26 190   M    M   8 18     35 190
 8  91  80  86   4   0  21    T  0.0    0 13.0 26 180   M    M   7        34 180
 9  90  79  85   3   0  20 0.00  0.0    0 10.4 18 160   M    M   6        22 160
10  91  77  84   2   0  19 0.00  0.0    0  9.1 18 170   M    M   3        23 160
11  91  74  83   1   0  18 0.00  0.0    0  8.8 18 170   M    M   2        22 180
12  93  76  85   3   0  20 0.00  0.0    0  5.0 15 190   M    M   3 1      18 190
13  97  75  86   4   0  21 0.00  0.0    0  3.9 15 190   M    M   1        19 190
14  97  76  87   5   0  22 0.00  0.0    0  2.6 12  50   M    M   2        15  60
15  94  71  83   1   0  18 0.19  0.0    0  5.6 33  50   M    M   1 13     40  50
16  93  71  82   0   0  17 0.00  0.0    0  4.2 14 120   M    M   1 1      17 120
17  94  71  83   1   0  18 0.00  0.0    0  6.2 15  60   M    M   2 1      20  70
18  93  69  81  -1   0  16 0.00  0.0    0  5.4 14  60   M    M   1        19  50
19  95  73  84   1   0  19 0.00  0.0    0  5.1 16 180   M    M   1        25 200
20  90  75  83   0   0  18 0.06  0.0    0  8.9 23 160   M    M   2 3      29 160
21  92  78  85   2   0  20 0.06  0.0    0 13.8 25 170   M    M   6 13     31 180
================================================================================
SM 1907 1549         0 368  3.04  0.0    146.8          M       66
================================================================================
AV 90.8 73.8                               7.0 FASTST   M    M   3    MAX(MPH)
                                 MISC ---->    33  50                 40  50
================================================================================
NOTES:
# LAST OF SEVERAL OCCURRENCES

COLUMN 17 PEAK WIND IN M.P.H.

PRELIMINARY LOCAL CLIMATOLOGICAL DATA (WS FORM: F-6) , PAGE 2

                                          STATION:   ANGLETON/LAKE_JACKS
                                          MONTH:     JUNE
                                          YEAR:      2021
                                          LATITUDE:   29  6 N
                                          LONGITUDE:  95 28 W

[TEMPERATURE DATA]      [PRECIPITATION DATA]       SYMBOLS USED IN COLUMN 16

AVERAGE MONTHLY: 82.3   TOTAL FOR MONTH:   3.04    1 = FOG OR MIST
DPTR FM NORMAL:   0.4   DPTR FM NORMAL:    0.49    2 = FOG REDUCING VISIBILITY
HIGHEST:    97 ON 14,13  GRTST 24HR  2.05 ON  3- 4      TO 1/4 MILE OR LESS
LOWEST:     69 ON 18, 2                             3 = THUNDER
                        SNOW, ICE PELLETS, HAIL    4 = ICE PELLETS
                        TOTAL MONTH:   0.0 INCH    5 = HAIL
                        GRTST 24HR  0.0            6 = FREEZING RAIN OR DRIZZLE
                        GRTST DEPTH:  0            7 = DUSTSTORM OR SANDSTORM:
                                                       VSBY 1/2 MILE OR LESS
                                                   8 = SMOKE OR HAZE
[NO. OF DAYS WITH]      [WEATHER - DAYS WITH]      9 = BLOWING SNOW
                                                   X = TORNADO
MAX 32 OR BELOW:   0    0.01 INCH OR MORE:   8
MAX 90 OR ABOVE:  14    0.10 INCH OR MORE:   6
MIN 32 OR BELOW:   0    0.50 INCH OR MORE:   1
MIN  0 OR BELOW:   0    1.00 INCH OR MORE:   1

[HDD (BASE 65) ]
TOTAL THIS MO.     0    CLEAR  (SCALE 0-3)  14
DPTR FM NORMAL     0    PTCLDY (SCALE 4-7)   7
TOTAL FM JUL 1  1208    CLOUDY (SCALE 8-10)  0
DPTR FM NORMAL    78

[CDD (BASE 65) ]
TOTAL THIS MO.   368
DPTR FM NORMAL    14    [PRESSURE DATA]
TOTAL FM JAN 1  1056    HIGHEST SLP M ON M
DPTR FM NORMAL     2    LOWEST  SLP 29.77 ON  6

[REMARKS]
