000
CXUS54 KLCH 190821
CF6LCH
PRELIMINARY LOCAL CLIMATOLOGICAL DATA (WS FORM: F-6)

                                          STATION:   LAKE CHARLES
                                          MONTH:     JUNE
                                          YEAR:      2018
                                          LATITUDE:   30  7 N
                                          LONGITUDE:  93 13 W

  TEMPERATURE IN F:       :PCPN:    SNOW:  WIND      :SUNSHINE: SKY     :PK WND
================================================================================
1   2   3   4   5  6A  6B    7    8   9   10  11  12  13   14  15   16   17  18
                                     12Z  AVG MX 2MIN
DY MAX MIN AVG DEP HDD CDD  WTR  SNW DPTH SPD SPD DIR MIN PSBL S-S WX    SPD DR
================================================================================

 1  92  75  84   5   0  19 0.00  0.0    0  6.3 15 210   M    M   1        20 220
 2  92  78  85   6   0  20 0.00  0.0    0  7.0 17 210   M    M   1        24 190
 3  94  76  85   6   0  20    T  0.0    0  6.2 21  20   M    M   1 3      30  20
 4  95  74  85   5   0  20 0.00  0.0    0  4.9 12 220   M    M   2        16 300
 5  93  73  83   3   0  18 0.02  0.0    0  7.0 28  30   M    M   4 3      39  30
 6  93  73  83   3   0  18 0.00  0.0    0  4.2 12 130   M    M   5        15 140
 7  94  75  85   5   0  20 0.00  0.0    0  4.9 12 150   M    M   1        16 210
 8  93  73  83   3   0  18 0.00  0.0    0  3.9 14 160   M    M   1        17 220
 9  91  71  81   1   0  16 0.00  0.0    0  3.7 17 150   M    M   2 3      21 130
10  87  73  80   0   0  15 1.23  0.0    0  6.6 18 150   M    M   3 138    24 210
11  90  78  84   3   0  19 0.32  0.0    0  7.8 15 210   M    M   2 3      24 210
12  91  78  85   4   0  20 0.00  0.0    0  6.2 14 240   M    M   0        20 210
13  92  76  84   3   0  19 0.00  0.0    0  6.0 18 110   M    M   1 3      23 110
14  89  74  82   1   0  17 0.36  0.0    0  3.9 15 340   M    M   1 13     19 340
15  93  75  84   3   0  19 0.00  0.0    0  4.5 18 110   M    M   1 3      22 120
16  91  77  84   3   0  19 0.58  0.0    0  6.4 26 130   M    M   2 138    32 130
17  89  77  83   2   0  18 0.05  0.0    0 14.6 31 130   M    M   5 18     37 130
18  80  73  77  -4   0  12 0.71  0.0    0 10.9 31 140   M    M   6 1      38 140
================================================================================
SM 1639 1349         0 327  3.27     0.0 115.0          M       39
================================================================================
AV 91.1 74.9                               6.4 FASTST   M    M   2    MAX(MPH)
                                 MISC ---->  # 31 130               # 39   30
================================================================================
NOTES:
# LAST OF SEVERAL OCCURRENCES

COLUMN 17 PEAK WIND IN M.P.H.

PRELIMINARY LOCAL CLIMATOLOGICAL DATA (WS FORM: F-6) , PAGE 2

                                          STATION:  LAKE CHARLES
                                          MONTH:    JUNE
                                          YEAR:     2018
                                          LATITUDE:   30  7 N
                                          LONGITUDE:  93 13 W

[TEMPERATURE DATA]      [PRECIPITATION DATA]       SYMBOLS USED IN COLUMN 16

AVERAGE MONTHLY: 83.0   TOTAL FOR MONTH:   3.27    1 = FOG OR MIST
DPTR FM NORMAL:   2.7   DPTR FM NORMAL:   -0.67    2 = FOG REDUCING VISIBILITY
HIGHEST:    95 ON  4    GRTST 24HR  1.23 ON 10-10      TO 1/4 MILE OR LESS
LOWEST:     71 ON  9                               3 = THUNDER
                        SNOW, ICE PELLETS, HAIL    4 = ICE PELLETS
                        TOTAL MONTH:   0.0 INCH    5 = HAIL
                        GRTST 24HR     0.0         6 = FREEZING RAIN OR DRIZZLE
                        GRTST DEPTH:   0           7 = DUSTSTORM OR SANDSTORM:
                                                       VSBY 1/2 MILE OR LESS
                                                   8 = SMOKE OR HAZE
[NO. OF DAYS WITH]      [WEATHER - DAYS WITH]      9 = BLOWING SNOW
                                                   X = TORNADO
MAX 32 OR BELOW:   0    0.01 INCH OR MORE:   7
MAX 90 OR ABOVE:  14    0.10 INCH OR MORE:   5
MIN 32 OR BELOW:   0    0.50 INCH OR MORE:   3
MIN  0 OR BELOW:   0    1.00 INCH OR MORE:   1

[HDD (BASE 65) ]
TOTAL THIS MO.     0    CLEAR  (SCALE 0-3)  14
DPTR FM NORMAL     0    PTCLDY (SCALE 4-7)   4
TOTAL FM JUL 1  1299    CLOUDY (SCALE 8-10)  0
DPTR FM NORMAL  -191

[CDD (BASE 65) ]
TOTAL THIS MO.   327
DPTR FM NORMAL    52    [PRESSURE DATA]
TOTAL FM JAN 1  1071    HIGHEST SLP M ON M
DPTR FM NORMAL   258    LOWEST  SLP 29.87 ON  6

[REMARKS]
