000
CXUS54 KLCH 210919
CF6LCH
PRELIMINARY LOCAL CLIMATOLOGICAL DATA (WS FORM: F-6)

                                          STATION:   LAKE CHARLES
                                          MONTH:     SEPTEMBER
                                          YEAR:      2018
                                          LATITUDE:   30  7 N
                                          LONGITUDE:  93 13 W

  TEMPERATURE IN F:       :PCPN:    SNOW:  WIND      :SUNSHINE: SKY     :PK WND
================================================================================
1   2   3   4   5  6A  6B    7    8   9   10  11  12  13   14  15   16   17  18
                                     12Z  AVG MX 2MIN
DY MAX MIN AVG DEP HDD CDD  WTR  SNW DPTH SPD SPD DIR MIN PSBL S-S WX    SPD DR
================================================================================

 1  90  76  83   1   0  18 0.16  0.0    0  7.4 16  70   M    M   4 38     20  80
 2  80  77  79  -3   0  14 1.12  0.0    0 10.6 25 130   M    M   8 1      31 130
 3  82  76  79  -3   0  14 0.43  0.0    0  7.3 22 140   M    M   6 1      26 140
 4  91  76  84   3   0  19 0.03  0.0    0  8.4 22 120   M    M   3 1      24 120
 5  95  74  85   4   0  20 0.00  0.0    0  3.1 12 350   M    M   1 18     17 340
 6  91  78  85   4   0  20 0.05  0.0    0  3.5 14 160   M    M   1 3      19 190
 7  90  78  84   3   0  19 0.00  0.0    0  3.3 13 210   M    M   1 38     16 190
 8  90  77  84   3   0  19    T  0.0    0  4.0 15 120   M    M   2 3      17 120
 9  89  77  83   3   0  18 0.98  0.0    0  4.2 25  50   M    M   2 13     35  60
10  86  75  81   1   0  16 0.03    M    0  6.3 14 320   M    M   5 123    18 320
11  80  75  78  -2   0  13 0.49  0.0    0  6.0 13  40   M    M   7 138    16  50
12  88  76  82   2   0  17 0.04  0.0    0  7.2 15  50   M    M   1 13     20  70
13  90  76  83   3   0  18 0.21  0.0    0  8.3 26 130   M    M   3 138    33 130
14  92  76  84   5   0  19 0.05  0.0    0  5.3 20 210   M    M   1 138    29 210
15  97  74  86   7   0  21 0.43  0.0    0  3.8 21  20   M    M   1 13     28  40
16  93  75  84   5   0  19    T  0.0    0  2.8 15 330   M    M   2 13     19 330
17  96  75  86   8   0  21 0.00  0.0    0  3.3  7 220   M    M   0        11 320
18  98  79  89  11   0  24 0.00  0.0    0  2.7  9 220   M    M   1 138    13 180
19  95  77  86   8   0  21 0.00  0.0    0  3.4 17  50   M    M   0 18     22  40
20  91  75  83   5   0  18    T  0.0    0  4.3 17 100   M    M   2 3      22 110
================================================================================
SM 1804 1522         0 368  4.02     0.0 105.2          M       51
================================================================================
AV 90.2 76.1                               5.3 FASTST   M    M   3    MAX(MPH)
                                 MISC ---->  # 26 130               # 35   60
================================================================================
NOTES:
# LAST OF SEVERAL OCCURRENCES

COLUMN 17 PEAK WIND IN M.P.H.

PRELIMINARY LOCAL CLIMATOLOGICAL DATA (WS FORM: F-6) , PAGE 2

                                          STATION:  LAKE CHARLES
                                          MONTH:    SEPTEMBER
                                          YEAR:     2018
                                          LATITUDE:   30  7 N
                                          LONGITUDE:  93 13 W

[TEMPERATURE DATA]      [PRECIPITATION DATA]       SYMBOLS USED IN COLUMN 16

AVERAGE MONTHLY: 83.2   TOTAL FOR MONTH:   4.02    1 = FOG OR MIST
DPTR FM NORMAL:   3.1   DPTR FM NORMAL:    0.32    2 = FOG REDUCING VISIBILITY
HIGHEST:    98 ON 18    GRTST 24HR  1.12 ON  2- 2      TO 1/4 MILE OR LESS
LOWEST:     74 ON 15, 5                            3 = THUNDER
                        SNOW, ICE PELLETS, HAIL    4 = ICE PELLETS
                        TOTAL MONTH:   0.0 INCH    5 = HAIL
                        GRTST 24HR     0.0         6 = FREEZING RAIN OR DRIZZLE
                        GRTST DEPTH:   0           7 = DUSTSTORM OR SANDSTORM:
                                                       VSBY 1/2 MILE OR LESS
                                                   8 = SMOKE OR HAZE
[NO. OF DAYS WITH]      [WEATHER - DAYS WITH]      9 = BLOWING SNOW
                                                   X = TORNADO
MAX 32 OR BELOW:   0    0.01 INCH OR MORE:  12
MAX 90 OR ABOVE:  14    0.10 INCH OR MORE:   7
MIN 32 OR BELOW:   0    0.50 INCH OR MORE:   2
MIN  0 OR BELOW:   0    1.00 INCH OR MORE:   1

[HDD (BASE 65) ]
TOTAL THIS MO.     0    CLEAR  (SCALE 0-3)  14
DPTR FM NORMAL     0    PTCLDY (SCALE 4-7)   6
TOTAL FM JUL 1     0    CLOUDY (SCALE 8-10)  0
DPTR FM NORMAL     0

[CDD (BASE 65) ]
TOTAL THIS MO.   368
DPTR FM NORMAL    69    [PRESSURE DATA]
TOTAL FM JAN 1  2903    HIGHEST SLP M ON M
DPTR FM NORMAL   475    LOWEST  SLP 29.83 ON  9

[REMARKS]
