000
CXUS54 KLCH 190838
CF6LCH
PRELIMINARY LOCAL CLIMATOLOGICAL DATA (WS FORM: F-6)

                                          STATION:   LAKE CHARLES
                                          MONTH:     FEBRUARY
                                          YEAR:      2018
                                          LATITUDE:   30  7 N
                                          LONGITUDE:  93 13 W

  TEMPERATURE IN F:       :PCPN:    SNOW:  WIND      :SUNSHINE: SKY     :PK WND
================================================================================
1   2   3   4   5  6A  6B    7    8   9   10  11  12  13   14  15   16   17  18
                                     12Z  AVG MX 2MIN
DY MAX MIN AVG DEP HDD CDD  WTR  SNW DPTH SPD SPD DIR MIN PSBL S-S WX    SPD DR
================================================================================

 1  70  55  63  10   2   0 0.19  0.0    0  6.7 16 210   M    M   7 1      25 210
 2  63  44  54   1  11   0    T    M    0 16.6 28  40   M    M   9 1      34  40
 3  65  44  55   2  10   0 0.30    M    0  9.5 16 180   M    M  10 1      25 190
 4  64  56  60   7   5   0 0.00  0.0    0  8.0 15  30   M    M  10 1      21 220
 5  62  51  57   4   8   0 0.00  0.0    0  9.1 15 110   M    M   9 8      20  80
 6  73  56  65  12   0   0 0.08  0.0    0  7.1 16 150   M    M  10 128    18 210
 7  67  42  55   1  10   0 0.76    M    0 14.3 23 320   M    M  10 13     29 330
 8  61  39  50  -4  15   0 0.00  0.0    0  9.2 17  60   M    M   4        21  40
 9  71  54  63   9   2   0 0.02  0.0    0  5.5 12 140   M    M   9        13 150
10  69  63  66  12   0   1 3.24  0.0    0  5.8 21 320   M    M   9 123    30 310
11  66  41  54   0  11   0    T    M    0 11.9 20 360   M    M  10 1      27 360
12  49  40  45  -9  20   0 0.00  0.0    0 13.8 20 360   M    M  10 1      25 360
13  62  44  53  -2  12   0 0.01    M    0  7.5 16  50   M    M  10 1      21  50
14  75  61  68  13   0   3 0.00  0.0    0  8.0 16 210   M    M  10 12     22 220
15  74  64  69  14   0   4 0.00  0.0    0  8.1 17 210   M    M   9 12     25 200
16  79  66  73  18   0   8 0.00  0.0    0  6.6 15 210   M    M   8 12     22 200
17  78  62  70  15   0   5 0.04  0.0    0  6.7 15 220   M    M   9 12     20 230
18  76  61  69  13   0   4 0.00  0.0    0  7.7 13 160   M    M  10 1      19 160
================================================================================
SM 1224  943       106  25  4.64     0.0 162.1          M      163
================================================================================
AV 68.0 52.4                               9.0 FASTST   M    M   9    MAX(MPH)
                                 MISC ---->  # 28  40               # 34   40
================================================================================
NOTES:
# LAST OF SEVERAL OCCURRENCES

COLUMN 17 PEAK WIND IN M.P.H.

PRELIMINARY LOCAL CLIMATOLOGICAL DATA (WS FORM: F-6) , PAGE 2

                                          STATION:  LAKE CHARLES
                                          MONTH:    FEBRUARY
                                          YEAR:     2018
                                          LATITUDE:   30  7 N
                                          LONGITUDE:  93 13 W

[TEMPERATURE DATA]      [PRECIPITATION DATA]       SYMBOLS USED IN COLUMN 16

AVERAGE MONTHLY: 60.2   TOTAL FOR MONTH:   4.64    1 = FOG OR MIST
DPTR FM NORMAL:   6.1   DPTR FM NORMAL:    2.33    2 = FOG REDUCING VISIBILITY
HIGHEST:    79 ON 16    GRTST 24HR  3.24 ON 10-10      TO 1/4 MILE OR LESS
LOWEST:     39 ON  8                               3 = THUNDER
                        SNOW, ICE PELLETS, HAIL    4 = ICE PELLETS
                        TOTAL MONTH:   0.0 INCH    5 = HAIL
                        GRTST 24HR     0.0         6 = FREEZING RAIN OR DRIZZLE
                        GRTST DEPTH:   0           7 = DUSTSTORM OR SANDSTORM:
                                                       VSBY 1/2 MILE OR LESS
                                                   8 = SMOKE OR HAZE
[NO. OF DAYS WITH]      [WEATHER - DAYS WITH]      9 = BLOWING SNOW
                                                   X = TORNADO
MAX 32 OR BELOW:   0    0.01 INCH OR MORE:   8
MAX 90 OR ABOVE:   0    0.10 INCH OR MORE:   4
MIN 32 OR BELOW:   0    0.50 INCH OR MORE:   2
MIN  0 OR BELOW:   0    1.00 INCH OR MORE:   1

[HDD (BASE 65) ]
TOTAL THIS MO.   106    CLEAR  (SCALE 0-3)   0
DPTR FM NORMAL   -98    PTCLDY (SCALE 4-7)   3
TOTAL FM JUL 1  1155    CLOUDY (SCALE 8-10) 15
DPTR FM NORMAL   -40

[CDD (BASE 65) ]
TOTAL THIS MO.    25
DPTR FM NORMAL    25    [PRESSURE DATA]
TOTAL FM JAN 1    26    HIGHEST SLP M ON M
DPTR FM NORMAL    16    LOWEST  SLP 29.87 ON 10

[REMARKS]
