067
CXUS54 KLCH 180845
CF6LCH
PRELIMINARY LOCAL CLIMATOLOGICAL DATA (WS FORM: F-6)

                                          STATION:   LAKE CHARLES
                                          MONTH:     OCTOBER
                                          YEAR:      2019
                                          LATITUDE:   30  7 N
                                          LONGITUDE:  93 13 W

  TEMPERATURE IN F:       :PCPN:    SNOW:  WIND      :SUNSHINE: SKY     :PK WND
================================================================================
1   2   3   4   5  6A  6B    7    8   9   10  11  12  13   14  15   16   17  18
                                     12Z  AVG MX 2MIN
DY MAX MIN AVG DEP HDD CDD  WTR  SNW DPTH SPD SPD DIR MIN PSBL S-S WX    SPD DR
================================================================================

 1  93  73  83   9   0  18 0.00  0.0    0  4.2 14 120   M    M   2 12     17 120
 2  94  74  84  10   0  19 0.00  0.0    0  4.0 12 140   M    M   1 1      17 110
 3  96  75  86  12   0  21 0.00  0.0    0  4.4 12 170   M    M   2        15 130
 4  96  74  85  11   0  20 0.37  0.0    0  5.5 18  50   M    M   0 138    26  50
 5  93  73  83  10   0  18 0.00  0.0    0  3.4  9  60   M    M   1 1      11  60
 6  92  74  83  10   0  18 0.35  0.0    0  3.9 22  40   M    M   2 138    32  30
 7  90  67  79   6   0  14 0.58  0.0    0  9.0 32  20   M    M   4 13     39  20
 8  81  65  73   1   0   8 0.00  0.0    0  6.5 15  20   M    M   6        20  10
 9  87  66  77   5   0  12 0.00  0.0    0  4.1 10 220   M    M   1        14 230
10  89  70  80   8   0  15 0.00  0.0    0  5.6 13 170   M    M   1        18 180
11  83  57  70  -2   0   5 0.11  0.0    0  9.4 20 360   M    M   4 123    30 320
12  74  57  66  -5   0   1 0.00  0.0    0 10.6 22  20   M    M   2        27  30
13  83  58  71   0   0   6 0.00  0.0    0  5.4 12 330   M    M   3        14 340
14  76  69  73   2   0   8 0.62  0.0    0  7.7 14  70   M    M   9 1      17  70
15  88  73  81  11   0  16 0.08  0.0    0  5.6 14 200   M    M   6 12     19 210
16  77  60  69  -1   0   4 1.19  0.0    0  8.7 36 310   M    M   7 13     47 300
17  65  56  61  -9   4   0 0.00  0.0    0  9.4 16  50   M    M   0        19  40
================================================================================
SM 1457 1141         4 203  3.30     0.0 107.4          M       51
================================================================================
AV 85.7 67.1                               6.3 FASTST   M    M   3    MAX(MPH)
                                 MISC ---->  # 36 310               # 47  300
================================================================================
NOTES:
# LAST OF SEVERAL OCCURRENCES

COLUMN 17 PEAK WIND IN M.P.H.

PRELIMINARY LOCAL CLIMATOLOGICAL DATA (WS FORM: F-6) , PAGE 2

                                          STATION:  LAKE CHARLES
                                          MONTH:    OCTOBER
                                          YEAR:     2019
                                          LATITUDE:   30  7 N
                                          LONGITUDE:  93 13 W

[TEMPERATURE DATA]      [PRECIPITATION DATA]       SYMBOLS USED IN COLUMN 16

AVERAGE MONTHLY: 76.4   TOTAL FOR MONTH:   3.30    1 = FOG OR MIST
DPTR FM NORMAL:   4.3   DPTR FM NORMAL:    0.85    2 = FOG REDUCING VISIBILITY
HIGHEST:    96 ON  4, 3 GRTST 24HR  1.19 ON 16-16      TO 1/4 MILE OR LESS
LOWEST:     56 ON 17                               3 = THUNDER
                        SNOW, ICE PELLETS, HAIL    4 = ICE PELLETS
                        TOTAL MONTH:   0.0 INCH    5 = HAIL
                        GRTST 24HR     0.0         6 = FREEZING RAIN OR DRIZZLE
                        GRTST DEPTH:   0           7 = DUSTSTORM OR SANDSTORM:
                                                       VSBY 1/2 MILE OR LESS
                                                   8 = SMOKE OR HAZE
[NO. OF DAYS WITH]      [WEATHER - DAYS WITH]      9 = BLOWING SNOW
                                                   X = TORNADO
MAX 32 OR BELOW:   0    0.01 INCH OR MORE:   7
MAX 90 OR ABOVE:   7    0.10 INCH OR MORE:   6
MIN 32 OR BELOW:   0    0.50 INCH OR MORE:   3
MIN  0 OR BELOW:   0    1.00 INCH OR MORE:   1

[HDD (BASE 65) ]
TOTAL THIS MO.     4    CLEAR  (SCALE 0-3)  11
DPTR FM NORMAL    -4    PTCLDY (SCALE 4-7)   5
TOTAL FM JUL 1     4    CLOUDY (SCALE 8-10)  1
DPTR FM NORMAL    -5

[CDD (BASE 65) ]
TOTAL THIS MO.   203
DPTR FM NORMAL    73    [PRESSURE DATA]
TOTAL FM JAN 1  3156    HIGHEST SLP M ON M
DPTR FM NORMAL   486    LOWEST  SLP 29.86 ON 15

[REMARKS]
