000
CXUS52 KMLB 240710
CF6LEE
PRELIMINARY LOCAL CLIMATOLOGICAL DATA (WS FORM: F-6)

                                          STATION:   LEESBURG
                                          MONTH:     SEPTEMBER
                                          YEAR:      2018
                                          LATITUDE:   28 49 N
                                          LONGITUDE:  81 49 W

  TEMPERATURE IN F:       :PCPN:    SNOW:  WIND      :SUNSHINE: SKY     :PK WND
================================================================================
1   2   3   4   5  6A  6B    7    8   9   10  11  12  13   14  15   16   17  18
                                     12Z  AVG MX 2MIN
DY MAX MIN AVG DEP HDD CDD  WTR  SNW DPTH SPD SPD DIR MIN PSBL S-S WX    SPD DR
================================================================================

 1  91  77  84   2   0  19 0.10  0.0    0  7.7 18 140   M    M   1 138    24 130
 2  89  75  82   0   0  17 0.25  0.0    0  4.8 23  40   M    M   2 3      32  60
 3  88  75  82   0   0  17 1.20  0.0    0  8.2 28  80   M    M   1 13     37 120
 4  91  76  84   2   0  19    T  0.0    0  9.1 22 100   M    M   1 3      28 110
 5  93  77  85   3   0  20    T  0.0    0  6.9 15  80   M    M   1 1      21  80
 6  92  76  84   2   0  19 0.01  0.0    0  7.5 18  80   M    M   1 138    27  40
 7  91  75  83   1   0  18 0.10  0.0    0  5.0 20 130   M    M   1 13     26 130
 8  90  73  82   0   0  17 0.02  0.0    0  3.6 21  40   M    M   3 3      23  40
 9  91  74  83   1   0  18    T  0.0    0  2.5 15 270   M    M   2 3      24 270
10  90  75  83   1   0  18 0.00  0.0    0  3.2  9 290   M    M   1        13 310
11  93  76  85   3   0  20 0.00  0.0    0  4.3 14  50   M    M   1 3      17  30
12  94  75  85   3   0  20    T  0.0    0  5.3 17  40   M    M   1 3      20  40
13  94  75  85   3   0  20 0.00  0.0    0  3.7 15  40   M    M   3        19  30
14  94  76  85   4   0  20 0.00  0.0    0  4.1 13 240   M    M   1 1      19 240
15  93  78  86   5   0  21    T  0.0    0  6.7 18 230   M    M   1        26 230
16  94  79  87   6   0  22 0.00  0.0    0  7.3 16 170   M    M   3 3      20 290
17  94  79  87   6   0  22 0.00  0.0    0  5.0 10 180   M    M   2        13 190
18  94  78  86   5   0  21    T  0.0    0  4.9 12  20   M    M   2 3      19 320
19  95  76  86   5   0  21 0.00  0.0    0  3.5 16 290   M    M   1 3      23 280
20  95  75  85   4   0  20 0.00  0.0    0  5.5 21  40   M    M   1        24  40
21  94  76  85   4   0  20    T  0.0    0  7.5 18  80   M    M   1 1      24 100
22  91  75  83   3   0  18 0.00  0.0    0  7.9 18  60   M    M   2        27  50
23  93  74  84   4   0  19 0.00  0.0    0  6.4 14  80   M    M   2        19  70
================================================================================
SM 2124 1745         0 446  1.68     0.0 130.6          M       35
================================================================================
AV 92.4 75.9                               5.7 FASTST   M    M   2    MAX(MPH)
                                 MISC ---->  # 28  80               # 37  120
================================================================================
NOTES:
# LAST OF SEVERAL OCCURRENCES

COLUMN 17 PEAK WIND IN M.P.H.

PRELIMINARY LOCAL CLIMATOLOGICAL DATA (WS FORM: F-6) , PAGE 2

                                          STATION:  LEESBURG
                                          MONTH:    SEPTEMBER
                                          YEAR:     2018
                                          LATITUDE:   28 49 N
                                          LONGITUDE:  81 49 W

[TEMPERATURE DATA]      [PRECIPITATION DATA]       SYMBOLS USED IN COLUMN 16

AVERAGE MONTHLY: 84.1   TOTAL FOR MONTH:   1.68    1 = FOG OR MIST
DPTR FM NORMAL:   2.6   DPTR FM NORMAL:   -3.40    2 = FOG REDUCING VISIBILITY
HIGHEST:    95 ON 20,19 GRTST 24HR  1.20 ON  3- 3      TO 1/4 MILE OR LESS
LOWEST:     73 ON  8                               3 = THUNDER
                        SNOW, ICE PELLETS, HAIL    4 = ICE PELLETS
                        TOTAL MONTH:   0.0 INCH    5 = HAIL
                        GRTST 24HR     0.0         6 = FREEZING RAIN OR DRIZZLE
                        GRTST DEPTH:   0           7 = DUSTSTORM OR SANDSTORM:
                                                       VSBY 1/2 MILE OR LESS
                                                   8 = SMOKE OR HAZE
[NO. OF DAYS WITH]      [WEATHER - DAYS WITH]      9 = BLOWING SNOW
                                                   X = TORNADO
MAX 32 OR BELOW:   0    0.01 INCH OR MORE:   6
MAX 90 OR ABOVE:  21    0.10 INCH OR MORE:   4
MIN 32 OR BELOW:   0    0.50 INCH OR MORE:   1
MIN  0 OR BELOW:   0    1.00 INCH OR MORE:   1

[HDD (BASE 65) ]
TOTAL THIS MO.     0    CLEAR  (SCALE 0-3)  23
DPTR FM NORMAL     0    PTCLDY (SCALE 4-7)   0
TOTAL FM JUL 1     0    CLOUDY (SCALE 8-10)  0
DPTR FM NORMAL     0

[CDD (BASE 65) ]
TOTAL THIS MO.   446
DPTR FM NORMAL    68    [PRESSURE DATA]
TOTAL FM JAN 1  3023    HIGHEST SLP M ON M
DPTR FM NORMAL   285    LOWEST  SLP 29.77 ON 15

[REMARKS]
