000
CXUS52 KMLB 180640
CF6LEE
PRELIMINARY LOCAL CLIMATOLOGICAL DATA (WS FORM: F-6)

                                          STATION:   LEESBURG
                                          MONTH:     DECEMBER
                                          YEAR:      2018
                                          LATITUDE:   28 49 N
                                          LONGITUDE:  81 49 W

  TEMPERATURE IN F:       :PCPN:    SNOW:  WIND      :SUNSHINE: SKY     :PK WND
================================================================================
1   2   3   4   5  6A  6B    7    8   9   10  11  12  13   14  15   16   17  18
                                     12Z  AVG MX 2MIN
DY MAX MIN AVG DEP HDD CDD  WTR  SNW DPTH SPD SPD DIR MIN PSBL S-S WX    SPD DR
================================================================================

 1  75  63  69   5   0   4 0.10  0.0    0  6.5 13 180   M    M   6 1      17 170
 2  85  68  77  13   0  12 0.00  0.0    0  9.4 18 200   M    M   4        26 190
 3  82  69  76  12   0  11 0.52  0.0    0  8.6 23 250   M    M   5 13     31 250
 4  75  56  66   3   0   1 0.01  0.0    0  6.6 14 350   M    M   7        17 340
 5  61  45  53 -10  12   0 0.00  0.0    0 11.5 20 340   M    M   0        24 320
 6  68  38  53 -10  12   0 0.00  0.0    0  5.7 13  30   M    M   0        16 350
 7  74  46  60  -3   5   0 0.00  0.0    0  4.4 15  50   M    M   0        19  40
 8  76  51  64   2   1   0 0.00  0.0    0  4.7 10 140   M    M   1        13 130
 9  74  56  65   3   0   0 0.96  0.0    0 10.6 24 170   M    M   6 13     34 170
10  56  42  49 -13  16   0 0.00  0.0    0  9.5 17 330   M    M   9 1      22 300
11  56  41  49 -13  16   0 0.00  0.0    0  7.1 17 340   M    M   4        22 320
12  64  37  51 -11  14   0 0.00  0.0    0  3.2 10 350   M    M   0        12 350
13  73  53  63   2   2   0 0.00  0.0    0  7.1 16 130   M    M   7        23 130
14  69  64  67   6   0   2 1.63  0.0    0  6.8 15 280   M    M   8 13     19 280
15  69  58  64   3   1   0 0.47  0.0    0  4.8 17 330   M    M   8 12     23 300
16  68  52  60  -1   5   0 0.00  0.0    0  5.4 15 280   M    M   6 1      22 260
17  66  47  57  -4   8   0 0.00  0.0    0  5.2 10 320   M    M   1        14 260
================================================================================
SM 1191  886        92  30  3.69     0.0 117.1          M       72
================================================================================
AV 70.1 52.1                               6.9 FASTST   M    M   4    MAX(MPH)
                                 MISC ---->  # 24 170               # 34  170
================================================================================
NOTES:
# LAST OF SEVERAL OCCURRENCES

COLUMN 17 PEAK WIND IN M.P.H.

PRELIMINARY LOCAL CLIMATOLOGICAL DATA (WS FORM: F-6) , PAGE 2

                                          STATION:  LEESBURG
                                          MONTH:    DECEMBER
                                          YEAR:     2018
                                          LATITUDE:   28 49 N
                                          LONGITUDE:  81 49 W

[TEMPERATURE DATA]      [PRECIPITATION DATA]       SYMBOLS USED IN COLUMN 16

AVERAGE MONTHLY: 61.1   TOTAL FOR MONTH:   3.69    1 = FOG OR MIST
DPTR FM NORMAL:  -1.2   DPTR FM NORMAL:    2.21    2 = FOG REDUCING VISIBILITY
HIGHEST:    85 ON  2    GRTST 24HR  1.63 ON 14-14      TO 1/4 MILE OR LESS
LOWEST:     37 ON 12                               3 = THUNDER
                        SNOW, ICE PELLETS, HAIL    4 = ICE PELLETS
                        TOTAL MONTH:   0.0 INCH    5 = HAIL
                        GRTST 24HR     0.0         6 = FREEZING RAIN OR DRIZZLE
                        GRTST DEPTH:   0           7 = DUSTSTORM OR SANDSTORM:
                                                       VSBY 1/2 MILE OR LESS
                                                   8 = SMOKE OR HAZE
[NO. OF DAYS WITH]      [WEATHER - DAYS WITH]      9 = BLOWING SNOW
                                                   X = TORNADO
MAX 32 OR BELOW:   0    0.01 INCH OR MORE:   6
MAX 90 OR ABOVE:   0    0.10 INCH OR MORE:   5
MIN 32 OR BELOW:   0    0.50 INCH OR MORE:   3
MIN  0 OR BELOW:   0    1.00 INCH OR MORE:   1

[HDD (BASE 65) ]
TOTAL THIS MO.    92    CLEAR  (SCALE 0-3)   6
DPTR FM NORMAL     8    PTCLDY (SCALE 4-7)  10
TOTAL FM JUL 1   168    CLOUDY (SCALE 8-10)  1
DPTR FM NORMAL    23

[CDD (BASE 65) ]
TOTAL THIS MO.    30
DPTR FM NORMAL    -5    [PRESSURE DATA]
TOTAL FM JAN 1  3742    HIGHEST SLP M ON M
DPTR FM NORMAL   427    LOWEST  SLP 29.83 ON  9

[REMARKS]
