000
CXUS53 KLMK 210800
CF6LEX
PRELIMINARY LOCAL CLIMATOLOGICAL DATA (WS FORM: F-6)

                                          STATION:   LEXINGTON KY
                                          MONTH:     FEBRUARY
                                          YEAR:      2020
                                          LATITUDE:   38  1 N
                                          LONGITUDE:  84 36 W

  TEMPERATURE IN F:       :PCPN:    SNOW:  WIND      :SUNSHINE: SKY     :PK WND
================================================================================
1   2   3   4   5  6A  6B    7    8   9   10  11  12  13   14  15   16   17  18
                                     12Z  AVG MX 2MIN
DY MAX MIN AVG DEP HDD CDD  WTR  SNW DPTH SPD SPD DIR MIN PSBL S-S WX    SPD DR
================================================================================

 1  41  33  37   3  28   0 0.13  0.0    0  7.3 16 260   M    M  10 12     23 260
 2  61  31  46  12  19   0 0.00  0.0    0 12.9 26 240   M    M   0        40 220
 3  66  44  55  21  10   0    T  0.0    0 12.3 22 210   M    M   2        30 200
 4  62  38  50  16  15   0 0.58  0.0    0 11.4 28 220   M    M  10 1      38 220
 5  38  33  36   1  29   0 0.18  0.0    0 12.4 22  20   M    M   9 1      28  20
 6  37  30  34  -1  31   0 0.11    T    0  7.5 14 290   M    M  10 12     21 310
 7  30  24  27  -8  38   0 0.12  1.4    1 10.4 17 280   M    M   8 1      25 270
 8  37  26  32  -3  33   0 0.01  0.4    1  7.8 14 150   M    M   9 18     20 140
 9  50  21  36   1  29   0 0.06  0.0    0 10.9 22 210   M    M   3        32 180
10  50  41  46  10  19   0 1.04  0.0    0  9.5 23 200   M    M  10 12     32 190
11  41  34  38   2  27   0 0.20  0.0    0  6.7 14 340   M    M   8 1      18 340
12  38  30  34  -2  31   0 1.23  0.0    0  8.1 23  50   M    M   6 1      33 310
13  38  22  30  -6  35   0 0.06  0.0    0 10.4 22 280   M    M  10 1      28 280
14  25  15  20 -16  45   0    T  0.2    0  7.0 16 320   M    M   6        22 330
15  46  12  29  -8  36   0 0.00  0.0    0  8.3 18 200   M    M   0        24 200
16  49  34  42   5  23   0    T  0.0    0  6.1 14 250   M    M   8        20 250
17  55  31  43   6  22   0 0.00  0.0    0  9.2 20 210   M    M   1        31 210
18  56  35  46   8  19   0 0.29  0.0    0  9.5 24 210   M    M   9 1      35 210
19  45  25  35  -3  30   0 0.00  0.0    0  6.9 15  40   M    M   0 18     19  50
20  40  21  31  -7  34   0 0.00  0.0    0 11.7 17 360   M    M   3        25 360
================================================================================
SM  905  580       553   0  4.01     2.0 186.3          M      122
================================================================================
AV 45.3 29.0                               9.3 FASTST   M    M   6    MAX(MPH)
                                 MISC ---->  # 28 220               # 40  220
================================================================================
NOTES:
# LAST OF SEVERAL OCCURRENCES

COLUMN 17 PEAK WIND IN M.P.H.

PRELIMINARY LOCAL CLIMATOLOGICAL DATA (WS FORM: F-6) , PAGE 2

                                          STATION:  LEXINGTON KY
                                          MONTH:    FEBRUARY
                                          YEAR:     2020
                                          LATITUDE:   38  1 N
                                          LONGITUDE:  84 36 W

[TEMPERATURE DATA]      [PRECIPITATION DATA]       SYMBOLS USED IN COLUMN 16

AVERAGE MONTHLY: 37.1   TOTAL FOR MONTH:   4.01    1 = FOG OR MIST
DPTR FM NORMAL:   1.3   DPTR FM NORMAL:    1.75    2 = FOG REDUCING VISIBILITY
HIGHEST:    66 ON  3    GRTST 24HR  1.23 ON 12-12      TO 1/4 MILE OR LESS
LOWEST:     12 ON 15                               3 = THUNDER
                        SNOW, ICE PELLETS, HAIL    4 = ICE PELLETS
                        TOTAL MONTH:   2.0 INCHES  5 = HAIL
                        GRTST 24HR   1.4 ON  7- 7  6 = FREEZING RAIN OR DRIZZLE
                        GRTST DEPTH:   1 ON  8, 7  7 = DUSTSTORM OR SANDSTORM:
                                                       VSBY 1/2 MILE OR LESS
                                                   8 = SMOKE OR HAZE
[NO. OF DAYS WITH]      [WEATHER - DAYS WITH]      9 = BLOWING SNOW
                                                   X = TORNADO
MAX 32 OR BELOW:   2    0.01 INCH OR MORE:  12
MAX 90 OR ABOVE:   0    0.10 INCH OR MORE:   9
MIN 32 OR BELOW:  12    0.50 INCH OR MORE:   3
MIN  0 OR BELOW:   0    1.00 INCH OR MORE:   2

[HDD (BASE 65) ]
TOTAL THIS MO.   553    CLEAR  (SCALE 0-3)   5
DPTR FM NORMAL   -30    PTCLDY (SCALE 4-7)   5
TOTAL FM JUL 1  2772    CLOUDY (SCALE 8-10) 10
DPTR FM NORMAL  -594

[CDD (BASE 65) ]
TOTAL THIS MO.     0
DPTR FM NORMAL     0    [PRESSURE DATA]
TOTAL FM JAN 1     0    HIGHEST SLP M ON M
DPTR FM NORMAL     0    LOWEST  SLP 29.39 ON  7

[REMARKS]
