000
CXUS53 KLMK 200800
CF6LEX
PRELIMINARY LOCAL CLIMATOLOGICAL DATA (WS FORM: F-6)

                                          STATION:   LEXINGTON KY
                                          MONTH:     OCTOBER
                                          YEAR:      2020
                                          LATITUDE:   38  1 N
                                          LONGITUDE:  84 36 W

  TEMPERATURE IN F:       :PCPN:    SNOW:  WIND      :SUNSHINE: SKY     :PK WND
================================================================================
1   2   3   4   5  6A  6B    7    8   9   10  11  12  13   14  15   16   17  18
                                     12Z  AVG MX 2MIN
DY MAX MIN AVG DEP HDD CDD  WTR  SNW DPTH SPD SPD DIR MIN PSBL S-S WX    SPD DR
================================================================================

 1  67  46  57  -5   8   0    T  0.0    0  6.7 17 320   M    M   5        27 270
 2  62  38  50 -12  15   0 0.00  0.0    0  3.4 13 300   M    M   5        18 290
 3  65  39  52  -9  13   0 0.00  0.0    0  3.4 10 210   M    M   3        13 180
 4  68  44  56  -5   9   0 0.04  0.0    0  8.3 21 210   M    M   9 1      25 220
 5  63  34  49 -12  16   0 0.00  0.0    0  1.9  9  70   M    M   2 12     13  70
 6  70  37  54  -6  11   0 0.00  0.0    0  7.8 15 210   M    M   0 8      22 200
 7  80  51  66   6   0   1 0.00  0.0    0  9.9 18 210   M    M   0        25 220
 8  77  53  65   5   0   0 0.00  0.0    0  5.6 13 120   M    M   0        17 130
 9  77  54  66   7   0   1    T  0.0    0  7.7 17 200   M    M   2        23 210
10  68  63  66   7   0   1 0.01  0.0    0  6.6 14 160   M    M   8        20 170
11  69  63  66   8   0   1 0.06  0.0    0 10.2 17  50   M    M  10 1      22  50
12  75  53  64   6   1   0 0.06  0.0    0  8.5 24 340   M    M   9 13     34 340
13  66  40  53  -5  12   0 0.00  0.0    0  4.2 12 330   M    M   0 1      19 330
14  75  44  60   2   5   0 0.00  0.0    0  9.4 20 180   M    M   0        31 170
15  68  48  58   1   7   0    T  0.0    0  9.4 20 190   M    M   5        30 190
16  57  33  45 -12  20   0    T  0.0    0  5.7 16 270   M    M   1 1      24 310
17  60  31  46 -11  19   0 0.00  0.0    0  6.2 10 140   M    M   0        18 180
18  58  44  51  -5  14   0 0.01  0.0    0  7.9 18 210   M    M   8        24 220
19  63  54  59   3   6   0 1.00  0.0    0  6.1 18 180   M    M   9 1      25 190
================================================================================
SM 1288  869       156   4  1.18     0.0 128.9          M       76
================================================================================
AV 67.8 45.7                               6.8 FASTST   M    M   4    MAX(MPH)
                                 MISC ---->  # 24 340               # 34  340
================================================================================
NOTES:
# LAST OF SEVERAL OCCURRENCES

COLUMN 17 PEAK WIND IN M.P.H.

PRELIMINARY LOCAL CLIMATOLOGICAL DATA (WS FORM: F-6) , PAGE 2

                                          STATION:  LEXINGTON KY
                                          MONTH:    OCTOBER
                                          YEAR:     2020
                                          LATITUDE:   38  1 N
                                          LONGITUDE:  84 36 W

[TEMPERATURE DATA]      [PRECIPITATION DATA]       SYMBOLS USED IN COLUMN 16

AVERAGE MONTHLY: 56.8   TOTAL FOR MONTH:   1.18    1 = FOG OR MIST
DPTR FM NORMAL:  -2.2   DPTR FM NORMAL:   -0.69    2 = FOG REDUCING VISIBILITY
HIGHEST:    80 ON  7    GRTST 24HR  1.00 ON 19-19      TO 1/4 MILE OR LESS
LOWEST:     31 ON 17                               3 = THUNDER
                        SNOW, ICE PELLETS, HAIL    4 = ICE PELLETS
                        TOTAL MONTH:   0.0 INCH    5 = HAIL
                        GRTST 24HR     0.0         6 = FREEZING RAIN OR DRIZZLE
                        GRTST DEPTH:   0           7 = DUSTSTORM OR SANDSTORM:
                                                       VSBY 1/2 MILE OR LESS
                                                   8 = SMOKE OR HAZE
[NO. OF DAYS WITH]      [WEATHER - DAYS WITH]      9 = BLOWING SNOW
                                                   X = TORNADO
MAX 32 OR BELOW:   0    0.01 INCH OR MORE:   6
MAX 90 OR ABOVE:   0    0.10 INCH OR MORE:   1
MIN 32 OR BELOW:   1    0.50 INCH OR MORE:   1
MIN  0 OR BELOW:   0    1.00 INCH OR MORE:   1

[HDD (BASE 65) ]
TOTAL THIS MO.   156    CLEAR  (SCALE 0-3)  10
DPTR FM NORMAL    21    PTCLDY (SCALE 4-7)   5
TOTAL FM JUL 1   216    CLOUDY (SCALE 8-10)  4
DPTR FM NORMAL    27

[CDD (BASE 65) ]
TOTAL THIS MO.     4
DPTR FM NORMAL   -19    [PRESSURE DATA]
TOTAL FM JAN 1  1153    HIGHEST SLP M ON M
DPTR FM NORMAL   -33    LOWEST  SLP 29.77 ON 12

[REMARKS]
