000
CXUS54 KSHV 161500
CF6LFK
PRELIMINARY LOCAL CLIMATOLOGICAL DATA (WS FORM: F-6)

                                          STATION:   LUFKIN
                                          MONTH:     OCTOBER
                                          YEAR:      2019
                                          LATITUDE:   31 14 N
                                          LONGITUDE:  94 45 W

  TEMPERATURE IN F:       :PCPN:    SNOW:  WIND      :SUNSHINE: SKY     :PK WND
================================================================================
1   2   3   4   5  6A  6B    7    8   9   10  11  12  13   14  15   16   17  18
                                     12Z  AVG MX 2MIN
DY MAX MIN AVG DEP HDD CDD  WTR  SNW DPTH SPD SPD DIR MIN PSBL S-S WX    SPD DR
================================================================================

 1  92  72  82  10   0  17 0.00  0.0    0  5.4 14 130   M    M   3 12     19 150
 2  93  69  81   9   0  16 0.00  0.0    0  2.3 13 140   M    M   2 12     18 150
 3  94  71  83  11   0  18 0.17  0.0    0  3.9 33 150   M    M   1 138    48 150
 4  92  68  80   9   0  15 0.00  0.0    0  3.4 10  70   M    M   1 12     14  60
 5  91  69  80   9   0  15 0.00  0.0    0  2.3  8  80   M    M   0        11  60
 6  90  69  80   9   0  15 0.00  0.0    0  2.7  9 150   M    M   1 12     14 180
 7  77  62  70   0   0   5 0.00  0.0    0  6.9 14  10   M    M   7 1      20  30
 8  82  57  70   0   0   5 0.00  0.0    0  3.2  9  30   M    M   0        13  10
 9  85  56  71   1   0   6 0.00  0.0    0  5.5 14 130   M    M   1        17 160
10  91  68  80  10   0  15 0.00  0.0    0  8.1 18 150   M    M   1 1      24 200
11  73  47  60  -9   5   0 1.30    M    0  6.1 20 270   M    M   6 13     27 270
12  65  48  57 -12   8   0 0.00  0.0    0  5.1 13  20   M    M   2        17  40
13  73  52  63  -6   2   0    T  0.0    0  3.4  9 140   M    M   6        13 130
14  74  63  69   1   0   4 0.81  0.0    0  4.2 10 110   M    M   9 1      14 110
15  82  71  77   9   0  12 0.03  0.0    0  4.5 10 220   M    M   8 123    14 210
================================================================================
SM 1254  942        15 143  2.31     0.0  67.0          M       48
================================================================================
AV 83.6 62.8                               4.5 FASTST   M    M   3    MAX(MPH)
                                 MISC ---->  # 33 150               # 48  150
================================================================================
NOTES:
# LAST OF SEVERAL OCCURRENCES

COLUMN 17 PEAK WIND IN M.P.H.

PRELIMINARY LOCAL CLIMATOLOGICAL DATA (WS FORM: F-6) , PAGE 2

                                          STATION:  LUFKIN
                                          MONTH:    OCTOBER
                                          YEAR:     2019
                                          LATITUDE:   31 14 N
                                          LONGITUDE:  94 45 W

[TEMPERATURE DATA]      [PRECIPITATION DATA]       SYMBOLS USED IN COLUMN 16

AVERAGE MONTHLY: 73.2   TOTAL FOR MONTH:   2.31    1 = FOG OR MIST
DPTR FM NORMAL:   3.1   DPTR FM NORMAL:    0.26    2 = FOG REDUCING VISIBILITY
HIGHEST:    94 ON  3    GRTST 24HR  1.30 ON 11-11      TO 1/4 MILE OR LESS
LOWEST:     47 ON 11                               3 = THUNDER
                        SNOW, ICE PELLETS, HAIL    4 = ICE PELLETS
                        TOTAL MONTH:   0.0 INCH    5 = HAIL
                        GRTST 24HR     0.0         6 = FREEZING RAIN OR DRIZZLE
                        GRTST DEPTH:   0           7 = DUSTSTORM OR SANDSTORM:
                                                       VSBY 1/2 MILE OR LESS
                                                   8 = SMOKE OR HAZE
[NO. OF DAYS WITH]      [WEATHER - DAYS WITH]      9 = BLOWING SNOW
                                                   X = TORNADO
MAX 32 OR BELOW:   0    0.01 INCH OR MORE:   4
MAX 90 OR ABOVE:   7    0.10 INCH OR MORE:   3
MIN 32 OR BELOW:   0    0.50 INCH OR MORE:   2
MIN  0 OR BELOW:   0    1.00 INCH OR MORE:   1

[HDD (BASE 65) ]
TOTAL THIS MO.    15    CLEAR  (SCALE 0-3)  10
DPTR FM NORMAL    -1    PTCLDY (SCALE 4-7)   3
TOTAL FM JUL 1    15    CLOUDY (SCALE 8-10)  2
DPTR FM NORMAL    -5

[CDD (BASE 65) ]
TOTAL THIS MO.   143
DPTR FM NORMAL    50    [PRESSURE DATA]
TOTAL FM JAN 1  2607    HIGHEST SLP M ON M
DPTR FM NORMAL   117    LOWEST  SLP 29.80 ON 10

[REMARKS]
