000
CXUS54 KSHV 201500
CF6LFK
PRELIMINARY LOCAL CLIMATOLOGICAL DATA (WS FORM: F-6)

                                          STATION:   LUFKIN
                                          MONTH:     SEPTEMBER
                                          YEAR:      2018
                                          LATITUDE:   31 14 N
                                          LONGITUDE:  94 45 W

  TEMPERATURE IN F:       :PCPN:    SNOW:  WIND      :SUNSHINE: SKY     :PK WND
================================================================================
1   2   3   4   5  6A  6B    7    8   9   10  11  12  13   14  15   16   17  18
                                     12Z  AVG MX 2MIN
DY MAX MIN AVG DEP HDD CDD  WTR  SNW DPTH SPD SPD DIR MIN PSBL S-S WX    SPD DR
================================================================================

 1  92  73  83   2   0  18 0.00  0.0    0  7.4 18  90   M    M   4        22  80
 2  87  73  80  -1   0  15 0.34  0.0    0  7.5 21  70   M    M   8 1      26  70
 3  83  74  79  -2   0  14 0.31  0.0    0  9.6 18 130   M    M   8 1      24 140
 4  89  74  82   1   0  17 0.50  0.0    0  5.0 23 130   M    M   4 13     28 120
 5  94  72  83   3   0  18 0.00  0.0    0  2.1 10  90   M    M   2        20 270
 6  95  73  84   4   0  19 0.00  0.0    0  3.5 16  80   M    M   2 3      19 180
 7  92  73  83   3   0  18 0.16  0.0    0  4.4 20 250   M    M   2 3      24 250
 8  93  72  83   3   0  18 0.38  0.0    0  5.4 20 310   M    M   4 13     30 280
 9  82  72  77  -2   0  12 0.13  0.0    0  3.3  9 280   M    M   8 18     11 280
10  82  71  77  -2   0  12 1.81  0.0    0  5.1 14  50   M    M   7 1      19  60
11  78  71  75  -4   0  10 0.06  0.0    0  6.0 12  80   M    M   8        14  80
12  86  71  79   0   0  14 0.48  0.0    0  5.0 17 130   M    M   7 13     24 140
13  88  71  80   2   0  15 0.19  0.0    0  5.1 18 100   M    M   4 13     24  90
14  89  72  81   3   0  16 0.24  0.0    0  4.2 21 170   M    M   2 13     29 170
15  93  70  82   4   0  17 0.09  0.0    0  3.0 16 110   M    M   2 13     20 110
16  94  71  83   6   0  18 0.00  0.0    0  1.9 13 150   M    M   1 3      17 140
17  93  74  84   7   0  19 0.00  0.0    0  1.6  9  10   M    M   0 3      12  80
18  96  74  85   8   0  20 0.02  0.0    0  1.0  9 330   M    M   1 1      12 340
19  94  73  84   8   0  19 0.00  0.0    0  3.4 10 120   M    M   0        14 100
================================================================================
SM 1700 1374         0 309  4.71     0.0  84.5          M       74
================================================================================
AV 89.5 72.3                               4.4 FASTST   M    M   4    MAX(MPH)
                                 MISC ---->  # 23 130               # 30  280
================================================================================
NOTES:
# LAST OF SEVERAL OCCURRENCES

COLUMN 17 PEAK WIND IN M.P.H.

PRELIMINARY LOCAL CLIMATOLOGICAL DATA (WS FORM: F-6) , PAGE 2

                                          STATION:  LUFKIN
                                          MONTH:    SEPTEMBER
                                          YEAR:     2018
                                          LATITUDE:   31 14 N
                                          LONGITUDE:  94 45 W

[TEMPERATURE DATA]      [PRECIPITATION DATA]       SYMBOLS USED IN COLUMN 16

AVERAGE MONTHLY: 80.9   TOTAL FOR MONTH:   4.71    1 = FOG OR MIST
DPTR FM NORMAL:   1.9   DPTR FM NORMAL:    2.03    2 = FOG REDUCING VISIBILITY
HIGHEST:    96 ON 18    GRTST 24HR  1.81 ON 10-10      TO 1/4 MILE OR LESS
LOWEST:     70 ON 15                               3 = THUNDER
                        SNOW, ICE PELLETS, HAIL    4 = ICE PELLETS
                        TOTAL MONTH:   0.0 INCH    5 = HAIL
                        GRTST 24HR     0.0         6 = FREEZING RAIN OR DRIZZLE
                        GRTST DEPTH:   0           7 = DUSTSTORM OR SANDSTORM:
                                                       VSBY 1/2 MILE OR LESS
                                                   8 = SMOKE OR HAZE
[NO. OF DAYS WITH]      [WEATHER - DAYS WITH]      9 = BLOWING SNOW
                                                   X = TORNADO
MAX 32 OR BELOW:   0    0.01 INCH OR MORE:  13
MAX 90 OR ABOVE:  10    0.10 INCH OR MORE:  10
MIN 32 OR BELOW:   0    0.50 INCH OR MORE:   2
MIN  0 OR BELOW:   0    1.00 INCH OR MORE:   1

[HDD (BASE 65) ]
TOTAL THIS MO.     0    CLEAR  (SCALE 0-3)   9
DPTR FM NORMAL     0    PTCLDY (SCALE 4-7)   9
TOTAL FM JUL 1     0    CLOUDY (SCALE 8-10)  1
DPTR FM NORMAL     0

[CDD (BASE 65) ]
TOTAL THIS MO.   309
DPTR FM NORMAL    42    [PRESSURE DATA]
TOTAL FM JAN 1  2603    HIGHEST SLP M ON M
DPTR FM NORMAL   313    LOWEST  SLP 29.80 ON  8

[REMARKS]
