302
CXUS54 KLCH 200830
CF6LFT
PRELIMINARY LOCAL CLIMATOLOGICAL DATA (WS FORM: F-6)

                                          STATION:   LAFAYETTE
                                          MONTH:     JUNE
                                          YEAR:      2024
                                          LATITUDE:   30 12 N
                                          LONGITUDE:  92  0 W

  TEMPERATURE IN F:       :PCPN:    SNOW:  WIND      :SUNSHINE: SKY     :PK WND
================================================================================
1   2   3   4   5  6A  6B    7    8   9   10  11  12  13   14  15   16   17  18
                                     12Z  AVG MX 2MIN
DY MAX MIN AVG DEP HDD CDD  WTR  SNW DPTH SPD SPD DIR MIN PSBL S-S WX    SPD DR
================================================================================

 1  92  71  82   2   0  17 0.34  0.0    M  4.2 20  20   M    M   7 13     28 300
 2  87  72  80   0   0  15 0.57  0.0    M  4.2 15  20   M    M   6 13     22 160
 3  90  70  80   0   0  15 0.26  0.0    M  6.9 22 340   M    M   3 1      28 310
 4  89  70  80   0   0  15 0.04  0.0    M  7.7 30 340   M    M   4 3      41 340
 5  88  72  80  -1   0  15 0.23  0.0    M  7.0 22 290   M    M   3 138    28 290
 6  92  74  83   2   0  18 0.00  0.0    M  6.3 15 360   M    M   1 1      23 360
 7  94  74  84   3   0  19 0.00  0.0    M  3.8 12 360   M    M   0        15  30
 8  96  74  85   4   0  20 0.00  0.0    M  4.6 12  30   M    M   1        16  20
 9  93  76  85   4   0  20 0.00  0.0    M  4.1 12 180   M    M   3 1      19 180
10  92  76  84   3   0  19 0.00  0.0    M  4.2 15 200   M    M   3 1      19 200
11  93  76  85   4   0  20 0.00  0.0    M  6.6 13  10   M    M   1        19 360
12  91  73  82   0   0  17 0.00  0.0    M  5.0 13 360   M    M   3        16 360
13  92  71  82   0   0  17 0.00  0.0    M  4.9 13 320   M    M   1        17 320
14  95  73  84   2   0  19 0.00  0.0    M  1.4  9 250   M    M   3        13 220
15  96  75  86   4   0  21 0.00  0.0    M  1.9  8 140   M    M   2 1      13  50
16  93  75  84   2   0  19 0.89  0.0    M  3.1 13 180   M    M   3 13     24  90
17  90  76  83   1   0  18 0.39  0.0    M  4.3 15  90   M    M   6 138    27  80
18  83  76  80  -2   0  15 0.10  0.0    M  5.5 10  60   M    M   6 1      20  60
19  92  76  84   2   0  19 0.00  0.0    M  7.1 15  50   M    M   2        28  70
================================================================================
SM 1738 1400         0 338  2.82  0.0     92.8          M       58
================================================================================
AV 91.5 73.7                               4.9 FASTST   M    M   3    MAX(MPH)
                                 MISC ---->    30 340                 41 340
================================================================================
NOTES:
# LAST OF SEVERAL OCCURRENCES

COLUMN 17 PEAK WIND IN M.P.H.

PRELIMINARY LOCAL CLIMATOLOGICAL DATA (WS FORM: F-6) , PAGE 2

                                          STATION:   LAFAYETTE
                                          MONTH:     JUNE
                                          YEAR:      2024
                                          LATITUDE:   30 12 N
                                          LONGITUDE:  92  0 W

[TEMPERATURE DATA]      [PRECIPITATION DATA]       SYMBOLS USED IN COLUMN 16

AVERAGE MONTHLY: 82.6   TOTAL FOR MONTH:   2.82    1 = FOG OR MIST
DPTR FM NORMAL:   1.4   DPTR FM NORMAL:   -1.73    2 = FOG REDUCING VISIBILITY
HIGHEST:    96 ON 15, 8  GRTST 24HR  1.10 ON 31- 1      TO 1/4 MILE OR LESS
LOWEST:     70 ON  4, 3                             3 = THUNDER
                        SNOW, ICE PELLETS, HAIL    4 = ICE PELLETS
                        TOTAL MONTH:   0.0 INCH    5 = HAIL
                        GRTST 24HR  0.0            6 = FREEZING RAIN OR DRIZZLE
                        GRTST DEPTH:  M  ON   M    7 = DUSTSTORM OR SANDSTORM:
                                                       VSBY 1/2 MILE OR LESS
                                                   8 = SMOKE OR HAZE
[NO. OF DAYS WITH]      [WEATHER - DAYS WITH]      9 = BLOWING SNOW
                                                   X = TORNADO
MAX 32 OR BELOW:   0    0.01 INCH OR MORE:   8
MAX 90 OR ABOVE:  15    0.10 INCH OR MORE:   7
MIN 32 OR BELOW:   0    0.50 INCH OR MORE:   2
MIN  0 OR BELOW:   0    1.00 INCH OR MORE:   0

[HDD (BASE 65) ]
TOTAL THIS MO.     0    CLEAR  (SCALE 0-3)  12
DPTR FM NORMAL     0    PTCLDY (SCALE 4-7)   7
TOTAL FM JUL 1  1105    CLOUDY (SCALE 8-10)  0
DPTR FM NORMAL  -272

[CDD (BASE 65) ]
TOTAL THIS MO.   338
DPTR FM NORMAL    30    [PRESSURE DATA]
TOTAL FM JAN 1  1169    HIGHEST SLP M ON M
DPTR FM NORMAL   226    LOWEST  SLP 29.73 ON  5

[REMARKS]