000
CXUS54 KLCH 170850
CF6LFT
PRELIMINARY LOCAL CLIMATOLOGICAL DATA (WS FORM: F-6)

                                          STATION:   LAFAYETTE
                                          MONTH:     OCTOBER
                                          YEAR:      2019
                                          LATITUDE:   30 12 N
                                          LONGITUDE:  92  0 W

  TEMPERATURE IN F:       :PCPN:    SNOW:  WIND      :SUNSHINE: SKY     :PK WND
================================================================================
1   2   3   4   5  6A  6B    7    8   9   10  11  12  13   14  15   16   17  18
                                     12Z  AVG MX 2MIN
DY MAX MIN AVG DEP HDD CDD  WTR  SNW DPTH SPD SPD DIR MIN PSBL S-S WX    SPD DR
================================================================================

 1  92  71  82   7   0  17 0.00  0.0    0  2.0  8 100   M    M   2 12     12 110
 2  93  73  83   9   0  18 0.00  0.0    0  3.2 10  40   M    M   2 1      13  50
 3  94  74  84  10   0  19 0.00  0.0    0  3.0  9 200   M    M   1 1      12 190
 4  94  73  84  10   0  19 0.00  0.0    0  4.2 12  50   M    M   1        18  40
 5  93  70  82   8   0  17 0.00  0.0    0  1.6  7 150   M    M   1 13     14 140
 6  90  70  80   7   0  15 0.07  0.0    0  2.8 14 170   M    M   2 13     19 180
 7  90  65  78   5   0  13    T  0.0    0  8.0 23  30   M    M   2 1      28  20
 8  82  64  73   0   0   8 0.00  0.0    0  7.0 15  10   M    M   5        18  10
 9  89  64  77   5   0  12 0.00  0.0    0  2.8 10 200   M    M   2 1      14 190
10  90  68  79   7   0  14 0.00  0.0    0  3.6 14 180   M    M   3 1      19 140
11  88  62  75   3   0  10 0.01  0.0    0  8.1 17  10   M    M   6 3      23 320
12  75  57  66  -5   0   1    T  0.0    0 10.9 21  20   M    M   5        27  10
13  84  60  72   1   0   7 0.00  0.0    0  4.7 10 340   M    M   5 8      16 310
14  75  67  71   0   0   6 1.21  0.0    0  3.9 14  30   M    M   9 13     16  40
15  86  71  79   8   0  14 0.41  0.0    0  3.4 21 300   M    M   8 13     26 310
16  74  57  66  -4   0   1 1.19  0.0    0  8.1 21  20   M    M   6 13     24  20
================================================================================
SM 1389 1066         0 191  2.89     0.0  77.3          M       60
================================================================================
AV 86.8 66.6                               4.8 FASTST   M    M   4    MAX(MPH)
                                 MISC ---->  # 23  30               # 28   20
================================================================================
NOTES:
# LAST OF SEVERAL OCCURRENCES

COLUMN 17 PEAK WIND IN M.P.H.

PRELIMINARY LOCAL CLIMATOLOGICAL DATA (WS FORM: F-6) , PAGE 2

                                          STATION:  LAFAYETTE
                                          MONTH:    OCTOBER
                                          YEAR:     2019
                                          LATITUDE:   30 12 N
                                          LONGITUDE:  92  0 W

[TEMPERATURE DATA]      [PRECIPITATION DATA]       SYMBOLS USED IN COLUMN 16

AVERAGE MONTHLY: 76.7   TOTAL FOR MONTH:   2.89    1 = FOG OR MIST
DPTR FM NORMAL:   4.2   DPTR FM NORMAL:    0.36    2 = FOG REDUCING VISIBILITY
HIGHEST:    94 ON  4, 3 GRTST 24HR  1.21 ON 14-14      TO 1/4 MILE OR LESS
LOWEST:     57 ON 16,12                            3 = THUNDER
                        SNOW, ICE PELLETS, HAIL    4 = ICE PELLETS
                        TOTAL MONTH:   0.0 INCH    5 = HAIL
                        GRTST 24HR     0.0         6 = FREEZING RAIN OR DRIZZLE
                        GRTST DEPTH:   0           7 = DUSTSTORM OR SANDSTORM:
                                                       VSBY 1/2 MILE OR LESS
                                                   8 = SMOKE OR HAZE
[NO. OF DAYS WITH]      [WEATHER - DAYS WITH]      9 = BLOWING SNOW
                                                   X = TORNADO
MAX 32 OR BELOW:   0    0.01 INCH OR MORE:   5
MAX 90 OR ABOVE:   8    0.10 INCH OR MORE:   3
MIN 32 OR BELOW:   0    0.50 INCH OR MORE:   2
MIN  0 OR BELOW:   0    1.00 INCH OR MORE:   2

[HDD (BASE 65) ]
TOTAL THIS MO.     0    CLEAR  (SCALE 0-3)   8
DPTR FM NORMAL    -7    PTCLDY (SCALE 4-7)   7
TOTAL FM JUL 1     0    CLOUDY (SCALE 8-10)  1
DPTR FM NORMAL    -8

[CDD (BASE 65) ]
TOTAL THIS MO.   191
DPTR FM NORMAL    63    [PRESSURE DATA]
TOTAL FM JAN 1  3081    HIGHEST SLP M ON M
DPTR FM NORMAL   265    LOWEST  SLP 29.86 ON 15

[REMARKS]
