000
CXUS51 KOKX 200702
CF6LGA
PRELIMINARY LOCAL CLIMATOLOGICAL DATA (WS FORM: F-6)

                                          STATION:   LAGUARDIA NY
                                          MONTH:     OCTOBER
                                          YEAR:      2019
                                          LATITUDE:   40 46 N
                                          LONGITUDE:  73 54 W

  TEMPERATURE IN F:       :PCPN:    SNOW:  WIND      :SUNSHINE: SKY     :PK WND
================================================================================
1   2   3   4   5  6A  6B    7    8   9   10  11  12  13   14  15   16   17  18
                                     12Z  AVG MX 2MIN
DY MAX MIN AVG DEP HDD CDD  WTR  SNW DPTH SPD SPD DIR MIN PSBL S-S WX    SPD DR
================================================================================

 1  82  64  73  10   0   8 0.00  0.0    0 10.3 16 230   M    M   7        22 220
 2  95  63  79  16   0  14 0.21  0.0    0 10.2 22 270   M    M   7 1      26 250
 3  67  54  61  -2   4   0 0.23  0.0    0 12.6 24  60   M    M  10 18     31  70
 4  66  50  58  -4   7   0    T  0.0    0 14.1 29 330   M    M   3 1      36 310
 5  60  46  53  -9  12   0 0.00  0.0    0  9.0 20  50   M    M   3        23  40
 6  71  57  64   2   1   0 0.01  0.0    0 10.9 22 190   M    M  10        30 180
 7  79  60  70   9   0   5 0.03  0.0    0 11.7 23 200   M    M   9 1      32 220
 8  66  59  63   2   2   0 0.03  0.0    0 12.5 20  40   M    M   9 1      31  40
 9  61  53  57  -3   8   0 0.54  0.0    0 15.9 31  50   M    M  10 1      35  50
10  72  53  63   3   2   0    T  0.0    0 16.0 26  40   M    M   8        32  40
11  66  55  61   1   4   0 0.00  0.0    0 16.0 26  30   M    M   7        33  50
12  69  56  63   4   2   0 0.00  0.0    0  7.3 18 300   M    M   8        22 300
13  67  56  62   3   3   0 0.00  0.0    0  7.5 17 300   M    M   6        21 310
14  75  59  67   8   0   2    T  0.0    0  8.1 18 320   M    M   4        25 320
15  66  54  60   2   5   0 0.00  0.0    0  6.3 14 180   M    M   3        17 190
16  67  54  61   3   4   0 1.71  0.0    0 16.2 43 300   M    M   8 1      55 300
17  59  52  56  -2   9   0    T  0.0    0 22.8 38 260   M    M   8        50 260
18  59  49  54  -3  11   0 0.00  0.0    0 18.6 29 320   M    M   4        37 320
19  62  47  55  -2  10   0 0.00  0.0    0  5.8 14 160   M    M   4        17 330
================================================================================
SM 1309 1041        84  29  2.76     0.0 231.8          M      128
================================================================================
AV 68.9 54.8                              12.2 FASTST   M    M   7    MAX(MPH)
                                 MISC ---->  # 43 300               # 55  300
================================================================================
NOTES:
# LAST OF SEVERAL OCCURRENCES

COLUMN 17 PEAK WIND IN M.P.H.

PRELIMINARY LOCAL CLIMATOLOGICAL DATA (WS FORM: F-6) , PAGE 2

                                          STATION:  LAGUARDIA NY
                                          MONTH:    OCTOBER
                                          YEAR:     2019
                                          LATITUDE:   40 46 N
                                          LONGITUDE:  73 54 W

[TEMPERATURE DATA]      [PRECIPITATION DATA]       SYMBOLS USED IN COLUMN 16

AVERAGE MONTHLY: 61.8   TOTAL FOR MONTH:   2.76    1 = FOG OR MIST
DPTR FM NORMAL:   1.7   DPTR FM NORMAL:    0.40    2 = FOG REDUCING VISIBILITY
HIGHEST:    95 ON  2    GRTST 24HR  1.71 ON 16-16      TO 1/4 MILE OR LESS
LOWEST:     46 ON  5                               3 = THUNDER
                        SNOW, ICE PELLETS, HAIL    4 = ICE PELLETS
                        TOTAL MONTH:   0.0 INCH    5 = HAIL
                        GRTST 24HR     0.0         6 = FREEZING RAIN OR DRIZZLE
                        GRTST DEPTH:   0           7 = DUSTSTORM OR SANDSTORM:
                                                       VSBY 1/2 MILE OR LESS
                                                   8 = SMOKE OR HAZE
[NO. OF DAYS WITH]      [WEATHER - DAYS WITH]      9 = BLOWING SNOW
                                                   X = TORNADO
MAX 32 OR BELOW:   0    0.01 INCH OR MORE:   7
MAX 90 OR ABOVE:   1    0.10 INCH OR MORE:   4
MIN 32 OR BELOW:   0    0.50 INCH OR MORE:   2
MIN  0 OR BELOW:   0    1.00 INCH OR MORE:   1

[HDD (BASE 65) ]
TOTAL THIS MO.    84    CLEAR  (SCALE 0-3)   3
DPTR FM NORMAL   -29    PTCLDY (SCALE 4-7)  11
TOTAL FM JUL 1    87    CLOUDY (SCALE 8-10)  5
DPTR FM NORMAL   -61

[CDD (BASE 65) ]
TOTAL THIS MO.    29
DPTR FM NORMAL     9    [PRESSURE DATA]
TOTAL FM JAN 1  1484    HIGHEST SLP M ON M
DPTR FM NORMAL   274    LOWEST  SLP 29.14 ON 16

[REMARKS]
