000
CXUS55 KLOX 191655
CF6LGB
PRELIMINARY LOCAL CLIMATOLOGICAL DATA (WS FORM: F-6)

                                          STATION:   LONG BEACH AIRPORT CA
                                          MONTH:     JUNE
                                          YEAR:      2018
                                          LATITUDE:   33 49 N
                                          LONGITUDE: 118  9 W

  TEMPERATURE IN F:       :PCPN:    SNOW:  WIND      :SUNSHINE: SKY     :PK WND
================================================================================
1   2   3   4   5  6A  6B    7    8   9   10  11  12  13   14  15   16   17  18
                                     12Z  AVG MX 2MIN
DY MAX MIN AVG DEP HDD CDD  WTR  SNW DPTH SPD SPD DIR MIN PSBL S-S WX    SPD DR
================================================================================

 1  75  57  66  -1   0   1 0.00  0.0    0  5.6 14 310   M    M   0        24  60
 2  81  59  70   3   0   5 0.00  0.0    0  5.3 14 310   M    M   0        15 310
 3  82  62  72   5   0   7 0.00  0.0    0  5.1 13 310   M    M   1        16 300
 4  70  60  65  -2   0   0 0.00  0.0    0  6.3 14 150   M    M   5        17 190
 5  71  61  66  -1   0   1 0.00  0.0    0  6.4 12 210   M    M   8        15 210
 6  74  61  68   1   0   3 0.00  0.0    0  5.9 16 300   M    M   5        19 300
 7  78  60  69   2   0   4 0.00  0.0    0  6.3 14 300   M    M   4        18 290
 8  85  60  73   5   0   8 0.00  0.0    0  5.3 15 310   M    M   0        18 290
 9  82  62  72   4   0   7 0.00  0.0    0  6.3 18 310   M    M   1        21 310
10  82  63  73   5   0   8 0.00  0.0    0  5.9 15 310   M    M   2        19 290
11  85  64  75   7   0  10 0.00  0.0    0  5.9  9 320   M    M   2         M  M
12  75  64  70   2   0   5 0.00  0.0    0  5.8 13 210   M    M   2 1      18 180
13  84  63  74   6   0   9 0.00  0.0    0  5.2 13 190   M    M   2 18     16 190
14  89  62  76   8   0  11 0.00  0.0    0  5.3 16 310   M    M   4 18     21 320
15  76  64  70   1   0   5 0.00  0.0    0  6.2 15 310   M    M   3        16 300
16  69  62  66  -3   0   1 0.00  0.0    0  7.6 16 200   M    M   9        24 150
17  70  62  66  -3   0   1 0.00  0.0    0  7.5 13 210   M    M  10        19 200
18  75  61  68  -1   0   3 0.00  0.0    0  8.6 18 310   M    M   4        23 300
================================================================================
SM 1403 1107         0  89  0.00     0.0 110.6          M       62
================================================================================
AV 77.9 61.5                               6.1 FASTST   M    M   3    MAX(MPH)
                                 MISC ---->  # 18 310               # 24   60
================================================================================
NOTES:
# LAST OF SEVERAL OCCURRENCES

COLUMN 17 PEAK WIND IN M.P.H.

PRELIMINARY LOCAL CLIMATOLOGICAL DATA (WS FORM: F-6) , PAGE 2

                                          STATION:  LONG BEACH AIRPORT CA
                                          MONTH:    JUNE
                                          YEAR:     2018
                                          LATITUDE:   33 49 N
                                          LONGITUDE: 118  9 W

[TEMPERATURE DATA]      [PRECIPITATION DATA]       SYMBOLS USED IN COLUMN 16

AVERAGE MONTHLY: 69.7   TOTAL FOR MONTH:   0.00    1 = FOG OR MIST
DPTR FM NORMAL:   1.9   DPTR FM NORMAL:   -0.06    2 = FOG REDUCING VISIBILITY
HIGHEST:    89 ON 14    GRTST 24HR  0.00 ON 18-18      TO 1/4 MILE OR LESS
LOWEST:     57 ON  1                               3 = THUNDER
                        SNOW, ICE PELLETS, HAIL    4 = ICE PELLETS
                        TOTAL MONTH:   0.0 INCH    5 = HAIL
                        GRTST 24HR     0.0         6 = FREEZING RAIN OR DRIZZLE
                        GRTST DEPTH:   0           7 = DUSTSTORM OR SANDSTORM:
                                                       VSBY 1/2 MILE OR LESS
                                                   8 = SMOKE OR HAZE
[NO. OF DAYS WITH]      [WEATHER - DAYS WITH]      9 = BLOWING SNOW
                                                   X = TORNADO
MAX 32 OR BELOW:   0    0.01 INCH OR MORE:   0
MAX 90 OR ABOVE:   0    0.10 INCH OR MORE:   0
MIN 32 OR BELOW:   0    0.50 INCH OR MORE:   0
MIN  0 OR BELOW:   0    1.00 INCH OR MORE:   0

[HDD (BASE 65) ]
TOTAL THIS MO.     0    CLEAR  (SCALE 0-3)  10
DPTR FM NORMAL    -3    PTCLDY (SCALE 4-7)   6
TOTAL FM JUL 1   613    CLOUDY (SCALE 8-10)  2
DPTR FM NORMAL  -603

[CDD (BASE 65) ]
TOTAL THIS MO.    89
DPTR FM NORMAL    33    [PRESSURE DATA]
TOTAL FM JAN 1   213    HIGHEST SLP M ON M
DPTR FM NORMAL    54    LOWEST  SLP 29.67 ON M

[REMARKS]
