494
CXUS54 KFWD 220733
CF6LHB
PRELIMINARY LOCAL CLIMATOLOGICAL DATA (WS FORM: F-6)

                                          STATION:   HEARNE
                                          MONTH:     JULY
                                          YEAR:      2024
                                          LATITUDE:   30 52 N
                                          LONGITUDE:  96 36 W

  TEMPERATURE IN F:       :PCPN:    SNOW:  WIND      :SUNSHINE: SKY     :PK WND
================================================================================
1   2   3   4   5  6A  6B    7    8   9   10  11  12  13   14  15   16   17  18
                                     12Z  AVG MX 2MIN
DY MAX MIN AVG DEP HDD CDD  WTR  SNW DPTH SPD SPD DIR MIN PSBL S-S WX    SPD DR
================================================================================

 1  99  77  88   M   0  23 0.00    M    M  3.0  8 220   M    M   1         M   M
 2  99  77  88   M   0  23 0.00    M    M  4.9 10 140   M    M   0        16 170
 3  98  77  88   M   0  23 0.00    M    M  6.0 12 160   M    M   1        16 160
 4  98  78  88   M   0  23 0.00    M    M  6.3 13 200   M    M   2        16 230
 5  97  75  86   M   0  21 0.00    M    M  4.2 15 350   M    M   2        26   0
 6  97  73  85   M   0  20 0.00    M    M  5.1 14 150   M    M   3        23  80
 7  96  74  85   M   0  20 0.02    M    M  4.7 13  80   M    M   2        26  30
 8  85  72  79   M   0  14 0.50    M    M 11.6 26 340   M    M   6        35 340
 9  94  69  82   M   0  17 0.00    M    M  3.2 10 320   M    M   1         M   M
10  96  72  84   M   0  19 0.00    M    M  2.0  7 120   M    M   1         M   M
11  96  73  85   M   0  20 0.00    M    M  2.9  8 150   M    M   1        16  90
12  88  74  81   M   0  16 0.01    M    M  3.5  9 150   M    M   1 1      16 150
13  92  73  83   M   0  18 0.22    M    M  2.3  8 180   M    M   2 3       M   M
14  93  76  85   M   0  20 0.00    M    M  4.9 12 190   M    M   3        18 180
15  97  76  87   M   0  22 0.00    M    M  6.3 12 160   M    M   2 12     17 180
16  98  76  87   M   0  22 0.00    M    M  7.0 12 180   M    M   4        18 200
17  99  77  88   M   0  23 0.00    M    M  4.4  9 200   M    M   2         M   M
18  94  73  84   M   0  19 2.29    M    M  5.4 13 360   M    M   6 3      17 230
19  92  75  84   M   0  19 0.00    M    M  3.7  8 340   M    M   3         M   M
20  92  70  81   M   0  16 0.00    M    M  2.0  7  80   M    M   1         M   M
21  94  74  84   M   0  19 0.00    M    M  2.9 13 200   M    M   3        21 200
================================================================================
SM 1994 1561         0 417  3.04    M     96.5          M       47
================================================================================
AV 95.0 74.3                               4.6 FASTST   M    M   2    MAX(MPH)
                                 MISC ---->    26 340                 35 340
================================================================================
NOTES:
# LAST OF SEVERAL OCCURRENCES

COLUMN 17 PEAK WIND IN M.P.H.

PRELIMINARY LOCAL CLIMATOLOGICAL DATA (WS FORM: F-6) , PAGE 2

                                          STATION:   HEARNE
                                          MONTH:     JULY
                                          YEAR:      2024
                                          LATITUDE:   30 52 N
                                          LONGITUDE:  96 36 W

[TEMPERATURE DATA]      [PRECIPITATION DATA]       SYMBOLS USED IN COLUMN 16

AVERAGE MONTHLY: 84.6   TOTAL FOR MONTH:   3.04    1 = FOG OR MIST
DPTR FM NORMAL:   0.0   DPTR FM NORMAL:    3.04    2 = FOG REDUCING VISIBILITY
HIGHEST:    99 ON 17, 2  GRTST 24HR  2.29 ON 18-18      TO 1/4 MILE OR LESS
LOWEST:     69 ON  9                               3 = THUNDER
                        SNOW, ICE PELLETS, HAIL    4 = ICE PELLETS
                        TOTAL MONTH:  M            5 = HAIL
                        GRTST 24HR    M  ON   M    6 = FREEZING RAIN OR DRIZZLE
                        GRTST DEPTH:  M  ON   M    7 = DUSTSTORM OR SANDSTORM:
                                                       VSBY 1/2 MILE OR LESS
                                                   8 = SMOKE OR HAZE
[NO. OF DAYS WITH]      [WEATHER - DAYS WITH]      9 = BLOWING SNOW
                                                   X = TORNADO
MAX 32 OR BELOW:   0    0.01 INCH OR MORE:   5
MAX 90 OR ABOVE:  19    0.10 INCH OR MORE:   3
MIN 32 OR BELOW:   0    0.50 INCH OR MORE:   2
MIN  0 OR BELOW:   0    1.00 INCH OR MORE:   1

[HDD (BASE 65) ]
TOTAL THIS MO.     0    CLEAR  (SCALE 0-3)  18
DPTR FM NORMAL     M    PTCLDY (SCALE 4-7)   3
TOTAL FM JUL 1     0    CLOUDY (SCALE 8-10)  0
DPTR FM NORMAL     M

[CDD (BASE 65) ]
TOTAL THIS MO.   417
DPTR FM NORMAL     M    [PRESSURE DATA]
TOTAL FM JAN 1  1745    HIGHEST SLP M ON M
DPTR FM NORMAL     M    LOWEST  SLP M ON M

[REMARKS]