000
CXUS54 KFWD 230658
CF6LHB
PRELIMINARY LOCAL CLIMATOLOGICAL DATA (WS FORM: F-6)

                                          STATION:   HEARNE
                                          MONTH:     SEPTEMBER
                                          YEAR:      2018
                                          LATITUDE:   30 52 N
                                          LONGITUDE:  96 36 W

  TEMPERATURE IN F:       :PCPN:    SNOW:  WIND      :SUNSHINE: SKY     :PK WND
================================================================================
1   2   3   4   5  6A  6B    7    8   9   10  11  12  13   14  15   16   17  18
                                     12Z  AVG MX 2MIN
DY MAX MIN AVG DEP HDD CDD  WTR  SNW DPTH SPD SPD DIR MIN PSBL S-S WX    SPD DR
================================================================================

 1  97  72  85   M   0  20 0.00  0.0    0  4.2 10  70   M    M   3         M  M
 2  89  73  81   M   0  16 0.05  0.0    0  2.5  9 170   M    M   4 3       M  M
 3  86  75  81   M   0  16 0.88  0.0    0  4.0 10 140   M    M   7 3       M  M
 4  90  74  82   M   0  17 0.01  0.0    0  3.6 12 130   M    M   6 3      17 130
 5  94  72  83   M   0  18    T  0.0    0  2.1  9  80   M    M   4         M  M
 6  94  73  84   M   0  19 0.00  0.0    0  2.7 10  70   M    M   2 3       M  M
 7  90  72  81   M   0  16 0.27  0.0    0  2.5  9 130   M    M   3 3      23  20
 8  90  74  82   M   0  17 0.00  0.0    0  3.9 13 220   M    M   4 3       M  M
 9  77  73  75   M   0  10 0.55  0.0    0  2.4 12 340   M    M   9         M  M
10  75  70  73   M   0   8 0.12  0.0    0  3.0  7  10   M    M   9         M  M
11  83  72  78   M   0  13 1.24  0.0    0  4.9  9  60   M    M  10         M  M
12  86  72  79   M   0  14 0.35  0.0    0  4.2 10  50   M    M   6 1      17 120
13  90  71  81   M   0  16 0.01  0.0    0  5.5 15  80   M    M   5        20  80
14  85  73  79   M   0  14 0.00  0.0    0  4.8 12  90   M    M   5        16  90
15  92  72  82   M   0  17 0.00  0.0    0  4.7  9 180   M    M   2         M  M
16  92  71  82   M   0  17 0.00  0.0    0  2.0  8 210   M    M   1         M  M
17  92  72  82   M   0  17 0.00  0.0    0  1.3  6  90   M    M   0         M  M
18  94  71  83   M   0  18 0.00  0.0    0  2.4  9 150   M    M   1         M  M
19  94  73  84   M   0  19 0.00  0.0    0  3.5 10 160   M    M   1        16 170
20  88  73  81   M   0  16 0.21  0.0    0  3.7  9  70   M    M   3 3      21  70
21  92  73  83   M   0  18 0.67  0.0    0  5.4 10 200   M    M   6 3      18 100
22  78  70  74   M   0   9 0.11  0.0    0  5.7 10 280   M    M  10 1      23 210
================================================================================
SM 1948 1591         0 345  4.47     0.0  79.0          M      101
================================================================================
AV 88.6 72.3                               3.6 FASTST   M    M   5    MAX(MPH)
                                 MISC ---->  # 15  80               # 23   20
================================================================================
NOTES:
# LAST OF SEVERAL OCCURRENCES

COLUMN 17 PEAK WIND IN M.P.H.

PRELIMINARY LOCAL CLIMATOLOGICAL DATA (WS FORM: F-6) , PAGE 2

                                          STATION:  HEARNE
                                          MONTH:    SEPTEMBER
                                          YEAR:     2018
                                          LATITUDE:   30 52 N
                                          LONGITUDE:  96 36 W

[TEMPERATURE DATA]      [PRECIPITATION DATA]       SYMBOLS USED IN COLUMN 16

AVERAGE MONTHLY: 80.4   TOTAL FOR MONTH:   4.47    1 = FOG OR MIST
DPTR FM NORMAL:     M   DPTR FM NORMAL:       M    2 = FOG REDUCING VISIBILITY
HIGHEST:    97 ON  1    GRTST 24HR  1.24 ON 11-11      TO 1/4 MILE OR LESS
LOWEST:     70 ON 22,10                            3 = THUNDER
                        SNOW, ICE PELLETS, HAIL    4 = ICE PELLETS
                        TOTAL MONTH:   0.0 INCH    5 = HAIL
                        GRTST 24HR     0.0         6 = FREEZING RAIN OR DRIZZLE
                        GRTST DEPTH:   0           7 = DUSTSTORM OR SANDSTORM:
                                                       VSBY 1/2 MILE OR LESS
                                                   8 = SMOKE OR HAZE
[NO. OF DAYS WITH]      [WEATHER - DAYS WITH]      9 = BLOWING SNOW
                                                   X = TORNADO
MAX 32 OR BELOW:   0    0.01 INCH OR MORE:  12
MAX 90 OR ABOVE:  13    0.10 INCH OR MORE:   9
MIN 32 OR BELOW:   0    0.50 INCH OR MORE:   4
MIN  0 OR BELOW:   0    1.00 INCH OR MORE:   1

[HDD (BASE 65) ]
TOTAL THIS MO.     0    CLEAR  (SCALE 0-3)   7
DPTR FM NORMAL     M    PTCLDY (SCALE 4-7)  11
TOTAL FM JUL 1     0    CLOUDY (SCALE 8-10)  4
DPTR FM NORMAL     M

[CDD (BASE 65) ]
TOTAL THIS MO.   345
DPTR FM NORMAL     M    [PRESSURE DATA]
TOTAL FM JAN 1  2684    HIGHEST SLP M ON M
DPTR FM NORMAL     M    LOWEST  SLP M ON M

[REMARKS]
