000
CXUS51 KILN 211127
CF6LHQ
PRELIMINARY LOCAL CLIMATOLOGICAL DATA (WS FORM: F-6)

                                          STATION:   LANCASTER      ASOS
                                          MONTH:     OCTOBER
                                          YEAR:      2019
                                          LATITUDE:   39 45 N
                                          LONGITUDE:  82 40 W

  TEMPERATURE IN F:       :PCPN:    SNOW:  WIND      :SUNSHINE: SKY     :PK WND
================================================================================
1   2   3   4   5  6A  6B    7    8   9   10  11  12  13   14  15   16   17  18
                                     12Z  AVG MX 2MIN
DY MAX MIN AVG DEP HDD CDD  WTR  SNW DPTH SPD SPD DIR MIN PSBL S-S WX    SPD DR
================================================================================

 1  93  64  79  20   0  14 0.00    M    M  4.3 21 230   M    M   3 1      26 230
 2  92  65  79  20   0  14 0.00    M    M  7.3 22 260   M    M   2        28 270
 3  93  62  78  20   0  13 0.00    M    M  8.0 20 260   M    M   2        27 240
 4  71  50  61   3   4   0 0.00    M    M  7.6 17  20   M    M   4        22  30
 5  76  41  59   1   6   0 0.00    M    M  5.6 14 140   M    M   0        19 150
 6  76  57  67  10   0   2 0.28    M    M  7.0 16 210   M    M   8 1      24 210
 7  61  46  54  -3  11   0 0.24    M    M  1.5  7 290   M    M   7 12     10 340
 8  70  44  57   1   8   0 0.00    M    M  4.7 16 100   M    M   4 12     22  80
 9  73  41  57   1   8   0 0.00    M    M  3.3 12 110   M    M   3 1      16 110
10  78  45  62   6   3   0 0.00    M    M  2.1  9 150   M    M   0 1      13 150
11  78  48  63   8   2   0 0.01    M    M  6.0 20 290   M    M   6 1      24 290
12  57  33  45 -10  20   0 0.04    M    M  7.8 18 290   M    M   3 1      24 280
13  68  30  49  -6  16   0 0.00    M    M  6.4 16 220   M    M   0        22 230
14  66  36  51  -3  14   0 0.00    M    M  5.1 17 250   M    M   0 1      23 240
15  74  31  53  -1  12   0 0.00    M    M  4.6 16 180   M    M   0 1      21 170
16  66  47  57   3   8   0 0.30    M    M 12.7 24 280   M    M   9 13     31 270
17  56  43  50  -3  15   0 0.00    M    M 11.0 21 310   M    M   7        27 330
18  61  29  45  -8  20   0 0.00    M    M  0.9  7 140   M    M   0 1      10 310
19  67  28  48  -5  17   0 0.00    M    M  3.8 12 130   M    M   0 1      15 150
20  75  46  61   9   4   0 0.00    M    M  1.9  9 210   M    M   4 1      11 210
================================================================================
SM 1451  886       168  43  0.87    M    111.6          M       62
================================================================================
AV 72.6 44.3                               5.6 FASTST   M    M   3    MAX(MPH)
                                 MISC ---->  # 24 280               # 31  270
================================================================================
NOTES:
# LAST OF SEVERAL OCCURRENCES

COLUMN 17 PEAK WIND IN M.P.H.

PRELIMINARY LOCAL CLIMATOLOGICAL DATA (WS FORM: F-6) , PAGE 2

                                          STATION:  LANCASTER      ASOS
                                          MONTH:    OCTOBER
                                          YEAR:     2019
                                          LATITUDE:   39 45 N
                                          LONGITUDE:  82 40 W

[TEMPERATURE DATA]      [PRECIPITATION DATA]       SYMBOLS USED IN COLUMN 16

AVERAGE MONTHLY: 58.4   TOTAL FOR MONTH:   0.87    1 = FOG OR MIST
DPTR FM NORMAL:   2.8   DPTR FM NORMAL:   -0.99    2 = FOG REDUCING VISIBILITY
HIGHEST:    93 ON  3, 1 GRTST 24HR  0.30 ON 16-16      TO 1/4 MILE OR LESS
LOWEST:     28 ON 19                               3 = THUNDER
                        SNOW, ICE PELLETS, HAIL    4 = ICE PELLETS
                        TOTAL MONTH:    M          5 = HAIL
                        GRTST 24HR    M  ON   M    6 = FREEZING RAIN OR DRIZZLE
                        GRTST DEPTH:  M  ON   M    7 = DUSTSTORM OR SANDSTORM:
                                                       VSBY 1/2 MILE OR LESS
                                                   8 = SMOKE OR HAZE
[NO. OF DAYS WITH]      [WEATHER - DAYS WITH]      9 = BLOWING SNOW
                                                   X = TORNADO
MAX 32 OR BELOW:   0    0.01 INCH OR MORE:   5
MAX 90 OR ABOVE:   3    0.10 INCH OR MORE:   3
MIN 32 OR BELOW:   4    0.50 INCH OR MORE:   0
MIN  0 OR BELOW:   0    1.00 INCH OR MORE:   0

[HDD (BASE 65) ]
TOTAL THIS MO.   168    CLEAR  (SCALE 0-3)   9
DPTR FM NORMAL   -20    PTCLDY (SCALE 4-7)  10
TOTAL FM JUL 1   179    CLOUDY (SCALE 8-10)  1
DPTR FM NORMAL   -51

[CDD (BASE 65) ]
TOTAL THIS MO.    43
DPTR FM NORMAL    43    [PRESSURE DATA]
TOTAL FM JAN 1  1043    HIGHEST SLP M ON M
DPTR FM NORMAL   310    LOWEST  SLP 29.64 ON 16

[REMARKS]
