980
CXUS51 KILN 270539
CF6LHQ
PRELIMINARY LOCAL CLIMATOLOGICAL DATA (WS FORM: F-6)

                                          STATION:   LANCASTER      ASOS
                                          MONTH:     MAY
                                          YEAR:      2024
                                          LATITUDE:   39 45 N
                                          LONGITUDE:  82 40 W

  TEMPERATURE IN F:       :PCPN:    SNOW:  WIND      :SUNSHINE: SKY     :PK WND
================================================================================
1   2   3   4   5  6A  6B    7    8   9   10  11  12  13   14  15   16   17  18
                                     12Z  AVG MX 2MIN
DY MAX MIN AVG DEP HDD CDD  WTR  SNW DPTH SPD SPD DIR MIN PSBL S-S WX    SPD DR
================================================================================

 1  81  45  63   5   2   0 0.00    M    M  4.3 18 230   M    M   1 1      22 220
 2  87  54  71  13   0   6 0.00    M    M  2.8 12 260   M    M   0        16 240
 3  76  60  68  10   0   3 0.07    M    M  3.4 14 300   M    M   5 1      17 290
 4  76  64  70  12   0   5 0.13    M    M  6.0 15 150   M    M   8 13     19 140
 5  79  62  71  12   0   6 0.00    M    M  5.0 13 270   M    M   7 18     16 270
 6  71  60  66   7   0   1 0.01    M    M  4.6 10  60   M    M   8 1      13  50
 7  79  62  71  11   0   6 0.18    M    M  6.2 16 190   M    M   7 18     30 190
 8  81  62  72  12   0   7 0.17    M    M  5.4 20 230   M    M   2 13     27 230
 9  74  55  65   5   0   0 0.75    M    M  5.8 17  30   M    M   9 13     24 340
10  67  43  55  -5  10   0 0.02    M    M  6.7 18 320   M    M   6        23 310
11  68  43  56  -5   9   0 0.14    M    M  8.9 24 280   M    M   5 1      34 250
12  72  39  56  -5   9   0 0.00    M    M  4.2 13 330   M    M   0        18 310
13  80  48  64   3   1   0 0.00    M    M  6.3 16 160   M    M   0        21 190
14  68  54  61  -1   4   0 0.12    M    M  4.4 13 120   M    M   9 1      14 130
15  73  60  67   5   0   2 0.35    M    M  5.8 15  40   M    M   7 1      19  30
16  80  52  66   4   0   1 0.00    M    M  2.5  9 150   M    M   1 1      11 240
17  73  64  69   7   0   4 0.23    M    M  5.9 15 250   M    M   8 1      23 250
18  84  56  70   7   0   5 0.00    M    M  2.1  8 360   M    M   4 1      10 360
19  88  57  73  10   0   8 0.00    M    M  2.2 13  50   M    M   1 12     17  40
20  90  57  74  11   0   9 0.00    M    M  3.8 10 180   M    M   0 18     14 270
21  90  61  76  12   0  11 0.00    M    M  6.2 16 220   M    M   1        21 210
22  82  70  76  12   0  11 0.04    M    M 11.1 23 190   M    M   2        29 190
23  81  63  72   8   0   7 0.00    M    M  5.4 15 160   M    M   3        19 160
24  86  63  75  10   0  10 0.00    M    M  5.3 12 220   M    M   2        21 220
25  88  63  76  11   0  11    T    M    M  4.7 16 240   M    M   3        21 240
26  84  60  72   7   0   7 0.21    M    M  8.5 35 180   M    M   3 13     45 180
================================================================================
SM 2058 1477        35 120  2.42    M    137.5          M      102
================================================================================
AV 79.2 56.8                               5.3 FASTST   M    M   4    MAX(MPH)
                                 MISC ---->    35 180                 45 180
================================================================================
NOTES:
# LAST OF SEVERAL OCCURRENCES

COLUMN 17 PEAK WIND IN M.P.H.

PRELIMINARY LOCAL CLIMATOLOGICAL DATA (WS FORM: F-6) , PAGE 2

                                          STATION:   LANCASTER      ASOS
                                          MONTH:     MAY
                                          YEAR:      2024
                                          LATITUDE:   39 45 N
                                          LONGITUDE:  82 40 W

[TEMPERATURE DATA]      [PRECIPITATION DATA]       SYMBOLS USED IN COLUMN 16

AVERAGE MONTHLY: 68.0   TOTAL FOR MONTH:   2.42    1 = FOG OR MIST
DPTR FM NORMAL:   6.6   DPTR FM NORMAL:   -0.74    2 = FOG REDUCING VISIBILITY
HIGHEST:    90 ON 21,20  GRTST 24HR  0.75 ON  9- 9      TO 1/4 MILE OR LESS
LOWEST:     39 ON 12                               3 = THUNDER
                        SNOW, ICE PELLETS, HAIL    4 = ICE PELLETS
                        TOTAL MONTH:  M            5 = HAIL
                        GRTST 24HR    M  ON   M    6 = FREEZING RAIN OR DRIZZLE
                        GRTST DEPTH:  M  ON   M    7 = DUSTSTORM OR SANDSTORM:
                                                       VSBY 1/2 MILE OR LESS
                                                   8 = SMOKE OR HAZE
[NO. OF DAYS WITH]      [WEATHER - DAYS WITH]      9 = BLOWING SNOW
                                                   X = TORNADO
MAX 32 OR BELOW:   0    0.01 INCH OR MORE:  13
MAX 90 OR ABOVE:   2    0.10 INCH OR MORE:   9
MIN 32 OR BELOW:   0    0.50 INCH OR MORE:   1
MIN  0 OR BELOW:   0    1.00 INCH OR MORE:   0

[HDD (BASE 65) ]
TOTAL THIS MO.    35    CLEAR  (SCALE 0-3)  14
DPTR FM NORMAL  -107    PTCLDY (SCALE 4-7)   9
TOTAL FM JUL 1  4359    CLOUDY (SCALE 8-10)  3
DPTR FM NORMAL -1082

[CDD (BASE 65) ]
TOTAL THIS MO.   120
DPTR FM NORMAL    70    [PRESSURE DATA]
TOTAL FM JAN 1   141    HIGHEST SLP M ON M
DPTR FM NORMAL    81    LOWEST  SLP 29.67 ON 15

[REMARKS]